000
CXUS56 KLOX 011155
CF6SBP
PRELIMINARY LOCAL CLIMATOLOGICAL DATA (WS FORM: F-6)
STATION: SAN LUIS OBISPO AIRPORT CA
MONTH: MAY
YEAR: 2022
LATITUDE: 35 13 N
LONGITUDE: 120 38 W
TEMPERATURE IN F: :PCPN: SNOW: WIND :SUNSHINE: SKY :PK WND
================================================================================
1 2 3 4 5 6A 6B 7 8 9 10 11 12 13 14 15 16 17 18
12Z AVG MX 2MIN
DY MAX MIN AVG DEP HDD CDD WTR SNW DPTH SPD SPD DIR MIN PSBL S-S WX SPD DR
================================================================================
1 68 45 57 -1 8 0 0.00 M M 12.1 30 310 M M 0 34 320
2 69 43 56 -3 9 0 0.00 M M 9.6 29 310 M M 2 12 33 310
3 77 43 60 1 5 0 0.00 M M 11.2 28 310 M M 0 33 310
4 78 44 61 2 4 0 0.00 M M 6.0 18 320 M M 1 1 21 310
5 73 46 60 1 5 0 0.00 M M 6.8 21 310 M M 4 12 24 300
6 72 47 60 1 5 0 0.00 M M 11.0 30 320 M M 2 1 35 320
7 70 50 60 1 5 0 0.00 M M 14.3 31 310 M M 2 12 36 300
8 64 45 55 -4 10 0 0.00 M M 15.5 32 310 M M 0 44 310
9 63 48 56 -3 9 0 0.00 M M 15.1 30 310 M M 0 35 320
10 63 40 52 -7 13 0 0.00 M M 12.1 29 300 M M 1 37 300
11 65 45 55 -4 10 0 0.00 M M 13.4 32 310 M M 0 37 310
12 73 43 58 -2 7 0 0.00 M M 14.1 30 320 M M 0 36 320
13 88 56 72 12 0 7 0.00 M M 10.8 26 320 M M 0 33 330
14 81 53 67 7 0 2 0.00 M M 12.7 26 320 M M 0 31 320
15 69 50 60 0 5 0 0.00 M M 9.4 25 310 M M 0 29 310
16 67 48 58 -2 7 0 0.00 M M 12.2 26 310 M M 2 1 31 310
17 68 45 57 -3 8 0 0.00 M M 10.0 28 310 M M 2 1 33 310
18 78 46 62 2 3 0 0.00 M M 8.7 25 310 M M 1 1 30 310
19 85 52 69 9 0 4 0.00 M M 8.9 24 310 M M 0 8 29 320
20 70 47 59 -1 6 0 0.00 M M 6.7 16 220 M M 1 8 20 220
21 75 45 60 0 5 0 0.00 M M 5.3 17 310 M M 1 8 20 310
22 72 49 61 1 4 0 0.00 M M 7.5 24 310 M M 3 27 310
23 82 46 64 3 1 0 0.00 M M 8.4 26 310 M M 0 32 320
24 77 49 63 2 2 0 0.00 M M 4.2 10 140 M M 0 1 14 150
25 79 53 66 5 0 1 0.00 M M 4.5 13 270 M M 4 1 17 270
26 70 55 63 2 2 0 0.00 M M 4.9 15 210 M M 8 1 20 210
27 72 54 63 2 2 0 0.00 M M 7.5 20 310 M M 4 24 310
28 71 53 62 1 3 0 0.00 M M 11.6 25 310 M M 3 30 310
29 73 51 62 1 3 0 0.00 M M 13.0 31 310 M M 2 1 36 310
30 70 48 59 -2 6 0 0.00 M M 12.7 28 310 M M 0 18 33 310
31 73 44 59 -2 6 0 0.00 M M 9.9 25 320 M M 0 18 32 320
================================================================================
SM 2255 1483 153 14 0.00 M 310.1 M 43
================================================================================
AV 72.7 47.8 10.0 FASTST M M 1 MAX(MPH)
MISC ----> # 32 310 44 310
================================================================================
NOTES:
# LAST OF SEVERAL OCCURRENCES
COLUMN 17 PEAK WIND IN M.P.H.
PRELIMINARY LOCAL CLIMATOLOGICAL DATA (WS FORM: F-6) , PAGE 2
STATION: SAN LUIS OBISPO AIRPORT CA
MONTH: MAY
YEAR: 2022
LATITUDE: 35 13 N
LONGITUDE: 120 38 W
[TEMPERATURE DATA] [PRECIPITATION DATA] SYMBOLS USED IN COLUMN 16
AVERAGE MONTHLY: 60.3 TOTAL FOR MONTH: 0.00 1 = FOG OR MIST
DPTR FM NORMAL: 0.4 DPTR FM NORMAL: -0.47 2 = FOG REDUCING VISIBILITY
HIGHEST: 88 ON 13 GRTST 24HR 0.00 ON 1- 1 TO 1/4 MILE OR LESS
LOWEST: 40 ON 10 3 = THUNDER
SNOW, ICE PELLETS, HAIL 4 = ICE PELLETS
TOTAL MONTH: M 5 = HAIL
GRTST 24HR M ON M 6 = FREEZING RAIN OR DRIZZLE
GRTST DEPTH: M ON M 7 = DUSTSTORM OR SANDSTORM:
VSBY 1/2 MILE OR LESS
8 = SMOKE OR HAZE
[NO. OF DAYS WITH] [WEATHER - DAYS WITH] 9 = BLOWING SNOW
X = TORNADO
MAX 32 OR BELOW: 0 0.01 INCH OR MORE: 0
MAX 90 OR ABOVE: 0 0.10 INCH OR MORE: 0
MIN 32 OR BELOW: 0 0.50 INCH OR MORE: 0
MIN 0 OR BELOW: 0 1.00 INCH OR MORE: 0
[HDD (BASE 65) ]
TOTAL THIS MO. 153 CLEAR (SCALE 0-3) 26
DPTR FM NORMAL -18 PTCLDY (SCALE 4-7) 4
TOTAL FM JUL 1 1731 CLOUDY (SCALE 8-10) 1
DPTR FM NORMAL -455
[CDD (BASE 65) ]
TOTAL THIS MO. 14
DPTR FM NORMAL 1 [PRESSURE DATA]
TOTAL FM JAN 1 62 HIGHEST SLP 30.28 ON 12
DPTR FM NORMAL 35 LOWEST SLP 29.77 ON 20
[REMARKS]
#FINAL-05-22#