000
CXUS53 KLMK 010810
CF6SDF
PRELIMINARY LOCAL CLIMATOLOGICAL DATA (WS FORM: F-6)
STATION: LOUISVILLE KY
MONTH: DECEMBER
YEAR: 2021
LATITUDE: 38 10 N
LONGITUDE: 85 44 W
TEMPERATURE IN F: :PCPN: SNOW: WIND :SUNSHINE: SKY :PK WND
================================================================================
1 2 3 4 5 6A 6B 7 8 9 10 11 12 13 14 15 16 17 18
12Z AVG MX 2MIN
DY MAX MIN AVG DEP HDD CDD WTR SNW DPTH SPD SPD DIR MIN PSBL S-S WX SPD DR
================================================================================
1 61 37 49 6 16 0 T 0.0 0 6.6 20 220 M M 8 27 210
2 71 51 61 18 4 0 0.00 0.0 0 10.5 21 240 M M 7 27 230
3 73 42 58 15 7 0 0.00 0.0 0 3.4 12 220 M M 2 16 210
4 59 41 50 8 15 0 0.00 0.0 0 7.6 15 30 M M 4 20 40
5 69 40 55 13 10 0 0.12 0.0 0 9.9 22 200 M M 7 3 33 180
6 65 30 48 6 17 0 0.94 0.0 0 13.0 31 310 M M 6 13 47 300
7 36 29 33 -9 32 0 0.00 0.0 0 5.5 17 350 M M 9 22 350
8 48 29 39 -2 26 0 0.00 0.0 0 6.4 20 280 M M 5 24 270
9 64 30 47 6 18 0 0.00 0.0 0 9.3 24 220 M M 8 35 200
10 68 50 59 18 6 0 0.25 0.0 0 11.0 29 180 M M 9 13 38 180
11 70 36 53 12 12 0 0.92 0.0 0 16.5 35 200 M M 7 13 53 290
12 51 29 40 0 25 0 0.00 0.0 0 5.5 14 200 M M 1 17 200
13 57 30 44 4 21 0 0.00 0.0 0 6.1 16 230 M M 1 21 220
14 61 35 48 8 17 0 0.00 0.0 0 6.1 10 130 M M 4 14 140
15 70 50 60 20 5 0 0.00 0.0 0 11.7 23 180 M M 9 31 180
16 66 47 57 17 8 0 0.23 0.0 0 13.8 25 180 M M 9 1 37 200
17 50 42 46 7 19 0 0.53 0.0 0 5.7 12 60 M M 10 1 15 70
18 62 39 51 12 14 0 0.07 0.0 0 10.2 23 300 M M 10 1 30 300
19 39 32 36 -3 29 0 0.00 0.0 0 6.7 17 360 M M 7 25 10
20 47 26 37 -2 28 0 0.00 0.0 0 1.9 9 170 M M 2 14 140
21 51 30 41 3 24 0 0.00 0.0 0 5.0 13 230 M M 5 17 240
22 42 30 36 -2 29 0 0.00 0.0 0 6.3 20 320 M M 0 30 320
23 58 27 43 5 22 0 0.00 0.0 0 9.1 17 200 M M 5 26 190
24 66 54 60 22 5 0 0.00 0.0 0 14.0 25 210 M M 9 38 210
25 75 52 64 26 1 0 T 0.0 0 14.0 25 250 M M 8 35 260
26 59 50 55 17 10 0 0.00 0.0 0 5.4 12 130 M M 9 15 130
27 74 54 64 27 1 0 0.01 0.0 0 11.4 23 220 M M 9 33 220
28 70 43 57 20 8 0 0.30 0.0 0 10.2 24 300 M M 10 1 32 300
29 57 49 53 16 12 0 0.24 0.0 0 6.0 13 360 M M 10 1 17 20
30 54 48 51 14 14 0 T 0.0 0 4.1 10 220 M M 10 1 13 220
31 68 48 58 21 7 0 0.15 0.0 0 8.3 17 190 M M 9 1 24 190
================================================================================
SM 1861 1230 462 0 3.76 0.0 261.2 M 209
================================================================================
AV 60.0 39.7 8.4 FASTST M M 7 MAX(MPH)
MISC ----> 35 200 53 290
================================================================================
NOTES:
# LAST OF SEVERAL OCCURRENCES
COLUMN 17 PEAK WIND IN M.P.H.
PRELIMINARY LOCAL CLIMATOLOGICAL DATA (WS FORM: F-6) , PAGE 2
STATION: LOUISVILLE KY
MONTH: DECEMBER
YEAR: 2021
LATITUDE: 38 10 N
LONGITUDE: 85 44 W
[TEMPERATURE DATA] [PRECIPITATION DATA] SYMBOLS USED IN COLUMN 16
AVERAGE MONTHLY: 49.9 TOTAL FOR MONTH: 3.76 1 = FOG OR MIST
DPTR FM NORMAL: 10.3 DPTR FM NORMAL: -0.37 2 = FOG REDUCING VISIBILITY
HIGHEST: 75 ON 25 GRTST 24HR 1.17 ON 10-11 TO 1/4 MILE OR LESS
LOWEST: 26 ON 20 3 = THUNDER
SNOW, ICE PELLETS, HAIL 4 = ICE PELLETS
TOTAL MONTH: 0.0 INCH 5 = HAIL
GRTST 24HR 0.0 6 = FREEZING RAIN OR DRIZZLE
GRTST DEPTH: 0 7 = DUSTSTORM OR SANDSTORM:
VSBY 1/2 MILE OR LESS
8 = SMOKE OR HAZE
[NO. OF DAYS WITH] [WEATHER - DAYS WITH] 9 = BLOWING SNOW
X = TORNADO
MAX 32 OR BELOW: 0 0.01 INCH OR MORE: 11
MAX 90 OR ABOVE: 0 0.10 INCH OR MORE: 9
MIN 32 OR BELOW: 11 0.50 INCH OR MORE: 3
MIN 0 OR BELOW: 0 1.00 INCH OR MORE: 0
[HDD (BASE 65) ]
TOTAL THIS MO. 462 CLEAR (SCALE 0-3) 5
DPTR FM NORMAL -324 PTCLDY (SCALE 4-7) 13
TOTAL FM JUL 1 1134 CLOUDY (SCALE 8-10) 13
DPTR FM NORMAL -372
[CDD (BASE 65) ]
TOTAL THIS MO. 0
DPTR FM NORMAL 0 [PRESSURE DATA]
TOTAL FM JAN 1 1920 HIGHEST SLP 30.45 ON 14
DPTR FM NORMAL 177 LOWEST SLP 29.51 ON 11
[REMARKS]
#FINAL-12-21#