000
CXUS55 KPSR 011005
CF6SDL
PRELIMINARY LOCAL CLIMATOLOGICAL DATA (WS FORM: F-6)
STATION: SCOTTSDALE AZ
MONTH: JUNE
YEAR: 2021
LATITUDE: 33 37 N
LONGITUDE: 111 54 W
TEMPERATURE IN F: :PCPN: SNOW: WIND :SUNSHINE: SKY :PK WND
================================================================================
1 2 3 4 5 6A 6B 7 8 9 10 11 12 13 14 15 16 17 18
12Z AVG MX 2MIN
DY MAX MIN AVG DEP HDD CDD WTR SNW DPTH SPD SPD DIR MIN PSBL S-S WX SPD DR
================================================================================
1 102 77 90 5 0 25 0.00 M M 4.7 14 230 M M 0 21 260
2 103 75 89 4 0 24 0.00 M M 5.7 16 260 M M 0 24 230
3 105 78 92 7 0 27 0.00 M M 6.8 17 260 M M 0 25 230
4 105 79 92 6 0 27 0.00 M M 6.3 17 240 M M 0 25 220
5 105 76 91 5 0 26 0.00 M M 6.6 20 240 M M 0 27 220
6 103 76 90 4 0 25 0.00 M M 6.1 15 260 M M 0 22 180
7 101 74 88 1 0 23 0.00 M M 5.4 18 240 M M 0 27 220
8 96 73 85 -2 0 20 0.00 M M 4.6 14 190 M M 0 21 190
9 100 70 85 -2 0 20 0.00 M M 2.8 12 200 M M 0 27 210
10 99 74 87 -1 0 22 0.00 M M 5.2 15 260 M M 0 19 260
11 103 70 87 -1 0 22 0.00 M M 3.9 12 250 M M 0 15 240
12 108 70 89 1 0 24 0.00 M M 3.0 12 260 M M 0 15 270
13 113 75 94 5 0 29 0.00 M M 4.2 14 240 M M 0 21 230
14 112 78 95 6 0 30 0.00 M M 2.7 10 250 M M 0 8 14 250
15 114 81 98 9 0 33 T M M 5.5 36 80 M M 0 38 50 80
16 112 89 101 11 0 36 0.00 M M 3.9 12 240 M M 0 16 240
17 115 90 103 13 0 38 0.00 M M 4.5 17 140 M M 0 23 140
18 115 90 103 13 0 38 0.00 M M 5.6 13 260 M M 0 19 170
19 113 90 102 12 0 37 0.00 M M 7.5 17 260 M M 0 24 270
20 112 89 101 10 0 36 0.00 M M 7.9 21 240 M M 0 28 240
21 107 86 97 6 0 32 0.00 M M 6.9 17 240 M M 0 25 220
22 107 84 96 5 0 31 T M M 6.7 18 110 M M 1 27 240
23 93 76 85 -6 0 20 T M M 2.8 12 100 M M 3 3 18 100
24 104 76 90 -2 0 25 0.00 M M 4.5 13 250 M M 1 17 230
25 105 78 92 0 0 27 0.00 M M 4.2 17 210 M M 0 23 200
26 107 79 93 1 0 28 0.00 M M 3.7 13 210 M M 0 16 260
27 113 82 98 6 0 33 0.00 M M 4.2 16 50 M M 0 8 19 30
28 107 89 98 6 0 33 0.00 M M 8.9 18 90 M M 0 28 80
29 104 86 95 3 0 30 0.00 M M 8.4 31 40 M M 0 38 40
30 103 86 95 2 0 30 0.00 M M 7.9 31 40 M M 0 39 30
================================================================================
SM 3186 2396 0 851 T M 161.1 M 5
================================================================================
AV106.2 79.9 5.4 FASTST M M 0 MAX(MPH)
MISC ----> 36 80 50 80
================================================================================
NOTES:
# LAST OF SEVERAL OCCURRENCES
COLUMN 17 PEAK WIND IN M.P.H.
PRELIMINARY LOCAL CLIMATOLOGICAL DATA (WS FORM: F-6) , PAGE 2
STATION: SCOTTSDALE AZ
MONTH: JUNE
YEAR: 2021
LATITUDE: 33 37 N
LONGITUDE: 111 54 W
[TEMPERATURE DATA] [PRECIPITATION DATA] SYMBOLS USED IN COLUMN 16
AVERAGE MONTHLY: 93.0 TOTAL FOR MONTH: T 1 = FOG OR MIST
DPTR FM NORMAL: 3.9 DPTR FM NORMAL: -0.05 2 = FOG REDUCING VISIBILITY
HIGHEST: 115 ON 18,17 GRTST 24HR T ON 15-15 TO 1/4 MILE OR LESS
LOWEST: 70 ON 12,11 3 = THUNDER
SNOW, ICE PELLETS, HAIL 4 = ICE PELLETS
TOTAL MONTH: M 5 = HAIL
GRTST 24HR M ON M 6 = FREEZING RAIN OR DRIZZLE
GRTST DEPTH: M ON M 7 = DUSTSTORM OR SANDSTORM:
VSBY 1/2 MILE OR LESS
8 = SMOKE OR HAZE
[NO. OF DAYS WITH] [WEATHER - DAYS WITH] 9 = BLOWING SNOW
X = TORNADO
MAX 32 OR BELOW: 0 0.01 INCH OR MORE: 0
MAX 90 OR ABOVE: 30 0.10 INCH OR MORE: 0
MIN 32 OR BELOW: 0 0.50 INCH OR MORE: 0
MIN 0 OR BELOW: 0 1.00 INCH OR MORE: 0
[HDD (BASE 65) ]
TOTAL THIS MO. 0 CLEAR (SCALE 0-3) 30
DPTR FM NORMAL 0 PTCLDY (SCALE 4-7) 0
TOTAL FM JUL 1 1075 CLOUDY (SCALE 8-10) 0
DPTR FM NORMAL -65
[CDD (BASE 65) ]
TOTAL THIS MO. 851
DPTR FM NORMAL 128 [PRESSURE DATA]
TOTAL FM JAN 1 1683 HIGHEST SLP 29.92 ON 9
DPTR FM NORMAL 265 LOWEST SLP 29.45 ON 27
[REMARKS]
#FINAL-06-21#