000
CXUS56 KSGX 011145
CF6SDM
PRELIMINARY LOCAL CLIMATOLOGICAL DATA (WS FORM: F-6)
STATION: SAN DIEGO/BROWN
MONTH: DECEMBER
YEAR: 2021
LATITUDE: 32 34 N
LONGITUDE: 116 59 W
TEMPERATURE IN F: :PCPN: SNOW: WIND :SUNSHINE: SKY :PK WND
================================================================================
1 2 3 4 5 6A 6B 7 8 9 10 11 12 13 14 15 16 17 18
12Z AVG MX 2MIN
DY MAX MIN AVG DEP HDD CDD WTR SNW DPTH SPD SPD DIR MIN PSBL S-S WX SPD DR
================================================================================
1 76 47 62 6 3 0 0.00 M M 2.3 13 270 M M 5 128 15 260
2 64 52 58 2 7 0 0.00 M M 2.5 9 280 M M 6 128 13 290
3 65 51 58 2 7 0 0.00 M M 2.8 12 280 M M 6 128 14 280
4 65 51 58 2 7 0 0.00 M M 3.9 13 270 M M 5 18 17 280
5 67 48 58 2 7 0 0.00 M M 3.8 10 270 M M 5 18 13 280
6 67 43 55 -1 10 0 0.00 M M 3.3 9 290 M M 2 128 14 320
7 60 50 55 -1 10 0 0.02 M M 5.8 17 130 M M 8 18 19 130
8 69 50 60 5 5 0 T M M 3.8 12 270 M M 4 18 15 260
9 61 53 57 2 8 0 0.39 M M 5.8 15 270 M M 9 1 21 290
10 60 47 54 -1 11 0 0.00 M M 3.7 10 110 M M 3 1 12 250
11 69 40 55 0 10 0 0.00 M M 6.0 17 150 M M 0 20 150
12 66 41 54 -1 11 0 0.00 M M 5.8 12 260 M M 0 1 17 280
13 58 43 51 -4 14 0 0.00 M M 5.8 12 130 M M 8 18 13 150
14 60 49 55 0 10 0 1.07 M M 13.7 32 170 M M 9 1 43 170
15 59 39 49 -6 16 0 0.00 M M 3.5 13 270 M M 2 16 270
16 60 36 48 -7 17 0 0.01 M M 4.9 14 280 M M 3 18 18 280
17 67 45 56 1 9 0 0.00 M M 3.6 10 280 M M 2 1 13 270
18 71 37 54 -1 11 0 0.00 M M 4.0 9 270 M M 0 12 270
19 66 37 52 -3 13 0 0.00 M M 4.0 9 280 M M 0 13 280
20 70 35 53 -2 12 0 0.00 M M 3.6 8 130 M M 0 8 12 280
21 67 49 58 3 7 0 0.00 M M 3.8 9 120 M M 1 18 11 120
22 67 46 57 2 8 0 0.00 M M 2.5 9 280 M M 0 18 13 280
23 68 53 61 6 4 0 0.52 M M 8.1 28 120 M M 9 18 32 130
24 61 50 56 1 9 0 0.34 M M 10.9 29 260 M M 8 1 41 250
25 58 51 55 0 10 0 0.21 M M 5.9 14 230 M M 8 1 18 220
26 59 44 52 -3 13 0 0.27 M M 4.5 14 280 M M 5 1 18 280
27 56 39 48 -7 17 0 0.10 M M 6.4 16 250 M M 7 1 21 250
28 55 48 52 -3 13 0 0.40 M M 4.8 14 250 M M 9 1 20 260
29 57 44 51 -4 14 0 0.12 M M 9.4 17 160 M M 7 18 23 190
30 64 51 58 3 7 0 T M M 7.7 18 150 M M 6 23 150
31 61 51 56 1 9 0 0.02 M M 6.6 14 280 M M 9 1 20 280
================================================================================
SM 1973 1420 309 0 3.47 M 163.2 M 146
================================================================================
AV 63.6 45.8 5.3 FASTST M M 5 MAX(MPH)
MISC ----> 32 170 43 170
================================================================================
NOTES:
# LAST OF SEVERAL OCCURRENCES
COLUMN 17 PEAK WIND IN M.P.H.
PRELIMINARY LOCAL CLIMATOLOGICAL DATA (WS FORM: F-6) , PAGE 2
STATION: SAN DIEGO/BROWN
MONTH: DECEMBER
YEAR: 2021
LATITUDE: 32 34 N
LONGITUDE: 116 59 W
[TEMPERATURE DATA] [PRECIPITATION DATA] SYMBOLS USED IN COLUMN 16
AVERAGE MONTHLY: 54.7 TOTAL FOR MONTH: 3.47 1 = FOG OR MIST
DPTR FM NORMAL: -0.6 DPTR FM NORMAL: 1.65 2 = FOG REDUCING VISIBILITY
HIGHEST: 76 ON 1 GRTST 24HR 1.07 ON 14-14 TO 1/4 MILE OR LESS
LOWEST: 35 ON 20 3 = THUNDER
SNOW, ICE PELLETS, HAIL 4 = ICE PELLETS
TOTAL MONTH: M 5 = HAIL
GRTST 24HR M ON M 6 = FREEZING RAIN OR DRIZZLE
GRTST DEPTH: M ON M 7 = DUSTSTORM OR SANDSTORM:
VSBY 1/2 MILE OR LESS
8 = SMOKE OR HAZE
[NO. OF DAYS WITH] [WEATHER - DAYS WITH] 9 = BLOWING SNOW
X = TORNADO
MAX 32 OR BELOW: 0 0.01 INCH OR MORE: 12
MAX 90 OR ABOVE: 0 0.10 INCH OR MORE: 9
MIN 32 OR BELOW: 0 0.50 INCH OR MORE: 2
MIN 0 OR BELOW: 0 1.00 INCH OR MORE: 1
[HDD (BASE 65) ]
TOTAL THIS MO. 309 CLEAR (SCALE 0-3) 10
DPTR FM NORMAL 5 PTCLDY (SCALE 4-7) 14
TOTAL FM JUL 1 471 CLOUDY (SCALE 8-10) 7
DPTR FM NORMAL -53
[CDD (BASE 65) ]
TOTAL THIS MO. 0
DPTR FM NORMAL -2 [PRESSURE DATA]
TOTAL FM JAN 1 1063 HIGHEST SLP 30.26 ON 15
DPTR FM NORMAL 329 LOWEST SLP 29.68 ON 31
[REMARKS]
#FINAL-12-21#