000
CXUS54 KFWD 010830
CF6SEP
PRELIMINARY LOCAL CLIMATOLOGICAL DATA (WS FORM: F-6)
STATION: STEPHENVILLE
MONTH: DECEMBER
YEAR: 2021
LATITUDE: 32 13 N
LONGITUDE: 98 11 W
TEMPERATURE IN F: :PCPN: SNOW: WIND :SUNSHINE: SKY :PK WND
================================================================================
1 2 3 4 5 6A 6B 7 8 9 10 11 12 13 14 15 16 17 18
12Z AVG MX 2MIN
DY MAX MIN AVG DEP HDD CDD WTR SNW DPTH SPD SPD DIR MIN PSBL S-S WX SPD DR
================================================================================
1 77 47 62 14 3 0 0.00 M M 2.8 8 280 M M 0 M M
2 81 41 61 13 4 0 0.00 M M 3.3 7 160 M M 0 M M
3 83 56 70 23 0 5 0.00 M M 6.6 14 170 M M 1 M M
4 74 51 63 16 2 0 0.02 M M 4.1 9 290 M M 4 M M
5 78 50 64 17 1 0 0.00 M M 7.5 17 210 M M 3 26 190
6 64 35 50 4 15 0 0.00 M M 11.6 23 10 M M 2 31 10
7 67 29 48 2 17 0 0.00 M M 3.0 10 190 M M 0 M M
8 70 36 53 7 12 0 0.00 M M 1.9 8 180 M M 0 M M
9 83 58 71 25 0 6 0.00 M M 7.9 14 240 M M 0 20 220
10 85 56 71 25 0 6 0.00 M M 8.4 18 240 M M 3 29 220
11 69 31 50 5 15 0 0.00 M M 10.5 25 340 M M 2 36 340
12 63 24 44 -1 21 0 0.00 M M 5.2 10 190 M M 0 18 160
13 75 38 57 12 8 0 0.00 M M 7.9 15 210 M M 1 24 210
14 76 55 66 21 0 1 0.00 M M 8.8 16 210 M M 6 25 210
15 80 64 72 28 0 7 0.00 M M 15.0 24 200 M M 7 33 190
16 75 60 68 24 0 3 0.00 M M 4.7 10 190 M M 5 17 190
17 74 60 67 23 0 2 0.00 M M 6.3 16 180 M M 7 23 180
18 65 37 51 7 14 0 0.00 M M 13.3 21 350 M M 4 30 350
19 51 33 42 -2 23 0 0.00 M M 4.6 13 360 M M 5 18 360
20 60 39 50 6 15 0 0.00 M M 2.5 6 90 M M 4 M M
21 69 31 50 6 15 0 0.00 M M 3.3 9 190 M M 0 16 220
22 64 33 49 5 16 0 0.00 M M 1.6 7 100 M M 3 M M
23 82 42 62 19 3 0 0.00 M M 8.4 15 190 M M 3 21 200
24 85 56 71 28 0 6 0.00 M M 10.3 17 220 M M 0 24 210
25 82 55 69 26 0 4 0.00 M M 2.9 7 190 M M 1 M M
26 87 52 70 27 0 5 0.00 M M 7.3 16 200 M M 3 23 200
27 78 56 67 24 0 2 0.00 M M 5.1 9 220 M M 3 M M
28 80 52 66 23 0 1 0.00 M M 6.7 17 250 M M 2 28 250
29 78 49 64 21 1 0 0.00 M M 3.5 12 300 M M 3 18 300
30 75 42 59 16 6 0 0.00 M M 1.6 7 260 M M 4 M M
31 73 48 61 18 4 0 0.00 M M 2.9 10 130 M M 2 M M
================================================================================
SM 2303 1416 195 48 0.02 M 189.4 M 78
================================================================================
AV 74.3 45.7 6.1 FASTST M M 3 MAX(MPH)
MISC ----> 25 340 36 340
================================================================================
NOTES:
# LAST OF SEVERAL OCCURRENCES
COLUMN 17 PEAK WIND IN M.P.H.
PRELIMINARY LOCAL CLIMATOLOGICAL DATA (WS FORM: F-6) , PAGE 2
STATION: STEPHENVILLE
MONTH: DECEMBER
YEAR: 2021
LATITUDE: 32 13 N
LONGITUDE: 98 11 W
[TEMPERATURE DATA] [PRECIPITATION DATA] SYMBOLS USED IN COLUMN 16
AVERAGE MONTHLY: 60.0 TOTAL FOR MONTH: 0.02 1 = FOG OR MIST
DPTR FM NORMAL: 15.3 DPTR FM NORMAL: -1.88 2 = FOG REDUCING VISIBILITY
HIGHEST: 87 ON 26 GRTST 24HR 0.02 ON 4- 4 TO 1/4 MILE OR LESS
LOWEST: 24 ON 12 3 = THUNDER
SNOW, ICE PELLETS, HAIL 4 = ICE PELLETS
TOTAL MONTH: M 5 = HAIL
GRTST 24HR M ON M 6 = FREEZING RAIN OR DRIZZLE
GRTST DEPTH: M ON M 7 = DUSTSTORM OR SANDSTORM:
VSBY 1/2 MILE OR LESS
8 = SMOKE OR HAZE
[NO. OF DAYS WITH] [WEATHER - DAYS WITH] 9 = BLOWING SNOW
X = TORNADO
MAX 32 OR BELOW: 0 0.01 INCH OR MORE: 1
MAX 90 OR ABOVE: 0 0.10 INCH OR MORE: 0
MIN 32 OR BELOW: 4 0.50 INCH OR MORE: 0
MIN 0 OR BELOW: 0 1.00 INCH OR MORE: 0
[HDD (BASE 65) ]
TOTAL THIS MO. 195 CLEAR (SCALE 0-3) 18
DPTR FM NORMAL -433 PTCLDY (SCALE 4-7) 13
TOTAL FM JUL 1 482 CLOUDY (SCALE 8-10) 0
DPTR FM NORMAL -605
[CDD (BASE 65) ]
TOTAL THIS MO. 48
DPTR FM NORMAL 47 [PRESSURE DATA]
TOTAL FM JAN 1 2412 HIGHEST SLP M ON M
DPTR FM NORMAL 170 LOWEST SLP M ON M
[REMARKS]
#FINAL-12-21#