000
CXUS53 KLSX 011400
CF6SET
PRELIMINARY LOCAL CLIMATOLOGICAL DATA (WS FORM: F-6)
STATION: ST_CHARLES MO
MONTH: JULY
YEAR: 2023
LATITUDE: 38 55 N
LONGITUDE: 90 26 W
TEMPERATURE IN F: :PCPN: SNOW: WIND :SUNSHINE: SKY :PK WND
================================================================================
1 2 3 4 5 6A 6B 7 8 9 10 11 12 13 14 15 16 17 18
12Z AVG MX 2MIN
DY MAX MIN AVG DEP HDD CDD WTR SNW DPTH SPD SPD DIR MIN PSBL S-S WX SPD DR
================================================================================
1 93 70 82 4 0 17 0.83 0.0 0 5.5 38 230 M M 3 13 47 240
2 85 66 76 -2 0 11 0.06 0.0 0 7.4 18 330 M M 5 13 26 320
3 90 65 78 0 0 13 0.00 0.0 0 2.7 10 260 M M 2 12 17 260
4 94 69 82 4 0 17 0.00 0.0 0 5.2 15 80 M M 1 138 17 80
5 91 70 81 3 0 16 0.00 0.0 0 5.6 15 290 M M 0 18 23 310
6 85 63 74 -4 0 9 0.00 0.0 0 6.9 15 350 M M 1 24 340
7 85 61 73 -6 0 8 T 0.0 0 5.0 13 70 M M 2 3 16 110
8 78 62 70 -9 0 5 0.00 0.0 0 5.4 15 350 M M 7 3 19 330
9 86 57 72 -7 0 7 0.00 0.0 0 2.9 10 280 M M 1 13 290
10 89 58 74 -5 0 9 0.00 0.0 0 4.1 12 240 M M 2 12 17 230
11 94 63 79 0 0 14 0.00 0.0 0 5.0 13 220 M M 0 19 200
12 92 66 79 0 0 14 0.05 0.0 0 5.8 17 240 M M 1 3 25 230
13 91 70 81 2 0 16 0.40 0.0 0 3.7 13 340 M M 5 13 18 210
14 96 69 83 4 0 18 0.07 0.0 0 4.8 18 280 M M 2 13 27 280
15 89 67 78 -1 0 13 0.02 0.0 0 5.2 13 310 M M 3 138 17 330
16 91 64 78 -1 0 13 T 0.0 0 4.1 21 270 M M 0 138 29 270
17 87 68 78 -1 0 13 0.67 0.0 0 4.3 25 270 M M 2 3 36 280
18 83 67 75 -4 0 10 0.02 0.0 0 4.8 14 60 M M 3 19 70
19 86 70 78 -1 0 13 0.00 0.0 0 5.5 16 190 M M 6 22 180
20 92 71 82 3 0 17 1.25 0.0 0 5.7 26 240 M M 2 13 36 230
21 82 64 73 -6 0 8 0.00 0.0 0 3.7 12 30 M M 1 15 40
22 85 59 72 -7 0 7 0.00 0.0 0 2.5 9 350 M M 1 14 30
23 91 64 78 -1 0 13 0.00 0.0 0 2.8 12 230 M M 1 3 15 230
24 92 69 81 2 0 16 0.00 0.0 0 3.7 8 250 M M 1 11 300
25 96 69 83 4 0 18 0.00 0.0 0 4.2 16 260 M M 1 123 26 260
26 93 78 86 7 0 21 0.03 0.0 0 8.5 21 230 M M 2 3 29 220
27 98 75 87 8 0 22 0.00 0.0 0 5.8 14 250 M M 1 20 290
28 99 78 89 10 0 24 T 0.0 0 6.4 15 230 M M 0 21 230
29 97 72 85 6 0 20 0.90 0.0 0 7.1 39 300 M M 2 13 52 300
30 90 70 80 2 0 15 0.00 0.0 0 3.3 9 40 M M 1 13 70
31 81 67 74 -4 0 9 T 0.0 0 5.1 12 120 M M 2 14 90
================================================================================
SM 2781 2081 0 426 4.30 0.0 152.7 M 61
================================================================================
AV 89.7 67.1 4.9 FASTST M M 2 MAX(MPH)
MISC ----> 39 300 52 300
================================================================================
NOTES:
# LAST OF SEVERAL OCCURRENCES
COLUMN 17 PEAK WIND IN M.P.H.
PRELIMINARY LOCAL CLIMATOLOGICAL DATA (WS FORM: F-6) , PAGE 2
STATION: ST_CHARLES MO
MONTH: JULY
YEAR: 2023
LATITUDE: 38 55 N
LONGITUDE: 90 26 W
[TEMPERATURE DATA] [PRECIPITATION DATA] SYMBOLS USED IN COLUMN 16
AVERAGE MONTHLY: 78.4 TOTAL FOR MONTH: 4.30 1 = FOG OR MIST
DPTR FM NORMAL: -0.2 DPTR FM NORMAL: 0.56 2 = FOG REDUCING VISIBILITY
HIGHEST: 99 ON 28 GRTST 24HR 1.25 ON 20-20 TO 1/4 MILE OR LESS
LOWEST: 57 ON 9 3 = THUNDER
SNOW, ICE PELLETS, HAIL 4 = ICE PELLETS
TOTAL MONTH: 0.0 INCH 5 = HAIL
GRTST 24HR 0.0 6 = FREEZING RAIN OR DRIZZLE
GRTST DEPTH: 0 7 = DUSTSTORM OR SANDSTORM:
VSBY 1/2 MILE OR LESS
8 = SMOKE OR HAZE
[NO. OF DAYS WITH] [WEATHER - DAYS WITH] 9 = BLOWING SNOW
X = TORNADO
MAX 32 OR BELOW: 0 0.01 INCH OR MORE: 11
MAX 90 OR ABOVE: 18 0.10 INCH OR MORE: 5
MIN 32 OR BELOW: 0 0.50 INCH OR MORE: 4
MIN 0 OR BELOW: 0 1.00 INCH OR MORE: 1
[HDD (BASE 65) ]
TOTAL THIS MO. 0 CLEAR (SCALE 0-3) 25
DPTR FM NORMAL 0 PTCLDY (SCALE 4-7) 6
TOTAL FM JUL 1 0 CLOUDY (SCALE 8-10) 0
DPTR FM NORMAL 0
[CDD (BASE 65) ]
TOTAL THIS MO. 426
DPTR FM NORMAL 4 [PRESSURE DATA]
TOTAL FM JAN 1 855 HIGHEST SLP 30.14 ON 31
DPTR FM NORMAL -40 LOWEST SLP 29.69 ON 2
[REMARKS]
#FINAL-07-23#