000
CXUS56 KMTR 011000
CF6SFD
PRELIMINARY LOCAL CLIMATOLOGICAL DATA (WS FORM: F-6)
STATION: SAN FRANCISCO DWTN CA
MONTH: FEBRUARY
YEAR: 2024
LATITUDE: 37 46 N
LONGITUDE: 122 26 W
TEMPERATURE IN F: :PCPN: SNOW: WIND :SUNSHINE: SKY :PK WND
================================================================================
1 2 3 4 5 6A 6B 7 8 9 10 11 12 13 14 15 16 17 18
12Z AVG MX 2MIN
DY MAX MIN AVG DEP HDD CDD WTR SNW DPTH SPD SPD DIR MIN PSBL S-S WX SPD DR
================================================================================
1 60 49 55 2 10 0 1.07 M 0 M M M M M M M M
2 58 49 54 1 11 0 0.22 M 0 M M M M M M M M
3 55 48 52 -1 13 0 0.41 M 0 M M M M M M M M
4 61 47 54 1 11 0 1.31 M 0 M M M M M M M M
5 57 50 54 0 11 0 0.30 M 0 M M M M M M M M
6 57 47 52 -2 13 0 0.00 M 0 M M M M M M M M
7 53 48 51 -3 14 0 0.45 M 0 M M M M M M M M
8 55 43 49 -5 16 0 0.00 M 0 M M M M M M M M
9 57 45 51 -3 14 0 0.00 M 0 M M M M M M M M
10 62 47 55 1 10 0 0.00 M 0 M M M M M M M M
11 59 48 54 0 11 0 0.00 M 0 M M M M M M M M
12 60 47 54 0 11 0 0.00 M 0 M M M M M M M M
13 58 49 54 0 11 0 0.00 M 0 M M M M M M M M
14 58 51 55 1 10 0 0.25 M 0 M M M M M M M M
15 59 51 55 1 10 0 0.00 M 0 M M M M M M M M
16 60 52 56 2 9 0 0.00 M 0 M M M M M M M M
17 58 53 56 2 9 0 0.30 M 0 M M M M M M M M
18 64 51 58 4 7 0 0.22 M 0 M M M M M M M M
19 62 53 58 4 7 0 0.12 M 0 M M M M M M M M
20 58 51 55 1 10 0 1.50 M 0 M M M M M M M M
21 60 48 54 -1 11 0 0.02 M 0 M M M M M M M M
22 61 50 56 1 9 0 0.00 M 0 M M M M M M M M
23 66 50 58 3 7 0 0.00 M 0 M M M M M M M M
24 71 53 62 7 3 0 0.00 M 0 M M M M M M M M
25 63 53 58 3 7 0 0.00 M 0 M M M M M M M M
26 62 51 57 2 8 0 0.00 M 0 M M M M M M M M
27 61 47 54 -1 11 0 0.00 M 0 M M M M M M M M
28 66 48 57 2 8 0 0.00 M 0 M M M M M M M M
29 59 51 55 0 10 0 0.10 M 0 M M M M M M M M
================================================================================
SM 1740 1430 292 0 6.27 M M M M
================================================================================
AV 60.0 49.3 M FASTST M M M MAX(MPH)
MISC ----> M M M M
================================================================================
NOTES:
# LAST OF SEVERAL OCCURRENCES
COLUMN 17 PEAK WIND IN M.P.H.
PRELIMINARY LOCAL CLIMATOLOGICAL DATA (WS FORM: F-6) , PAGE 2
STATION: SAN FRANCISCO DWTN CA
MONTH: FEBRUARY
YEAR: 2024
LATITUDE: 37 46 N
LONGITUDE: 122 26 W
[TEMPERATURE DATA] [PRECIPITATION DATA] SYMBOLS USED IN COLUMN 16
AVERAGE MONTHLY: 54.7 TOTAL FOR MONTH: 6.27 1 = FOG OR MIST
DPTR FM NORMAL: 0.5 DPTR FM NORMAL: 1.90 2 = FOG REDUCING VISIBILITY
HIGHEST: 71 ON 24 GRTST 24HR 2.56 ON 31- 1 TO 1/4 MILE OR LESS
LOWEST: 43 ON 8 3 = THUNDER
SNOW, ICE PELLETS, HAIL 4 = ICE PELLETS
TOTAL MONTH: M 5 = HAIL
GRTST 24HR M ON M 6 = FREEZING RAIN OR DRIZZLE
GRTST DEPTH: 0 7 = DUSTSTORM OR SANDSTORM:
VSBY 1/2 MILE OR LESS
8 = SMOKE OR HAZE
[NO. OF DAYS WITH] [WEATHER - DAYS WITH] 9 = BLOWING SNOW
X = TORNADO
MAX 32 OR BELOW: 0 0.01 INCH OR MORE: 13
MAX 90 OR ABOVE: 0 0.10 INCH OR MORE: 12
MIN 32 OR BELOW: 0 0.50 INCH OR MORE: 3
MIN 0 OR BELOW: 0 1.00 INCH OR MORE: 3
[HDD (BASE 65) ]
TOTAL THIS MO. 292 CLEAR (SCALE 0-3) 0
DPTR FM NORMAL -12 PTCLDY (SCALE 4-7) 0
TOTAL FM JUL 1 1420 CLOUDY (SCALE 8-10) 29
DPTR FM NORMAL -417
[CDD (BASE 65) ]
TOTAL THIS MO. 0
DPTR FM NORMAL 0 [PRESSURE DATA]
TOTAL FM JAN 1 0 HIGHEST SLP M ON M
DPTR FM NORMAL 0 LOWEST SLP 9999.00 ON 1
[REMARKS]
#FINAL-02-24#