000
CXUS56 KOTX 022358
CF6SFF
PRELIMINARY LOCAL CLIMATOLOGICAL DATA (WS FORM: F-6)
STATION: SPOKANE WA FELTS AIRPORT
MONTH: JANUARY
YEAR: 2021
LATITUDE: 47 40 N
LONGITUDE: 117 20 W
TEMPERATURE IN F: :PCPN: SNOW: WIND :SUNSHINE: SKY :PK WND
================================================================================
1 2 3 4 5 6A 6B 7 8 9 10 11 12 13 14 15 16 17 18
12Z AVG MX 2MIN
DY MAX MIN AVG DEP HDD CDD WTR SNW DPTH SPD SPD DIR MIN PSBL S-S WX SPD DR
================================================================================
1 44 36 40 11 25 0 0.09 M M 3.9 25 220 M M 10 1 35 200
2 44 39 42 12 23 0 0.47 M M 11.7 30 200 M M 9 41 210
3 46 36 41 11 24 0 0.27 M M 11.0 24 200 M M 6 1 33 220
4 45 35 40 10 25 0 0.37 M M 4.3 21 240 M M 9 25 230
5 43 36 40 10 25 0 0.00 M M 6.0 14 200 M M 9 17 170
6 45 39 42 12 23 0 0.21 M M 4.3 15 210 M M 10 1 22 220
7 41 30 36 6 29 0 0.09 M M 0.9 8 80 M M 9 12 9 80
8 40 29 35 5 30 0 0.00 M M 1.6 9 100 M M 3 12 12 80
9 41 30 36 6 29 0 0.00 M M 1.3 7 60 M M 8 128 9 60
10 41 31 36 5 29 0 0.00 M M 1.2 7 120 M M 7 8 120
11 44 36 40 9 25 0 0.02 M M 1.4 14 190 M M 10 16 200
12 49 38 44 13 21 0 0.72 M M 7.0 22 180 M M 10 18 29 190
13 53 28 41 10 24 0 0.17 M M 15.7 43 240 M M 3 1 58 230
14 43 26 35 4 30 0 0.00 M M 1.0 6 60 M M 2 7 80
15 38 33 36 5 29 0 0.00 M M 2.9 10 230 M M 3 12 230
16 42 34 38 6 27 0 0.00 M M 1.1 9 350 M M 9 11 350
17 38 36 37 5 28 0 0.07 M M 2.6 9 230 M M 10 1 12 280
18 40 27 34 2 31 0 0.00 M M 1.4 9 250 M M 7 1 12 240
19 37 25 31 -1 34 0 0.00 M M 1.5 12 220 M M 8 12 14 180
20 38 26 32 0 33 0 0.00 M M 0.1 3 30 M M 3 5 40
21 39 25 32 0 33 0 0.00 M M 0.3 6 50 M M 6 8 70
22 37 21 29 -3 36 0 0.00 M M 0.6 6 250 M M 1 8 360
23 31 17 24 -8 41 0 0.00 M M 0.5 6 330 M M 6 18 7 320
24 31 20 26 -6 39 0 T M M 0.2 9 100 M M 9 18 11 100
25 33 26 30 -2 35 0 0.02 M M 0.7 6 260 M M 10 18 7 260
26 35 27 31 -1 34 0 T M M 1.8 10 100 M M 6 18 13 100
27 39 28 34 1 31 0 0.03 M M 4.5 13 90 M M 9 1 15 80
28 43 30 37 4 28 0 T M M 0.4 5 50 M M 8 1 7 140
29 37 31 34 1 31 0 0.02 M M 2.3 8 230 M M 10 12 10 220
30 44 34 39 6 26 0 0.00 M M 2.2 12 150 M M 9 1 14 150
31 48 39 44 11 21 0 T M M 3.9 10 110 M M 10 14 130
================================================================================
SM 1269 948 899 0 2.55 M 98.3 M 229
================================================================================
AV 40.9 30.6 3.2 FASTST M M 7 MAX(MPH)
MISC ----> 43 240 58 230
================================================================================
NOTES:
# LAST OF SEVERAL OCCURRENCES
COLUMN 17 PEAK WIND IN M.P.H.
PRELIMINARY LOCAL CLIMATOLOGICAL DATA (WS FORM: F-6) , PAGE 2
STATION: SPOKANE WA FELTS AIRPORT
MONTH: JANUARY
YEAR: 2021
LATITUDE: 47 40 N
LONGITUDE: 117 20 W
[TEMPERATURE DATA] [PRECIPITATION DATA] SYMBOLS USED IN COLUMN 16
AVERAGE MONTHLY: 35.8 TOTAL FOR MONTH: 2.55 1 = FOG OR MIST
DPTR FM NORMAL: 4.5 DPTR FM NORMAL: 0.60 2 = FOG REDUCING VISIBILITY
HIGHEST: 53 ON 13 GRTST 24HR 0.96 ON 11-12 TO 1/4 MILE OR LESS
LOWEST: 17 ON 23 3 = THUNDER
SNOW, ICE PELLETS, HAIL 4 = ICE PELLETS
TOTAL MONTH: M 5 = HAIL
GRTST 24HR M ON M 6 = FREEZING RAIN OR DRIZZLE
GRTST DEPTH: M ON M 7 = DUSTSTORM OR SANDSTORM:
VSBY 1/2 MILE OR LESS
8 = SMOKE OR HAZE
[NO. OF DAYS WITH] [WEATHER - DAYS WITH] 9 = BLOWING SNOW
X = TORNADO
MAX 32 OR BELOW: 2 0.01 INCH OR MORE: 13
MAX 90 OR ABOVE: 0 0.10 INCH OR MORE: 6
MIN 32 OR BELOW: 18 0.50 INCH OR MORE: 1
MIN 0 OR BELOW: 0 1.00 INCH OR MORE: 0
[HDD (BASE 65) ]
TOTAL THIS MO. 899 CLEAR (SCALE 0-3) 4
DPTR FM NORMAL -144 PTCLDY (SCALE 4-7) 9
TOTAL FM JUL 1 3209 CLOUDY (SCALE 8-10) 18
DPTR FM NORMAL -503
[CDD (BASE 65) ]
TOTAL THIS MO. 0
DPTR FM NORMAL 0 [PRESSURE DATA]
TOTAL FM JAN 1 0 HIGHEST SLP 30.65 ON 14
DPTR FM NORMAL 0 LOWEST SLP 29.53 ON 13
[REMARKS]
#FINAL-01-21#
CWOP SITE E4288 USED TO SUPPLEMENT PRECIP DATA JAN 2-13 DUE TO MALFUNCTIONING TIPPING BUCKET