000
CXUS56 KMTR 011000
CF6SFO
PRELIMINARY LOCAL CLIMATOLOGICAL DATA (WS FORM: F-6)
STATION: SAN FRANCISCO AIRPORT
MONTH: MARCH
YEAR: 2020
LATITUDE: 37 37 N
LONGITUDE: 122 23 W
TEMPERATURE IN F: :PCPN: SNOW: WIND :SUNSHINE: SKY :PK WND
================================================================================
1 2 3 4 5 6A 6B 7 8 9 10 11 12 13 14 15 16 17 18
12Z AVG MX 2MIN
DY MAX MIN AVG DEP HDD CDD WTR SNW DPTH SPD SPD DIR MIN PSBL S-S WX SPD DR
================================================================================
1 60 44 52 -2 13 0 0.00 0.0 0 11.8 30 280 M M 6 8 36 270
2 70 55 63 9 2 0 0.00 0.0 0 14.3 22 350 M M 2 8 28 330
3 75 50 63 9 2 0 0.00 0.0 0 6.3 17 290 M M 2 8 20 290
4 74 49 62 8 3 0 0.00 0.0 0 5.1 16 290 M M 3 8 21 290
5 62 49 56 2 9 0 0.00 0.0 0 6.7 20 240 M M 5 8 23 230
6 59 49 54 0 11 0 T M 0 10.1 22 230 M M 8 18 28 220
7 56 49 53 -1 12 0 0.08 M 0 6.9 15 270 M M 8 18 17 280
8 59 46 53 -1 12 0 0.00 0.0 0 4.9 17 210 M M 8 21 210
9 66 49 58 3 7 0 0.00 0.0 0 3.8 14 350 M M 7 8 17 340
10 71 50 61 6 4 0 0.00 M M 5.3 16 280 M M 7 8 17 280
11 70 50 60 5 5 0 0.00 M M 10.1 23 270 M M 4 8 28 270
12 70 47 59 4 6 0 0.00 M M 9.1 21 280 M M 2 18 24 290
13 63 47 55 0 10 0 0.00 M M 12.4 31 200 M M 4 18 38 180
14 54 49 52 -3 13 0 0.46 M M 9.2 18 270 M M 9 18 23 260
15 56 47 52 -3 13 0 0.20 M M 10.8 17 220 M M 9 30 220
16 55 44 50 -5 15 0 0.13 M M 8.4 20 50 M M 7 M M
17 56 44 50 -5 15 0 0.01 M M 6.9 16 280 M M 7 18 20 260
18 57 47 52 -3 13 0 0.01 M M 7.9 15 270 M M 8 8 21 170
19 61 47 54 -1 11 0 0.00 M M 6.0 15 280 M M 6 8 19 290
20 63 44 54 -1 11 0 0.00 M M 5.5 14 280 M M 4 8 16 280
21 62 47 55 0 10 0 T M M 5.3 13 280 M M 6 8 15 130
22 66 49 58 3 7 0 T M M 5.1 20 200 M M 6 23 210
23 60 50 55 0 10 0 0.00 M M 9.5 17 270 M M 7 8 22 280
24 56 47 52 -3 13 0 0.13 M M 9.2 21 180 M M 7 8 24 200
25 57 44 51 -4 14 0 0.06 M M 12.1 24 270 M M 6 18 28 270
26 59 41 50 -5 15 0 0.00 M M 11.5 25 280 M M 3 8 31 280
27 59 47 53 -2 12 0 0.00 M M 14.5 23 270 M M 6 8 27 280
28 58 50 54 -2 11 0 0.04 M M 6.0 14 230 M M 9 8 16 220
29 60 50 55 -1 10 0 0.20 M M 7.2 15 280 M M 8 18 17 290
30 63 49 56 0 9 0 0.00 M M 6.9 18 270 M M 6 22 270
31 65 51 58 2 7 0 0.00 M M 11.4 28 270 M M 6 18 33 270
================================================================================
SM 1922 1481 305 0 1.32 0.0 260.2 M 186
================================================================================
AV 62.0 47.8 8.4 FASTST M M 6 MAX(MPH)
MISC ----> 31 200 38 180
================================================================================
NOTES:
# LAST OF SEVERAL OCCURRENCES
COLUMN 17 PEAK WIND IN M.P.H.
PRELIMINARY LOCAL CLIMATOLOGICAL DATA (WS FORM: F-6) , PAGE 2
STATION: SAN FRANCISCO AIRPORT
MONTH: MARCH
YEAR: 2020
LATITUDE: 37 37 N
LONGITUDE: 122 23 W
[TEMPERATURE DATA] [PRECIPITATION DATA] SYMBOLS USED IN COLUMN 16
AVERAGE MONTHLY: 54.9 TOTAL FOR MONTH: 1.32 1 = FOG OR MIST
DPTR FM NORMAL: 0.0 DPTR FM NORMAL: -1.64 2 = FOG REDUCING VISIBILITY
HIGHEST: 75 ON 3 GRTST 24HR 0.54 ON 14-15 TO 1/4 MILE OR LESS
LOWEST: 41 ON 26 3 = THUNDER
SNOW, ICE PELLETS, HAIL 4 = ICE PELLETS
TOTAL MONTH: 0.0 INCH 5 = HAIL
GRTST 24HR 0.0 6 = FREEZING RAIN OR DRIZZLE
GRTST DEPTH: 0 7 = DUSTSTORM OR SANDSTORM:
VSBY 1/2 MILE OR LESS
8 = SMOKE OR HAZE
[NO. OF DAYS WITH] [WEATHER - DAYS WITH] 9 = BLOWING SNOW
X = TORNADO
MAX 32 OR BELOW: 0 0.01 INCH OR MORE: 10
MAX 90 OR ABOVE: 0 0.10 INCH OR MORE: 5
MIN 32 OR BELOW: 0 0.50 INCH OR MORE: 0
MIN 0 OR BELOW: 0 1.00 INCH OR MORE: 0
[HDD (BASE 65) ]
TOTAL THIS MO. 305 CLEAR (SCALE 0-3) 5
DPTR FM NORMAL -9 PTCLDY (SCALE 4-7) 22
TOTAL FM JUL 1 1686 CLOUDY (SCALE 8-10) 4
DPTR FM NORMAL -435
[CDD (BASE 65) ]
TOTAL THIS MO. 0
DPTR FM NORMAL -1 [PRESSURE DATA]
TOTAL FM JAN 1 0 HIGHEST SLP M ON M
DPTR FM NORMAL -1 LOWEST SLP 29.70 ON 13
[REMARKS]
#FINAL-03-20#