000
CXUS54 KHGX 011410
CF6SGR
PRELIMINARY LOCAL CLIMATOLOGICAL DATA (WS FORM: F-6)
STATION: SUGAR LAND/HULL FLD
MONTH: SEPTEMBER
YEAR: 2021
LATITUDE: 29 37 N
LONGITUDE: 95 39 W
TEMPERATURE IN F: :PCPN: SNOW: WIND :SUNSHINE: SKY :PK WND
================================================================================
1 2 3 4 5 6A 6B 7 8 9 10 11 12 13 14 15 16 17 18
12Z AVG MX 2MIN
DY MAX MIN AVG DEP HDD CDD WTR SNW DPTH SPD SPD DIR MIN PSBL S-S WX SPD DR
================================================================================
1 96 79 88 5 0 23 0.07 0.0 0 5.5 24 160 M M 1 138 31 150
2 94 79 87 4 0 22 T 0.0 0 5.2 17 170 M M 1 3 20 180
3 96 78 87 4 0 22 0.00 0.0 0 5.4 17 220 M M 1 3 22 230
4 98 75 87 4 0 22 0.00 0.0 0 4.4 14 190 M M 2 17 200
5 97 76 87 4 0 22 0.00 0.0 0 4.8 14 270 M M 1 12 17 270
6 95 73 84 2 0 19 0.72 0.0 0 4.9 17 10 M M 4 13 20 10
7 94 72 83 1 0 18 0.00 0.0 0 3.5 10 150 M M 0 1 14 20
8 96 69 83 1 0 18 0.00 0.0 0 3.4 12 350 M M 0 1 15 350
9 96 72 84 2 0 19 0.00 0.0 0 5.0 14 70 M M 1 17 30
10 93 67 80 -2 0 15 0.00 0.0 0 5.8 13 30 M M 1 17 30
11 91 64 78 -4 0 13 0.00 0.0 0 7.0 14 110 M M 2 20 80
12 93 72 83 2 0 18 T 0.0 0 7.3 17 140 M M 1 21 130
13 80 73 77 -4 0 12 0.74 0.0 0 13.4 32 90 M M 6 1 43 80
14 79 71 75 -6 0 10 0.94 0.0 0 15.4 41 60 M M 10 18 50 60
15 84 74 79 -2 0 14 T 0.0 0 9.3 16 10 M M 9 1 21 350
16 88 72 80 -1 0 15 0.00 0.0 0 6.1 13 40 M M 7 16 50
17 93 74 84 4 0 19 0.00 0.0 0 2.9 13 150 M M 6 14 150
18 94 74 84 4 0 19 T 0.0 0 3.5 20 40 M M 2 13 22 40
19 94 73 84 4 0 19 0.00 0.0 0 4.1 14 140 M M 3 34 150
20 96 75 86 6 0 21 0.00 0.0 0 6.4 14 170 M M 1 1 20 190
21 98 77 88 8 0 23 T 0.0 0 5.4 20 20 M M 4 12 25 20
22 86 61 74 -5 0 9 0.00 0.0 0 10.9 22 30 M M 0 27 360
23 85 56 71 -8 0 6 0.00 0.0 0 4.4 12 190 M M 0 16 100
24 85 59 72 -7 0 7 0.00 0.0 0 5.0 13 100 M M 0 20 60
25 89 58 74 -5 0 9 0.00 0.0 0 3.1 14 70 M M 0 18 40
26 88 61 75 -3 0 10 0.00 0.0 0 5.3 15 140 M M 1 19 140
27 92 70 81 3 0 16 0.00 0.0 0 5.1 17 140 M M 3 21 140
28 89 75 82 4 0 17 0.33 0.0 0 5.6 20 230 M M 6 123 25 220
29 85 71 78 0 0 13 1.06 0.0 0 6.6 24 290 M M 4 13 30 270
30 89 74 82 4 0 17 0.00 0.0 0 7.0 22 170 M M 4 3 27 170
================================================================================
SM 2733 2124 0 487 3.86 0.0 181.7 M 81
================================================================================
AV 91.1 70.8 6.1 FASTST M M 3 MAX(MPH)
MISC ----> 41 60 50 60
================================================================================
NOTES:
# LAST OF SEVERAL OCCURRENCES
COLUMN 17 PEAK WIND IN M.P.H.
PRELIMINARY LOCAL CLIMATOLOGICAL DATA (WS FORM: F-6) , PAGE 2
STATION: SUGAR LAND/HULL FLD
MONTH: SEPTEMBER
YEAR: 2021
LATITUDE: 29 37 N
LONGITUDE: 95 39 W
[TEMPERATURE DATA] [PRECIPITATION DATA] SYMBOLS USED IN COLUMN 16
AVERAGE MONTHLY: 81.0 TOTAL FOR MONTH: 3.86 1 = FOG OR MIST
DPTR FM NORMAL: 0.3 DPTR FM NORMAL: -0.56 2 = FOG REDUCING VISIBILITY
HIGHEST: 98 ON 21, 4 GRTST 24HR 1.68 ON 13-14 TO 1/4 MILE OR LESS
LOWEST: 56 ON 23 3 = THUNDER
SNOW, ICE PELLETS, HAIL 4 = ICE PELLETS
TOTAL MONTH: 0.0 INCH 5 = HAIL
GRTST 24HR 0.0 6 = FREEZING RAIN OR DRIZZLE
GRTST DEPTH: 0 7 = DUSTSTORM OR SANDSTORM:
VSBY 1/2 MILE OR LESS
8 = SMOKE OR HAZE
[NO. OF DAYS WITH] [WEATHER - DAYS WITH] 9 = BLOWING SNOW
X = TORNADO
MAX 32 OR BELOW: 0 0.01 INCH OR MORE: 6
MAX 90 OR ABOVE: 18 0.10 INCH OR MORE: 5
MIN 32 OR BELOW: 0 0.50 INCH OR MORE: 4
MIN 0 OR BELOW: 0 1.00 INCH OR MORE: 1
[HDD (BASE 65) ]
TOTAL THIS MO. 0 CLEAR (SCALE 0-3) 19
DPTR FM NORMAL 0 PTCLDY (SCALE 4-7) 9
TOTAL FM JUL 1 0 CLOUDY (SCALE 8-10) 2
DPTR FM NORMAL 0
[CDD (BASE 65) ]
TOTAL THIS MO. 487
DPTR FM NORMAL 19 [PRESSURE DATA]
TOTAL FM JAN 1 3183 HIGHEST SLP 30.25 ON 22
DPTR FM NORMAL 175 LOWEST SLP 29.58 ON 14
[REMARKS]
#FINAL-09-21#