000
CXUS54 KLZK 011230
CF6SGT
PRELIMINARY LOCAL CLIMATOLOGICAL DATA (WS FORM: F-6)
STATION: STUTTGART AIRPORT
MONTH: MARCH
YEAR: 2023
LATITUDE: 34 35 N
LONGITUDE: 91 34 W
TEMPERATURE IN F: :PCPN: SNOW: WIND :SUNSHINE: SKY :PK WND
================================================================================
1 2 3 4 5 6A 6B 7 8 9 10 11 12 13 14 15 16 17 18
12Z AVG MX 2MIN
DY MAX MIN AVG DEP HDD CDD WTR SNW DPTH SPD SPD DIR MIN PSBL S-S WX SPD DR
================================================================================
1 72 59 66 18 0 1 1.96 M M 10.1 22 290 M M 7 13 44 99
2 67 60 64 16 1 0 0.53 M M 10.0 21 160 M M 10 13 31 150
3 68 50 59 10 6 0 0.80 M M 18.9 29 260 M M 8 13 45 190
4 62 48 55 6 10 0 0.00 M M 5.0 10 350 M M 5 8 M M
5 73 48 61 12 4 0 0.00 M M 8.0 12 150 M M 0 M M
6 80 52 66 16 0 1 0.00 M M 8.7 16 200 M M 0 M M
7 65 53 59 9 6 0 0.00 M M 12.8 17 60 M M 0 25 20
8 54 47 51 1 14 0 0.20 M M 11.7 21 40 M M 8 M M
9 55 50 53 2 12 0 1.26 M M 6.7 17 360 M M 10 1 M M
10 58 43 51 0 14 0 0.00 M M 9.5 17 350 M M 2 M M
11 54 44 49 -2 16 0 0.11 M M 8.5 20 130 M M 7 3 M M
12 55 47 51 0 14 0 0.03 M M 12.0 21 350 M M 8 25 40
13 53 39 46 -6 19 0 0.00 M M 11.3 17 360 M M 0 16 99
14 47 33 40 -12 25 0 0.00 M M 9.0 16 50 M M 0 M M
15 56 35 46 -6 19 0 0.00 M M 7.1 10 130 M M 0 M M
16 64 48 56 3 9 0 1.84 M M 13.3 31 220 M M 9 13 40 210
17 61 39 50 -3 15 0 0.02 M M 16.5 28 300 M M 3 1 39 290
18 51 34 43 -10 22 0 0.00 M M 11.9 20 360 M M 0 30 300
19 43 29 36 -17 29 0 0.00 M M 9.5 17 340 M M 0 21 350
20 54 31 43 -11 22 0 0.00 M M 10.1 16 160 M M 1 22 160
21 61 45 53 -1 12 0 0.01 M M 11.4 18 150 M M 10 24 140
22 78 57 68 14 0 3 0.03 M M 13.9 20 220 M M 7 8 23 220
23 81 66 74 19 0 9 0.00 M M 16.3 23 210 M M 6 31 200
24 80 59 70 15 0 5 1.96 M M 16.2 33 200 M M 6 13 40 200
25 69 53 61 6 4 0 0.00 M M 7.9 16 280 M M 1 M M
26 77 50 64 8 1 0 0.00 M M 4.3 9 190 M M 0 M M
27 65 50 58 2 7 0 T M M 12.1 22 350 M M 0 30 350
28 63 47 55 -1 10 0 T M M 11.5 23 20 M M 2 24 30
29 65 43 54 -2 11 0 T M M 5.7 10 100 M M 1 M M
30 76 52 64 7 1 0 0.00 M M 10.6 21 170 M M 5 30 170
31 80 64 72 15 0 7 0.07 M M 18.0 28 200 M M 7 138 38 180
================================================================================
SM 1987 1475 303 26 8.82 M 338.4 M 123
================================================================================
AV 64.1 47.6 10.9 FASTST M M 4 MAX(MPH)
MISC ----> 33 200 45 190
================================================================================
NOTES:
# LAST OF SEVERAL OCCURRENCES
COLUMN 17 PEAK WIND IN M.P.H.
PRELIMINARY LOCAL CLIMATOLOGICAL DATA (WS FORM: F-6) , PAGE 2
STATION: STUTTGART AIRPORT
MONTH: MARCH
YEAR: 2023
LATITUDE: 34 35 N
LONGITUDE: 91 34 W
[TEMPERATURE DATA] [PRECIPITATION DATA] SYMBOLS USED IN COLUMN 16
AVERAGE MONTHLY: 55.8 TOTAL FOR MONTH: 8.82 1 = FOG OR MIST
DPTR FM NORMAL: 3.3 DPTR FM NORMAL: 3.82 2 = FOG REDUCING VISIBILITY
HIGHEST: 81 ON 23 GRTST 24HR 2.47 ON 1- 2 TO 1/4 MILE OR LESS
LOWEST: 29 ON 19 3 = THUNDER
SNOW, ICE PELLETS, HAIL 4 = ICE PELLETS
TOTAL MONTH: M 5 = HAIL
GRTST 24HR M ON M 6 = FREEZING RAIN OR DRIZZLE
GRTST DEPTH: M ON M 7 = DUSTSTORM OR SANDSTORM:
VSBY 1/2 MILE OR LESS
8 = SMOKE OR HAZE
[NO. OF DAYS WITH] [WEATHER - DAYS WITH] 9 = BLOWING SNOW
X = TORNADO
MAX 32 OR BELOW: 0 0.01 INCH OR MORE: 13
MAX 90 OR ABOVE: 0 0.10 INCH OR MORE: 8
MIN 32 OR BELOW: 2 0.50 INCH OR MORE: 6
MIN 0 OR BELOW: 0 1.00 INCH OR MORE: 4
[HDD (BASE 65) ]
TOTAL THIS MO. 303 CLEAR (SCALE 0-3) 15
DPTR FM NORMAL -94 PTCLDY (SCALE 4-7) 10
TOTAL FM JUL 1 2189 CLOUDY (SCALE 8-10) 6
DPTR FM NORMAL -817
[CDD (BASE 65) ]
TOTAL THIS MO. 26
DPTR FM NORMAL 19 [PRESSURE DATA]
TOTAL FM JAN 1 35 HIGHEST SLP 30.58 ON 19
DPTR FM NORMAL 28 LOWEST SLP 29.16 ON 3
[REMARKS]
#FINAL-03-23#