000
CXUS54 KLZK 011230
CF6SGT
PRELIMINARY LOCAL CLIMATOLOGICAL DATA (WS FORM: F-6)
STATION: STUTTGART AIRPORT
MONTH: NOVEMBER
YEAR: 2021
LATITUDE: 34 35 N
LONGITUDE: 91 34 W
TEMPERATURE IN F: :PCPN: SNOW: WIND :SUNSHINE: SKY :PK WND
================================================================================
1 2 3 4 5 6A 6B 7 8 9 10 11 12 13 14 15 16 17 18
12Z AVG MX 2MIN
DY MAX MIN AVG DEP HDD CDD WTR SNW DPTH SPD SPD DIR MIN PSBL S-S WX SPD DR
================================================================================
1 65 46 56 -2 9 0 T M M 8.5 12 80 M M 2 8 M M
2 49 46 48 -9 17 0 0.01 M M 12.2 17 40 M M 10 21 40
3 48 37 43 -14 22 0 0.14 M M 9.9 15 40 M M 8 21 40
4 55 33 44 -13 21 0 0.00 M M 7.7 15 20 M M 0 21 30
5 58 31 45 -11 20 0 0.00 M M 6.5 9 20 M M 0 M M
6 60 34 47 -9 18 0 0.00 M M 2.5 7 330 M M 0 8 M M
7 67 37 52 -3 13 0 0.00 M M 4.2 8 140 M M 0 18 M M
8 72 41 57 2 8 0 T M M 6.2 10 180 M M 0 M M
9 71 42 57 2 8 0 0.00 M M 5.5 14 220 M M 0 12 M M
10 71 44 58 4 7 0 T M M 7.8 17 160 M M 3 1 M M
11 67 46 57 3 8 0 0.64 M M 11.4 24 330 M M 5 13 31 330
12 60 41 51 -3 14 0 T M M 9.5 16 310 M M 2 18 320
13 51 33 42 -11 23 0 0.00 M M 7.7 12 330 M M 0 M M
14 64 37 51 -2 14 0 0.00 M M 5.8 10 300 M M 0 M M
15 70 39 55 3 10 0 0.00 M M 6.2 14 180 M M 0 M M
16 69 57 63 11 2 0 0.00 M M 11.0 17 190 M M 5 1 M M
17 77 56 67 15 0 2 0.00 M M 11.9 21 210 M M 6 8 40 350
18 56 37 47 -4 18 0 0.38 M M 14.0 29 10 M M 4 13 39 360
19 54 31 43 -8 22 0 0.00 M M 6.5 13 70 M M 0 8 M M
20 62 35 49 -1 16 0 T M M 5.7 10 150 M M 0 1 M M
21 64 48 56 6 9 0 T M M 9.0 14 360 M M 8 1 M M
22 55 37 46 -4 19 0 T M M 8.2 14 20 M M 0 8 18 20
23 58 35 47 -2 18 0 T M M 8.0 15 170 M M 0 8 M M
24 67 42 55 6 10 0 0.00 M M 13.7 22 170 M M 3 26 160
25 60 36 48 -1 17 0 0.51 M M 11.4 22 340 M M 8 1 29 340
26 48 30 39 -9 26 0 T M M 6.8 14 360 M M 0 8 M M
27 54 34 44 -4 21 0 0.00 M M 9.6 18 220 M M 0 M M
28 59 37 48 1 17 0 0.00 M M 7.1 16 30 M M 0 M M
29 62 34 48 1 17 0 0.00 M M 6.7 13 190 M M 0 1 M M
30 71 41 56 9 9 0 0.00 M M 7.1 10 210 M M 0 18 M M
================================================================================
SM 1844 1177 433 2 1.68 M 248.1 M 64
================================================================================
AV 61.5 39.2 8.3 FASTST M M 2 MAX(MPH)
MISC ----> 29 10 40 350
================================================================================
NOTES:
# LAST OF SEVERAL OCCURRENCES
COLUMN 17 PEAK WIND IN M.P.H.
PRELIMINARY LOCAL CLIMATOLOGICAL DATA (WS FORM: F-6) , PAGE 2
STATION: STUTTGART AIRPORT
MONTH: NOVEMBER
YEAR: 2021
LATITUDE: 34 35 N
LONGITUDE: 91 34 W
[TEMPERATURE DATA] [PRECIPITATION DATA] SYMBOLS USED IN COLUMN 16
AVERAGE MONTHLY: 50.4 TOTAL FOR MONTH: 1.68 1 = FOG OR MIST
DPTR FM NORMAL: -1.9 DPTR FM NORMAL: -3.12 2 = FOG REDUCING VISIBILITY
HIGHEST: 77 ON 17 GRTST 24HR 0.64 ON 10-11 TO 1/4 MILE OR LESS
LOWEST: 30 ON 26 3 = THUNDER
SNOW, ICE PELLETS, HAIL 4 = ICE PELLETS
TOTAL MONTH: M 5 = HAIL
GRTST 24HR M ON M 6 = FREEZING RAIN OR DRIZZLE
GRTST DEPTH: M ON M 7 = DUSTSTORM OR SANDSTORM:
VSBY 1/2 MILE OR LESS
8 = SMOKE OR HAZE
[NO. OF DAYS WITH] [WEATHER - DAYS WITH] 9 = BLOWING SNOW
X = TORNADO
MAX 32 OR BELOW: 0 0.01 INCH OR MORE: 5
MAX 90 OR ABOVE: 0 0.10 INCH OR MORE: 4
MIN 32 OR BELOW: 3 0.50 INCH OR MORE: 2
MIN 0 OR BELOW: 0 1.00 INCH OR MORE: 0
[HDD (BASE 65) ]
TOTAL THIS MO. 433 CLEAR (SCALE 0-3) 20
DPTR FM NORMAL 40 PTCLDY (SCALE 4-7) 8
TOTAL FM JUL 1 503 CLOUDY (SCALE 8-10) 2
DPTR FM NORMAL -51
[CDD (BASE 65) ]
TOTAL THIS MO. 2
DPTR FM NORMAL -5 [PRESSURE DATA]
TOTAL FM JAN 1 2074 HIGHEST SLP 30.55 ON 19
DPTR FM NORMAL 36 LOWEST SLP 29.81 ON 11
[REMARKS]
#FINAL-11-21#