000
CXUS54 KLZK 011130
CF6SGT
PRELIMINARY LOCAL CLIMATOLOGICAL DATA (WS FORM: F-6)
STATION: STUTTGART AIRPORT
MONTH: OCTOBER
YEAR: 2021
LATITUDE: 34 35 N
LONGITUDE: 91 34 W
TEMPERATURE IN F: :PCPN: SNOW: WIND :SUNSHINE: SKY :PK WND
================================================================================
1 2 3 4 5 6A 6B 7 8 9 10 11 12 13 14 15 16 17 18
12Z AVG MX 2MIN
DY MAX MIN AVG DEP HDD CDD WTR SNW DPTH SPD SPD DIR MIN PSBL S-S WX SPD DR
================================================================================
1 83 71 77 9 0 12 0.10 M M 6.3 15 140 M M 9 1 M M
2 81 67 74 7 0 9 0.56 M M 9.1 17 190 M M 7 1 39 300
3 83 67 75 8 0 10 0.03 M M 5.7 10 350 M M 5 M M
4 81 62 72 5 0 7 0.00 M M 4.6 9 310 M M 2 M M
5 82 62 72 6 0 7 0.05 M M 8.8 16 10 M M 3 21 10
6 79 62 71 5 0 6 T M M 3.5 9 260 M M 5 3 M M
7 84 61 73 7 0 8 0.00 M M 5.7 10 240 M M 1 1 17 220
8 88 63 76 11 0 11 0.00 M M 7.5 13 210 M M 0 21 210
9 87 66 77 12 0 12 0.00 M M 10.5 17 210 M M 0 22 210
10 88 68 78 13 0 13 0.00 M M 12.4 20 180 M M 0 26 190
11 82 61 72 8 0 7 T M M 15.1 26 170 M M 4 32 170
12 84 57 71 7 0 6 T M M 5.8 10 80 M M 2 M M
13 86 71 79 15 0 14 0.00 M M 10.9 20 200 M M 2 24 200
14 83 70 77 14 0 12 0.14 M M 9.4 17 200 M M 4 20 160
15 86 53 70 7 0 5 0.70 M M 11.3 33 300 M M 8 13 40 300
16 69 48 59 -4 6 0 0.00 M M 7.9 16 360 M M 0 20 360
17 71 45 58 -4 7 0 0.00 M M 3.0 7 340 M M 0 8 M M
18 72 45 59 -3 6 0 0.00 M M 2.9 9 160 M M 0 18 M M
19 75 48 62 0 3 0 0.00 M M 6.8 14 140 M M 0 8 M M
20 80 52 66 5 0 1 0.00 M M 7.0 12 180 M M 1 16 200
21 79 54 67 6 0 2 0.00 M M 8.1 14 300 M M 3 M M
22 74 48 61 0 4 0 0.00 M M 4.7 8 350 M M 0 M M
23 84 54 69 8 0 4 0.00 M M 9.7 17 170 M M 3 24 190
24 85 67 76 16 0 11 0.00 M M 14.4 21 190 M M 4 30 190
25 74 56 65 5 0 0 0.35 M M 10.5 17 300 M M 2 M M
26 68 48 58 -2 7 0 0.00 M M 7.2 12 70 M M 0 16 90
27 70 57 64 5 1 0 0.68 M M 12.8 25 100 M M 5 1 36 100
28 62 50 56 -3 9 0 0.10 M M 15.4 22 300 M M 10 1 31 270
29 58 49 54 -5 11 0 T M M 16.5 23 310 M M 10 31 310
30 66 48 57 -1 8 0 0.00 M M 8.3 14 310 M M 4 M M
31 71 45 58 0 7 0 0.00 M M 5.0 15 30 M M 0 M M
================================================================================
SM 2415 1775 69 157 2.71 M 266.8 M 94
================================================================================
AV 77.9 57.3 8.6 FASTST M M 3 MAX(MPH)
MISC ----> 33 300 40 300
================================================================================
NOTES:
# LAST OF SEVERAL OCCURRENCES
COLUMN 17 PEAK WIND IN M.P.H.
PRELIMINARY LOCAL CLIMATOLOGICAL DATA (WS FORM: F-6) , PAGE 2
STATION: STUTTGART AIRPORT
MONTH: OCTOBER
YEAR: 2021
LATITUDE: 34 35 N
LONGITUDE: 91 34 W
[TEMPERATURE DATA] [PRECIPITATION DATA] SYMBOLS USED IN COLUMN 16
AVERAGE MONTHLY: 67.6 TOTAL FOR MONTH: 2.71 1 = FOG OR MIST
DPTR FM NORMAL: 4.8 DPTR FM NORMAL: -1.95 2 = FOG REDUCING VISIBILITY
HIGHEST: 88 ON 10, 8 GRTST 24HR 1.61 ON 30- 1 TO 1/4 MILE OR LESS
LOWEST: 45 ON 17,18 3 = THUNDER
SNOW, ICE PELLETS, HAIL 4 = ICE PELLETS
TOTAL MONTH: M 5 = HAIL
GRTST 24HR M ON M 6 = FREEZING RAIN OR DRIZZLE
GRTST DEPTH: M ON M 7 = DUSTSTORM OR SANDSTORM:
VSBY 1/2 MILE OR LESS
8 = SMOKE OR HAZE
[NO. OF DAYS WITH] [WEATHER - DAYS WITH] 9 = BLOWING SNOW
X = TORNADO
MAX 32 OR BELOW: 0 0.01 INCH OR MORE: 9
MAX 90 OR ABOVE: 0 0.10 INCH OR MORE: 6
MIN 32 OR BELOW: 0 0.50 INCH OR MORE: 3
MIN 0 OR BELOW: 0 1.00 INCH OR MORE: 0
[HDD (BASE 65) ]
TOTAL THIS MO. 69 CLEAR (SCALE 0-3) 18
DPTR FM NORMAL -76 PTCLDY (SCALE 4-7) 10
TOTAL FM JUL 1 70 CLOUDY (SCALE 8-10) 3
DPTR FM NORMAL -91
[CDD (BASE 65) ]
TOTAL THIS MO. 157
DPTR FM NORMAL 83 [PRESSURE DATA]
TOTAL FM JAN 1 2072 HIGHEST SLP 30.34 ON 17
DPTR FM NORMAL 41 LOWEST SLP 29.40 ON 28
[REMARKS]
#FINAL-10-21#