000
CXUS54 KLZK 011130
CF6SGT
PRELIMINARY LOCAL CLIMATOLOGICAL DATA (WS FORM: F-6)
STATION: STUTTGART AIRPORT
MONTH: MAY
YEAR: 2021
LATITUDE: 34 35 N
LONGITUDE: 91 34 W
TEMPERATURE IN F: :PCPN: SNOW: WIND :SUNSHINE: SKY :PK WND
================================================================================
1 2 3 4 5 6A 6B 7 8 9 10 11 12 13 14 15 16 17 18
12Z AVG MX 2MIN
DY MAX MIN AVG DEP HDD CDD WTR SNW DPTH SPD SPD DIR MIN PSBL S-S WX SPD DR
================================================================================
1 82 56 69 3 0 4 0.00 M M 6.1 13 180 M M 2 17 160
2 72 65 69 2 0 4 0.00 M M 9.6 18 170 M M 8 1 M M
3 87 67 77 10 0 12 0.00 M M 11.2 18 200 M M 6 1 23 190
4 78 58 68 1 0 3 0.00 0.0 0 11.0 23 320 M M 7 3 31 310
5 71 52 62 -6 3 0 0.00 0.0 0 9.8 16 350 M M 2 25 30
6 80 54 67 -1 0 2 0.00 0.0 0 8.6 22 310 M M 1 37 340
7 73 50 62 -6 3 0 0.00 0.0 0 5.4 12 40 M M 2 M M
8 86 59 73 4 0 8 0.00 0.0 0 13.6 23 180 M M 1 32 190
9 83 58 71 2 0 6 0.00 M M 20.7 30 200 M M 7 3 40 190
10 62 52 57 -12 8 0 0.00 M M 12.6 22 20 M M 10 25 20
11 66 56 61 -8 4 0 0.04 M M 13.2 20 100 M M 10 13 23 50
12 69 55 62 -8 3 0 0.02 M M 14.3 20 40 M M 7 8 24 50
13 70 51 61 -9 4 0 0.00 M M 9.0 13 20 M M 3 18 20
14 74 49 62 -8 3 0 0.00 M M 5.8 12 60 M M 0 M M
15 82 54 68 -3 0 3 0.00 M M 7.7 14 180 M M 1 18 180
16 85 62 74 3 0 9 0.00 M M 10.1 17 180 M M 2 23 140
17 81 64 73 2 0 8 T M M 12.5 18 160 M M 9 1 25 200
18 78 67 73 2 0 8 0.00 M M 12.9 20 110 M M 9 1 23 110
19 79 67 73 1 0 8 T 0.0 0 15.8 28 140 M M 9 35 140
20 87 70 79 7 0 14 0.00 M M 13.3 22 140 M M 8 1 36 140
21 85 67 76 4 0 11 0.00 M M 11.2 18 140 M M 5 28 130
22 88 65 77 4 0 12 0.00 M M 6.6 10 110 M M 1 M M
23 88 67 78 5 0 13 0.00 M M 5.8 9 110 M M 1 M M
24 87 65 76 3 0 11 0.00 M M 3.8 9 210 M M 1 M M
25 89 71 80 7 0 15 0.00 M M 9.9 18 170 M M 4 30 190
26 86 68 77 3 0 12 0.00 M M 9.9 17 230 M M 5 M M
27 91 71 81 7 0 16 0.00 0.0 0 10.5 20 220 M M 3 25 220
28 82 62 72 -2 0 7 0.01 0.0 0 12.5 27 310 M M 4 13 31 300
29 64 56 60 -15 5 0 0.00 0.0 0 13.3 18 30 M M 9 22 30
30 72 56 64 -11 1 0 0.00 0.0 0 8.4 14 40 M M 5 M M
31 81 56 69 -6 0 4 0.00 M M 6.3 9 120 M M 0 8 M M
================================================================================
SM 2458 1870 34 190 0.07 0.0 321.4 M 142
================================================================================
AV 79.3 60.3 10.4 FASTST M M 5 MAX(MPH)
MISC ----> 30 200 40 190
================================================================================
NOTES:
# LAST OF SEVERAL OCCURRENCES
COLUMN 17 PEAK WIND IN M.P.H.
PRELIMINARY LOCAL CLIMATOLOGICAL DATA (WS FORM: F-6) , PAGE 2
STATION: STUTTGART AIRPORT
MONTH: MAY
YEAR: 2021
LATITUDE: 34 35 N
LONGITUDE: 91 34 W
[TEMPERATURE DATA] [PRECIPITATION DATA] SYMBOLS USED IN COLUMN 16
AVERAGE MONTHLY: 69.8 TOTAL FOR MONTH: 0.07 1 = FOG OR MIST
DPTR FM NORMAL: -1.0 DPTR FM NORMAL: -4.64 2 = FOG REDUCING VISIBILITY
HIGHEST: 91 ON 27 GRTST 24HR 0.07 ON 11-12 TO 1/4 MILE OR LESS
LOWEST: 49 ON 14 3 = THUNDER
SNOW, ICE PELLETS, HAIL 4 = ICE PELLETS
TOTAL MONTH: 0.0 INCH 5 = HAIL
GRTST 24HR 0.0 6 = FREEZING RAIN OR DRIZZLE
GRTST DEPTH: 0 7 = DUSTSTORM OR SANDSTORM:
VSBY 1/2 MILE OR LESS
8 = SMOKE OR HAZE
[NO. OF DAYS WITH] [WEATHER - DAYS WITH] 9 = BLOWING SNOW
X = TORNADO
MAX 32 OR BELOW: 0 0.01 INCH OR MORE: 3
MAX 90 OR ABOVE: 1 0.10 INCH OR MORE: 0
MIN 32 OR BELOW: 0 0.50 INCH OR MORE: 0
MIN 0 OR BELOW: 0 1.00 INCH OR MORE: 0
[HDD (BASE 65) ]
TOTAL THIS MO. 34 CLEAR (SCALE 0-3) 14
DPTR FM NORMAL 10 PTCLDY (SCALE 4-7) 10
TOTAL FM JUL 1 3033 CLOUDY (SCALE 8-10) 7
DPTR FM NORMAL -154
[CDD (BASE 65) ]
TOTAL THIS MO. 190
DPTR FM NORMAL -14 [PRESSURE DATA]
TOTAL FM JAN 1 248 HIGHEST SLP 30.37 ON 13
DPTR FM NORMAL -19 LOWEST SLP 29.57 ON 2
[REMARKS]
#FINAL-05-21#