000
CXUS54 KLZK 011130
CF6SGT
PRELIMINARY LOCAL CLIMATOLOGICAL DATA (WS FORM: F-6)
STATION: STUTTGART AIRPORT
MONTH: MARCH
YEAR: 2021
LATITUDE: 34 35 N
LONGITUDE: 91 34 W
TEMPERATURE IN F: :PCPN: SNOW: WIND :SUNSHINE: SKY :PK WND
================================================================================
1 2 3 4 5 6A 6B 7 8 9 10 11 12 13 14 15 16 17 18
12Z AVG MX 2MIN
DY MAX MIN AVG DEP HDD CDD WTR SNW DPTH SPD SPD DIR MIN PSBL S-S WX SPD DR
================================================================================
1 54 42 48 0 17 0 0.14 M M 12.9 26 360 M M 5 32 360
2 49 36 43 -5 22 0 T M M 5.9 10 80 M M 3 M M
3 63 34 49 0 16 0 0.00 M M 6.8 13 270 M M 0 M M
4 70 39 55 6 10 0 T M M 5.0 8 80 M M 0 8 M M
5 53 42 48 -1 17 0 T M M 12.4 21 40 M M 5 8 31 30
6 57 35 46 -4 19 0 0.00 M M 9.3 14 20 M M 1 M M
7 63 36 50 0 15 0 0.00 M M 5.3 10 180 M M 0 8 M M
8 68 38 53 3 12 0 0.00 M M 7.7 14 190 M M 0 M M
9 71 46 59 8 6 0 0.00 M M 11.8 20 150 M M 2 25 160
10 74 56 65 14 0 0 0.00 M M 16.1 26 180 M M 8 30 180
11 73 62 68 17 0 3 0.00 M M 14.5 20 170 M M 8 M M
12 77 57 67 16 0 2 0.01 M M 8.0 14 30 M M 6 M M
13 71 54 63 11 2 0 0.00 M M 10.4 14 50 M M 8 12 M M
14 75 56 66 14 0 1 0.04 M M 10.2 24 260 M M 7 1 30 260
15 77 51 64 12 1 0 0.10 0.0 M 8.5 17 230 M M 3 1 23 230
16 80 51 66 13 0 1 0.00 M M 5.8 12 120 M M 0 M M
17 73 58 66 13 0 1 0.18 0.0 0 11.2 24 250 M M 6 13 30 250
18 57 45 51 -2 14 0 0.00 0.0 0 20.0 27 310 M M 9 37 300
19 54 44 49 -4 16 0 T 0.0 0 13.9 21 10 M M 7 28 10
20 62 42 52 -2 13 0 0.00 0.0 0 6.8 10 30 M M 5 M M
21 69 42 56 2 9 0 0.00 0.0 0 7.7 15 140 M M 0 8 M M
22 71 46 59 5 6 0 0.00 M M 10.7 20 170 M M 2 27 170
23 75 55 65 10 0 0 0.14 M M 14.2 24 170 M M 6 13 32 150
24 75 49 62 7 3 0 0.02 M M 7.0 10 100 M M 1 8 M M
25 67 53 60 5 5 0 0.09 M M 11.8 33 290 M M 7 138 39 10
26 73 47 60 4 5 0 0.03 M M 5.7 10 160 M M 0 18 M M
27 82 56 69 13 0 4 0.10 M M 9.3 36 190 M M 8 13 44 200
28 66 48 57 1 8 0 0.87 M M 14.0 22 350 M M 2 32 340
29 68 46 57 1 8 0 0.02 M M 8.0 15 180 M M 0 20 170
30 65 50 58 1 7 0 0.01 M M 7.6 13 160 M M 7 1 M M
31 60 43 52 -5 13 0 0.00 M M 16.6 28 30 M M 5 13 38 30
================================================================================
SM 2092 1459 244 12 1.75 0.0 314.9 M 121
================================================================================
AV 67.5 47.1 10.2 FASTST M M 4 MAX(MPH)
MISC ----> 36 190 44 200
================================================================================
NOTES:
# LAST OF SEVERAL OCCURRENCES
COLUMN 17 PEAK WIND IN M.P.H.
PRELIMINARY LOCAL CLIMATOLOGICAL DATA (WS FORM: F-6) , PAGE 2
STATION: STUTTGART AIRPORT
MONTH: MARCH
YEAR: 2021
LATITUDE: 34 35 N
LONGITUDE: 91 34 W
[TEMPERATURE DATA] [PRECIPITATION DATA] SYMBOLS USED IN COLUMN 16
AVERAGE MONTHLY: 57.3 TOTAL FOR MONTH: 1.75 1 = FOG OR MIST
DPTR FM NORMAL: 4.7 DPTR FM NORMAL: -3.25 2 = FOG REDUCING VISIBILITY
HIGHEST: 82 ON 27 GRTST 24HR 2.07 ON 28- 1 TO 1/4 MILE OR LESS
LOWEST: 34 ON 3 3 = THUNDER
SNOW, ICE PELLETS, HAIL 4 = ICE PELLETS
TOTAL MONTH: 0.0 INCH 5 = HAIL
GRTST 24HR 0.0 6 = FREEZING RAIN OR DRIZZLE
GRTST DEPTH: 0 7 = DUSTSTORM OR SANDSTORM:
VSBY 1/2 MILE OR LESS
8 = SMOKE OR HAZE
[NO. OF DAYS WITH] [WEATHER - DAYS WITH] 9 = BLOWING SNOW
X = TORNADO
MAX 32 OR BELOW: 0 0.01 INCH OR MORE: 13
MAX 90 OR ABOVE: 0 0.10 INCH OR MORE: 6
MIN 32 OR BELOW: 0 0.50 INCH OR MORE: 1
MIN 0 OR BELOW: 0 1.00 INCH OR MORE: 0
[HDD (BASE 65) ]
TOTAL THIS MO. 244 CLEAR (SCALE 0-3) 14
DPTR FM NORMAL -153 PTCLDY (SCALE 4-7) 15
TOTAL FM JUL 1 2839 CLOUDY (SCALE 8-10) 2
DPTR FM NORMAL -167
[CDD (BASE 65) ]
TOTAL THIS MO. 12
DPTR FM NORMAL 5 [PRESSURE DATA]
TOTAL FM JAN 1 12 HIGHEST SLP 30.53 ON 8
DPTR FM NORMAL 5 LOWEST SLP 29.53 ON 17
[REMARKS]
#FINAL-03-21#