000
CXUS54 KLZK 011230
CF6SGT
PRELIMINARY LOCAL CLIMATOLOGICAL DATA (WS FORM: F-6)
STATION: STUTTGART AIRPORT
MONTH: OCTOBER
YEAR: 2023
LATITUDE: 34 35 N
LONGITUDE: 91 34 W
TEMPERATURE IN F: :PCPN: SNOW: WIND :SUNSHINE: SKY :PK WND
================================================================================
1 2 3 4 5 6A 6B 7 8 9 10 11 12 13 14 15 16 17 18
12Z AVG MX 2MIN
DY MAX MIN AVG DEP HDD CDD WTR SNW DPTH SPD SPD DIR MIN PSBL S-S WX SPD DR
================================================================================
1 93 65 79 11 0 14 0.00 M M 4.7 10 50 M M 1 M M
2 91 64 78 11 0 13 0.00 M M 3.7 10 120 M M 6 8 M M
3 90 63 77 10 0 12 0.00 M M 7.8 15 160 M M 0 22 160
4 74 65 70 3 0 5 0.06 M M 7.5 13 180 M M 7 M M
5 71 61 66 0 0 1 0.13 M M 5.5 13 100 M M 7 1 M M
6 81 58 70 4 0 5 0.00 M M 9.1 17 10 M M 2 12 24 20
7 68 45 57 -9 8 0 0.00 M M 8.8 16 360 M M 0 20 10
8 73 45 59 -6 6 0 0.00 M M 5.4 8 210 M M 0 20 99
9 84 50 67 2 0 2 0.00 M M 8.7 14 250 M M 0 18 240
10 84 53 69 4 0 4 0.00 M M 5.7 9 220 M M 0 M M
11 76 58 67 3 0 2 0.00 M M 7.9 15 180 M M 0 M M
12 71 54 63 -1 2 0 0.00 M M 5.8 13 150 M M 8 M M
13 73 57 65 1 0 0 T M M 10.1 22 180 M M 9 26 180
14 68 51 60 -3 5 0 0.00 M M 13.0 17 320 M M 3 24 290
15 65 52 59 -4 6 0 T M M 12.9 23 360 M M 9 32 350
16 67 45 56 -7 9 0 0.00 M M 10.3 15 330 M M 1 22 330
17 71 43 57 -5 8 0 0.00 M M 4.3 9 270 M M 0 8 18 240
18 77 44 61 -1 4 0 0.00 M M 7.7 15 220 M M 0 20 180
19 82 55 69 7 0 4 0.03 M M 9.9 17 260 M M 0 22 240
20 83 52 68 7 0 3 0.00 M M 8.7 16 350 M M 0 8 20 330
21 87 49 68 7 0 3 0.00 M M 7.8 20 230 M M 0 23 230
22 78 55 67 6 0 2 0.00 M M 7.4 14 90 M M 0 8 M M
23 84 58 71 10 0 6 0.00 M M 5.8 8 180 M M 0 8 M M
24 87 66 77 17 0 12 0.00 M M 10.4 17 140 M M 0 8 25 160
25 85 61 73 13 0 8 0.00 M M 10.3 20 180 M M 1 22 160
26 85 67 76 16 0 11 T M M 13.1 18 190 M M 7 M M
27 81 68 75 16 0 10 0.04 M M 7.9 16 180 M M 8 1 M M
28 71 58 65 6 0 0 1.62 M M 6.9 12 20 M M 10 13 M M
29 59 47 53 -6 12 0 0.89 M M 12.8 20 340 M M 9 1 25 340
30 51 38 45 -13 20 0 0.08 M M 15.5 23 360 M M 4 30 350
31 55 32 44 -14 21 0 0.00 M M 10.0 18 360 M M 0 23 10
================================================================================
SM 2365 1679 101 117 2.85 M 265.3 M 92
================================================================================
AV 76.3 54.2 8.6 FASTST M M 3 MAX(MPH)
MISC ----> # 23 360 32 350
================================================================================
NOTES:
# LAST OF SEVERAL OCCURRENCES
COLUMN 17 PEAK WIND IN M.P.H.
PRELIMINARY LOCAL CLIMATOLOGICAL DATA (WS FORM: F-6) , PAGE 2
STATION: STUTTGART AIRPORT
MONTH: OCTOBER
YEAR: 2023
LATITUDE: 34 35 N
LONGITUDE: 91 34 W
[TEMPERATURE DATA] [PRECIPITATION DATA] SYMBOLS USED IN COLUMN 16
AVERAGE MONTHLY: 65.2 TOTAL FOR MONTH: 2.85 1 = FOG OR MIST
DPTR FM NORMAL: 2.5 DPTR FM NORMAL: -1.81 2 = FOG REDUCING VISIBILITY
HIGHEST: 93 ON 1 GRTST 24HR 1.62 ON 28-28 TO 1/4 MILE OR LESS
LOWEST: 32 ON 31 3 = THUNDER
SNOW, ICE PELLETS, HAIL 4 = ICE PELLETS
TOTAL MONTH: M 5 = HAIL
GRTST 24HR M ON M 6 = FREEZING RAIN OR DRIZZLE
GRTST DEPTH: M ON M 7 = DUSTSTORM OR SANDSTORM:
VSBY 1/2 MILE OR LESS
8 = SMOKE OR HAZE
[NO. OF DAYS WITH] [WEATHER - DAYS WITH] 9 = BLOWING SNOW
X = TORNADO
MAX 32 OR BELOW: 0 0.01 INCH OR MORE: 7
MAX 90 OR ABOVE: 3 0.10 INCH OR MORE: 3
MIN 32 OR BELOW: 1 0.50 INCH OR MORE: 2
MIN 0 OR BELOW: 0 1.00 INCH OR MORE: 1
[HDD (BASE 65) ]
TOTAL THIS MO. 101 CLEAR (SCALE 0-3) 19
DPTR FM NORMAL -44 PTCLDY (SCALE 4-7) 7
TOTAL FM JUL 1 101 CLOUDY (SCALE 8-10) 5
DPTR FM NORMAL -60
[CDD (BASE 65) ]
TOTAL THIS MO. 117
DPTR FM NORMAL 43 [PRESSURE DATA]
TOTAL FM JAN 1 2335 HIGHEST SLP 30.35 ON 30
DPTR FM NORMAL 304 LOWEST SLP 29.74 ON 12
[REMARKS]
#FINAL-10-23#