000
CXUS54 KLZK 011230
CF6SGT
PRELIMINARY LOCAL CLIMATOLOGICAL DATA (WS FORM: F-6)
STATION: STUTTGART AIRPORT
MONTH: SEPTEMBER
YEAR: 2023
LATITUDE: 34 35 N
LONGITUDE: 91 34 W
TEMPERATURE IN F: :PCPN: SNOW: WIND :SUNSHINE: SKY :PK WND
================================================================================
1 2 3 4 5 6A 6B 7 8 9 10 11 12 13 14 15 16 17 18
12Z AVG MX 2MIN
DY MAX MIN AVG DEP HDD CDD WTR SNW DPTH SPD SPD DIR MIN PSBL S-S WX SPD DR
================================================================================
1 83 61 72 -7 0 7 T M M 6.2 8 70 M M 0 M M
2 90 68 79 1 0 14 T M M 6.9 13 90 M M 3 M M
3 92 72 82 4 0 17 T M M 6.2 16 120 M M 3 M M
4 98 72 85 7 0 20 0.39 M M 9.0 22 200 M M 2 13 33 220
5 93 71 82 5 0 17 0.00 M M 8.0 13 180 M M 4 M M
6 98 72 85 8 0 20 0.00 M M 6.5 14 280 M M 1 3 M M
7 89 66 78 1 0 13 0.00 M M 5.6 10 20 M M 0 M M
8 86 64 75 -2 0 10 T M M 7.3 17 40 M M 1 M M
9 85 62 74 -2 0 9 0.00 M M 9.9 18 40 M M 1 18 20
10 86 59 73 -3 0 8 0.00 M M 8.6 15 20 M M 1 21 20
11 87 62 75 -1 0 10 0.00 M M 5.1 8 320 M M 0 M M
12 78 67 73 -2 0 8 0.06 M M 8.2 15 40 M M 8 M M
13 83 65 74 -1 0 9 0.06 M M 9.8 15 60 M M 5 8 18 20
14 81 60 71 -3 0 6 0.00 M M 8.0 16 50 M M 5 M M
15 84 55 70 -4 0 5 0.00 M M 6.6 9 30 M M 0 M M
16 87 57 72 -2 0 7 0.00 M M 6.4 9 330 M M 0 21 330
17 88 59 74 1 0 9 0.00 M M 6.5 12 340 M M 0 18 320
18 86 54 70 -3 0 5 0.00 M M 4.5 8 20 M M 0 M M
19 89 59 74 1 0 9 0.00 M M 7.0 9 170 M M 0 8 M M
20 87 64 76 4 0 11 T M M 6.8 13 260 M M 4 3 20 220
21 92 65 79 7 0 14 0.00 M M 7.3 14 170 M M 2 8 20 160
22 87 66 77 6 0 12 T M M 6.3 12 30 M M 6 M M
23 94 64 79 8 0 14 0.00 M M 5.1 9 150 M M 1 18 M M
24 83 68 76 5 0 11 0.45 M M 7.1 12 50 M M 5 1 M M
25 90 67 79 9 0 14 0.00 M M 5.6 13 40 M M 1 1 M M
26 92 65 79 9 0 14 0.00 M M 4.3 8 20 M M 0 M M
27 93 64 79 10 0 14 0.00 M M 4.1 9 240 M M 0 8 M M
28 93 65 79 10 0 14 0.00 M M 5.8 12 180 M M 0 M M
29 93 63 78 9 0 13 0.00 M M 5.1 13 90 M M 0 M M
30 95 63 79 11 0 14 0.00 M M 3.4 9 130 M M 0 M M
================================================================================
SM 2662 1919 0 348 0.96 M 197.0 M 53
================================================================================
AV 88.7 64.0 6.6 FASTST M M 2 MAX(MPH)
MISC ----> 22 200 33 220
================================================================================
NOTES:
# LAST OF SEVERAL OCCURRENCES
COLUMN 17 PEAK WIND IN M.P.H.
PRELIMINARY LOCAL CLIMATOLOGICAL DATA (WS FORM: F-6) , PAGE 2
STATION: STUTTGART AIRPORT
MONTH: SEPTEMBER
YEAR: 2023
LATITUDE: 34 35 N
LONGITUDE: 91 34 W
[TEMPERATURE DATA] [PRECIPITATION DATA] SYMBOLS USED IN COLUMN 16
AVERAGE MONTHLY: 76.4 TOTAL FOR MONTH: 0.96 1 = FOG OR MIST
DPTR FM NORMAL: 2.6 DPTR FM NORMAL: -1.93 2 = FOG REDUCING VISIBILITY
HIGHEST: 98 ON 6, 4 GRTST 24HR 0.45 ON 24-24 TO 1/4 MILE OR LESS
LOWEST: 54 ON 18 3 = THUNDER
SNOW, ICE PELLETS, HAIL 4 = ICE PELLETS
TOTAL MONTH: M 5 = HAIL
GRTST 24HR M ON M 6 = FREEZING RAIN OR DRIZZLE
GRTST DEPTH: M ON M 7 = DUSTSTORM OR SANDSTORM:
VSBY 1/2 MILE OR LESS
8 = SMOKE OR HAZE
[NO. OF DAYS WITH] [WEATHER - DAYS WITH] 9 = BLOWING SNOW
X = TORNADO
MAX 32 OR BELOW: 0 0.01 INCH OR MORE: 4
MAX 90 OR ABOVE: 13 0.10 INCH OR MORE: 2
MIN 32 OR BELOW: 0 0.50 INCH OR MORE: 0
MIN 0 OR BELOW: 0 1.00 INCH OR MORE: 0
[HDD (BASE 65) ]
TOTAL THIS MO. 0 CLEAR (SCALE 0-3) 22
DPTR FM NORMAL -16 PTCLDY (SCALE 4-7) 8
TOTAL FM JUL 1 0 CLOUDY (SCALE 8-10) 0
DPTR FM NORMAL -16
[CDD (BASE 65) ]
TOTAL THIS MO. 348
DPTR FM NORMAL 70 [PRESSURE DATA]
TOTAL FM JAN 1 2218 HIGHEST SLP 30.14 ON 10
DPTR FM NORMAL 261 LOWEST SLP 29.84 ON 6
[REMARKS]
#FINAL-09-23#