000
CXUS55 KBYZ 011034
CLMSHR
CLIMATE REPORT
NATIONAL WEATHER SERVICE BILLINGS MT
434 AM MDT SUN OCT 01 2023
...................................
...THE SHERIDAN WY CLIMATE SUMMARY FOR THE MONTH OF SEPTEMBER 2023...
CLIMATE NORMAL PERIOD 1991 TO 2020
CLIMATE RECORD PERIOD 1907 TO 2023
WEATHER OBSERVED NORMAL DEPART
VALUE DATE(S) VALUE FROM
NORMAL
................................................
TEMPERATURE (F)
HIGHEST 96 09/02
LOWEST 38 09/29
AVG. MAXIMUM 77.9 75.6 2.3
AVG. MINIMUM 46.9 42.5 4.4
MEAN 62.4 59.1 3.3
DAYS MAX >= 90 3
DAYS MAX <= 32 0
DAYS MIN <= 32 0
DAYS MIN <= 0 0
PRECIPITATION (INCHES)
TOTALS 2.78 1.47 1.31
DAYS >= .01 6
DAYS >= .10 4
DAYS >= .50 2
DAYS >= 1.00 2
GREATEST
24 HR. TOTAL 1.47 09/04 TO 09/05
DEGREE DAYS
HEATING TOTAL 104 212 -108
SINCE 7/1 139 271 -132
COOLING TOTAL 35 34 1
SINCE 1/1 385 440 -55
................................................
WIND (MPH)
AVERAGE WIND SPEED 4.8
HIGHEST WIND SPEED/DIRECTION 33/310 DATE 09/28
HIGHEST GUST SPEED/DIRECTION 53/300 DATE 09/27
AVERAGE RH (PERCENT) 59
WEATHER CONDITIONS. NUMBER OF DAYS WITH
THUNDERSTORM 7 MIXED PRECIP 0
HEAVY RAIN 3 RAIN 10
LIGHT RAIN 9 FREEZING RAIN 0
LT FREEZING RAIN 0 HAIL 0
HEAVY SNOW 0 SNOW 0
LIGHT SNOW 0 SLEET 0
FOG 6 FOG W/VIS <= 1/4 MILE 0
HAZE 2
- INDICATES NEGATIVE NUMBERS.
R INDICATES RECORD WAS SET OR TIED.
MM INDICATES DATA IS MISSING.
T INDICATES TRACE AMOUNT.
$$