000
CXUS54 KSHV 020504
CF6SHV
PRELIMINARY LOCAL CLIMATOLOGICAL DATA (WS FORM: F-6)
STATION: SHREVEPORT
MONTH: SEPTEMBER
YEAR: 2023
LATITUDE: 32 28 N
LONGITUDE: 93 49 W
TEMPERATURE IN F: :PCPN: SNOW: WIND :SUNSHINE: SKY :PK WND
================================================================================
1 2 3 4 5 6A 6B 7 8 9 10 11 12 13 14 15 16 17 18
12Z AVG MX 2MIN
DY MAX MIN AVG DEP HDD CDD WTR SNW DPTH SPD SPD DIR MIN PSBL S-S WX SPD DR
================================================================================
1 98 67 83 1 0 18 0.00 0.0 0 6.8 17 40 M M 1 24 30
2 101 72 87 5 0 22 0.00 0.0 0 5.7 13 130 M M 3 17 120
3 100 74 87 5 0 22 T 0.0 0 4.4 21 230 M M 3 3 30 230
4 95 76 86 4 0 21 0.03 0.0 0 8.1 20 220 M M 4 3 27 210
5 102 76 89 8 0 24 0.02 0.0 0 8.4 16 150 M M 3 3 22 230
6 103 79 91 10 0 26 T 0.0 0 6.2 21 340 M M 4 3 35 330
7 108 75 92 11 0 27 0.00 0.0 0 5.0 16 110 M M 3 23 110
8 97 73 85 4 0 20 T 0.0 0 8.6 33 30 M M 4 3 47 30
9 95 71 83 3 0 18 0.01 0.0 0 6.8 15 20 M M 5 23 10
10 92 68 80 0 0 15 0.00 0.0 0 7.5 16 30 M M 3 22 360
11 94 63 79 -1 0 14 0.00 0.0 0 3.4 13 70 M M 5 19 60
12 94 74 84 4 0 19 0.86 0.0 0 5.1 30 320 M M 8 13 35 320
13 76 72 74 -5 0 9 0.11 0.0 0 6.1 13 60 M M 10 13 15 50
14 78 69 74 -5 0 9 0.01 0.0 0 5.7 13 50 M M 8 17 50
15 90 69 80 1 0 15 0.00 0.0 0 4.6 15 60 M M 6 19 50
16 91 68 80 2 0 15 0.00 0.0 0 2.9 12 30 M M 7 17 30
17 94 67 81 3 0 16 0.00 0.0 0 4.9 15 360 M M 1 21 30
18 95 62 79 1 0 14 0.00 0.0 0 3.5 10 140 M M 1 15 350
19 95 67 81 3 0 16 0.00 0.0 0 5.3 15 170 M M 4 23 190
20 92 71 82 5 0 17 T 0.0 0 5.7 22 20 M M 7 3 29 30
21 96 67 82 5 0 17 0.00 0.0 0 5.2 15 140 M M 5 20 120
22 91 70 81 5 0 16 T 0.0 0 5.6 17 40 M M 5 22 40
23 101 71 86 10 0 21 0.00 0.0 0 4.3 13 140 M M 4 17 240
24 91 69 80 4 0 15 2.44 0.0 0 9.0 45 20 M M 9 3 66 330
25 92 68 80 5 0 15 0.02 0.0 0 3.6 25 10 M M 6 3 35 10
26 95 72 84 9 0 19 0.00 0.0 0 3.1 13 50 M M 1 16 10
27 97 71 84 9 0 19 0.00 0.0 0 2.2 9 360 M M 2 14 30
28 97 69 83 9 0 18 0.00 0.0 0 3.6 12 50 M M 3 16 70
29 93 69 81 7 0 16 0.00 0.0 0 3.7 13 150 M M 1 19 150
30 95 66 81 7 0 16 0.00 0.0 0 3.6 14 80 M M 1 17 100
================================================================================
SM 2838 2105 0 529 3.50 0.0 158.6 M 127
================================================================================
AV 94.6 70.2 5.3 FASTST M M 4 MAX(MPH)
MISC ----> 45 20 66 330
================================================================================
NOTES:
# LAST OF SEVERAL OCCURRENCES
COLUMN 17 PEAK WIND IN M.P.H.
PRELIMINARY LOCAL CLIMATOLOGICAL DATA (WS FORM: F-6) , PAGE 2
STATION: SHREVEPORT
MONTH: SEPTEMBER
YEAR: 2023
LATITUDE: 32 28 N
LONGITUDE: 93 49 W
[TEMPERATURE DATA] [PRECIPITATION DATA] SYMBOLS USED IN COLUMN 16
AVERAGE MONTHLY: 82.4 TOTAL FOR MONTH: 3.50 1 = FOG OR MIST
DPTR FM NORMAL: 4.1 DPTR FM NORMAL: 0.04 2 = FOG REDUCING VISIBILITY
HIGHEST: 108 ON 7 GRTST 24HR 2.44 ON 24-24 TO 1/4 MILE OR LESS
LOWEST: 62 ON 18 3 = THUNDER
SNOW, ICE PELLETS, HAIL 4 = ICE PELLETS
TOTAL MONTH: 0.0 INCH 5 = HAIL
GRTST 24HR 0.0 6 = FREEZING RAIN OR DRIZZLE
GRTST DEPTH: 0 7 = DUSTSTORM OR SANDSTORM:
VSBY 1/2 MILE OR LESS
8 = SMOKE OR HAZE
[NO. OF DAYS WITH] [WEATHER - DAYS WITH] 9 = BLOWING SNOW
X = TORNADO
MAX 32 OR BELOW: 0 0.01 INCH OR MORE: 8
MAX 90 OR ABOVE: 28 0.10 INCH OR MORE: 3
MIN 32 OR BELOW: 0 0.50 INCH OR MORE: 2
MIN 0 OR BELOW: 0 1.00 INCH OR MORE: 1
[HDD (BASE 65) ]
TOTAL THIS MO. 0 CLEAR (SCALE 0-3) 12
DPTR FM NORMAL -2 PTCLDY (SCALE 4-7) 16
TOTAL FM JUL 1 0 CLOUDY (SCALE 8-10) 2
DPTR FM NORMAL 0
[CDD (BASE 65) ]
TOTAL THIS MO. 529
DPTR FM NORMAL 128 [PRESSURE DATA]
TOTAL FM JAN 1 3058 HIGHEST SLP M ON M
DPTR FM NORMAL 561 LOWEST SLP 29.79 ON 23
[REMARKS]
#FINAL-09-23#