000
CXUS54 KSJT 011100
CF6SJT
PRELIMINARY LOCAL CLIMATOLOGICAL DATA (WS FORM: F-6)
STATION: SAN ANGELO
MONTH: DECEMBER
YEAR: 2022
LATITUDE: 31 21 N
LONGITUDE: 100 30 W
TEMPERATURE IN F: :PCPN: SNOW: WIND :SUNSHINE: SKY :PK WND
================================================================================
1 2 3 4 5 6A 6B 7 8 9 10 11 12 13 14 15 16 17 18
12Z AVG MX 2MIN
DY MAX MIN AVG DEP HDD CDD WTR SNW DPTH SPD SPD DIR MIN PSBL S-S WX SPD DR
================================================================================
1 57 36 47 -4 18 0 0.00 0.0 0 6.2 14 170 M M 10 20 130
2 78 52 65 14 0 0 0.00 0.0 0 10.6 22 210 M M 4 29 210
3 58 45 52 1 13 0 0.00 0.0 0 11.0 23 40 M M 1 8 30 30
4 66 45 56 6 9 0 0.00 0.0 0 6.0 14 210 M M 7 20 210
5 75 57 66 16 0 1 0.00 0.0 0 11.5 20 200 M M 4 24 220
6 74 58 66 16 0 1 0.04 0.0 0 5.4 12 220 M M 4 1 16 200
7 78 62 70 20 0 5 0.03 0.0 0 7.2 14 190 M M 9 1 21 190
8 78 62 70 20 0 5 0.00 0.0 0 5.4 15 210 M M 7 1 21 200
9 74 56 65 16 0 0 0.00 0.0 0 4.1 13 170 M M 8 128 18 190
10 70 54 62 13 3 0 0.82 0.0 0 6.0 18 50 M M 9 138 24 70
11 60 53 57 8 8 0 0.00 0.0 0 5.5 13 150 M M 10 12 16 160
12 73 57 65 16 0 0 0.00 0.0 0 11.1 25 180 M M 6 39 170
13 68 45 57 8 8 0 0.14 0.0 0 13.1 26 280 M M 1 1 34 280
14 58 34 46 -2 19 0 0.00 0.0 0 11.9 26 270 M M 3 34 290
15 61 30 46 -2 19 0 0.00 0.0 0 5.8 17 250 M M 0 22 240
16 49 30 40 -8 25 0 0.00 0.0 0 6.5 20 30 M M 0 27 30
17 54 29 42 -6 23 0 0.00 0.0 0 2.9 9 140 M M 2 12 150
18 57 26 42 -6 23 0 0.00 0.0 0 8.2 20 170 M M 4 30 160
19 68 44 56 8 9 0 0.00 0.0 0 7.3 13 230 M M 3 18 180
20 45 32 39 -9 26 0 0.00 0.0 0 6.3 16 20 M M 6 12 22 360
21 51 40 46 -2 19 0 0.00 0.0 0 8.6 20 200 M M 7 18 27 200
22 45 13 29 -18 36 0 T T 0 15.3 26 10 M M 4 18 33 10
23 27 12 20 -27 45 0 0.00 0.0 0 8.5 23 10 M M 0 31 10
24 40 14 27 -20 38 0 0.00 0.0 0 2.7 10 140 M M 0 14 210
25 53 18 36 -11 29 0 0.00 0.0 0 7.1 14 210 M M 0 20 200
26 62 30 46 -1 19 0 0.00 0.0 0 7.9 25 50 M M 0 35 40
27 65 25 45 -2 20 0 0.00 0.0 0 11.3 24 200 M M 0 35 200
28 75 47 61 14 4 0 0.00 0.0 0 16.3 30 190 M M 0 45 190
29 66 44 55 8 10 0 0.00 0.0 0 5.3 20 300 M M 2 26 290
30 61 37 49 2 16 0 T 0.0 0 4.8 12 170 M M 5 12 15 170
31 76 36 56 9 9 0 0.00 0.0 0 11.7 25 240 M M 0 1 34 220
================================================================================
SM 1922 1223 448 12 1.03 T 251.5 M 116
================================================================================
AV 62.0 39.5 8.1 FASTST M M 4 MAX(MPH)
MISC ----> 30 190 45 190
================================================================================
NOTES:
# LAST OF SEVERAL OCCURRENCES
COLUMN 17 PEAK WIND IN M.P.H.
PRELIMINARY LOCAL CLIMATOLOGICAL DATA (WS FORM: F-6) , PAGE 2
STATION: SAN ANGELO
MONTH: DECEMBER
YEAR: 2022
LATITUDE: 31 21 N
LONGITUDE: 100 30 W
[TEMPERATURE DATA] [PRECIPITATION DATA] SYMBOLS USED IN COLUMN 16
AVERAGE MONTHLY: 50.7 TOTAL FOR MONTH: 1.03 1 = FOG OR MIST
DPTR FM NORMAL: 2.3 DPTR FM NORMAL: 0.14 2 = FOG REDUCING VISIBILITY
HIGHEST: 78 ON 8, 7 GRTST 24HR 0.82 ON 10-10 TO 1/4 MILE OR LESS
LOWEST: 12 ON 23 3 = THUNDER
SNOW, ICE PELLETS, HAIL 4 = ICE PELLETS
TOTAL MONTH: T 5 = HAIL
GRTST 24HR T ON 22-22 6 = FREEZING RAIN OR DRIZZLE
GRTST DEPTH: 0 7 = DUSTSTORM OR SANDSTORM:
VSBY 1/2 MILE OR LESS
8 = SMOKE OR HAZE
[NO. OF DAYS WITH] [WEATHER - DAYS WITH] 9 = BLOWING SNOW
X = TORNADO
MAX 32 OR BELOW: 1 0.01 INCH OR MORE: 4
MAX 90 OR ABOVE: 0 0.10 INCH OR MORE: 2
MIN 32 OR BELOW: 11 0.50 INCH OR MORE: 1
MIN 0 OR BELOW: 0 1.00 INCH OR MORE: 0
[HDD (BASE 65) ]
TOTAL THIS MO. 448 CLEAR (SCALE 0-3) 14
DPTR FM NORMAL -67 PTCLDY (SCALE 4-7) 13
TOTAL FM JUL 1 886 CLOUDY (SCALE 8-10) 4
DPTR FM NORMAL -5
[CDD (BASE 65) ]
TOTAL THIS MO. 12
DPTR FM NORMAL 10 [PRESSURE DATA]
TOTAL FM JAN 1 3452 HIGHEST SLP 30.82 ON 23
DPTR FM NORMAL 666 LOWEST SLP 29.57 ON 13
[REMARKS]
#FINAL-12-22#