000
CXUS56 KSLC 011424
CF6SLC
PRELIMINARY LOCAL CLIMATOLOGICAL DATA (WS FORM: F-6)
STATION: SALT LAKE CITY UT
MONTH: JANUARY
YEAR: 2022
LATITUDE: 40 46 N
LONGITUDE: 111 58 W
TEMPERATURE IN F: :PCPN: SNOW: WIND :SUNSHINE: SKY :PK WND
================================================================================
1 2 3 4 5 6A 6B 7 8 9 10 11 12 13 14 15 16 17 18
12Z AVG MX 2MIN
DY MAX MIN AVG DEP HDD CDD WTR SNW DPTH SPD SPD DIR MIN PSBL S-S WX SPD DR
================================================================================
1 24 9 17 -14 48 0 0.00 0.0 4 5.7 17 340 M M 2 21 340
2 28 10 19 -12 46 0 0.00 0.0 2 5.3 13 150 M M 0 16 150
3 41 13 27 -4 38 0 0.00 0.0 2 3.7 28 180 M M 1 39 190
4 41 27 34 3 31 0 T T 2 7.7 26 180 M M 8 38 180
5 42 30 36 5 29 0 0.35 0.0 1 7.4 16 180 M M 10 1 23 170
6 51 35 43 12 22 0 0.03 0.0 0 6.2 14 190 M M 7 1 19 200
7 58 40 49 18 16 0 0.00 0.0 0 13.5 31 180 M M 3 44 180
8 44 30 37 6 28 0 0.01 0.0 0 5.1 21 290 M M 3 32 290
9 40 25 33 2 32 0 0.00 0.0 0 3.4 9 320 M M 0 10 330
10 41 24 33 2 32 0 0.00 0.0 0 4.2 12 330 M M 0 14 320
11 41 24 33 2 32 0 0.00 0.0 0 4.5 12 10 M M 0 18 14 140
12 45 26 36 5 29 0 0.00 0.0 0 5.4 12 120 M M 1 18 16 110
13 43 27 35 4 30 0 0.00 0.0 0 3.8 21 310 M M 1 18 26 310
14 41 27 34 3 31 0 0.00 0.0 0 5.7 14 310 M M 3 18 17 320
15 45 25 35 4 30 0 0.00 0.0 0 4.2 10 310 M M 0 18 14 310
16 41 22 32 1 33 0 0.00 0.0 0 3.9 8 290 M M 1 18 12 300
17 37 23 30 -1 35 0 0.00 0.0 0 3.2 8 310 M M 1 18 10 310
18 40 25 33 2 32 0 0.00 0.0 0 2.8 9 300 M M 3 18 12 300
19 36 26 31 -1 34 0 0.00 0.0 0 3.9 12 340 M M 4 18 14 340
20 39 23 31 -1 34 0 0.06 0.6 0 4.5 13 360 M M 5 18 16 150
21 40 27 34 2 31 0 T T 1 8.4 17 280 M M 7 1 22 310
22 36 22 29 -3 36 0 0.00 0.0 0 4.7 13 320 M M 0 18 17 310
23 37 21 29 -3 36 0 0.00 0.0 0 3.3 10 320 M M 0 13 320
24 43 23 33 1 32 0 0.00 0.0 0 3.2 10 290 M M 3 18 12 290
25 39 27 33 1 32 0 0.02 0.3 0 8.9 20 280 M M 5 18 23 270
26 39 22 31 -1 34 0 0.00 0.0 0 4.2 10 320 M M 1 14 340
27 35 20 28 -4 37 0 0.00 0.0 0 4.8 14 310 M M 0 18 18 290
28 39 21 30 -2 35 0 0.00 0.0 0 4.0 9 120 M M 0 11 140
29 38 19 29 -4 36 0 0.00 0.0 0 3.3 12 320 M M 0 18 15 300
30 39 18 29 -4 36 0 0.00 0.0 0 3.3 10 360 M M 0 18 11 330
31 45 21 33 0 32 0 0.00 0.0 0 7.2 23 330 M M 3 18 29 330
================================================================================
SM 1248 732 1019 0 0.47 0.9 159.4 M 72
================================================================================
AV 40.3 23.6 5.1 FASTST M M 2 MAX(MPH)
MISC ----> 31 180 44 180
================================================================================
NOTES:
# LAST OF SEVERAL OCCURRENCES
COLUMN 17 PEAK WIND IN M.P.H.
PRELIMINARY LOCAL CLIMATOLOGICAL DATA (WS FORM: F-6) , PAGE 2
STATION: SALT LAKE CITY UT
MONTH: JANUARY
YEAR: 2022
LATITUDE: 40 46 N
LONGITUDE: 111 58 W
[TEMPERATURE DATA] [PRECIPITATION DATA] SYMBOLS USED IN COLUMN 16
AVERAGE MONTHLY: 31.9 TOTAL FOR MONTH: 0.47 1 = FOG OR MIST
DPTR FM NORMAL: 0.5 DPTR FM NORMAL: -0.96 2 = FOG REDUCING VISIBILITY
HIGHEST: 58 ON 7 GRTST 24HR 0.36 ON 5- 6 TO 1/4 MILE OR LESS
LOWEST: 9 ON 1 3 = THUNDER
SNOW, ICE PELLETS, HAIL 4 = ICE PELLETS
TOTAL MONTH: 4.5 INCHES 5 = HAIL
GRTST 24HR 0.6 ON 20-20 6 = FREEZING RAIN OR DRIZZLE
GRTST DEPTH: 5 ON M 7 = DUSTSTORM OR SANDSTORM:
VSBY 1/2 MILE OR LESS
8 = SMOKE OR HAZE
[NO. OF DAYS WITH] [WEATHER - DAYS WITH] 9 = BLOWING SNOW
X = TORNADO
MAX 32 OR BELOW: 2 0.01 INCH OR MORE: 5
MAX 90 OR ABOVE: 0 0.10 INCH OR MORE: 1
MIN 32 OR BELOW: 29 0.50 INCH OR MORE: 0
MIN 0 OR BELOW: 0 1.00 INCH OR MORE: 0
[HDD (BASE 65) ]
TOTAL THIS MO. 1019 CLEAR (SCALE 0-3) 23
DPTR FM NORMAL -22 PTCLDY (SCALE 4-7) 6
TOTAL FM JUL 1 2962 CLOUDY (SCALE 8-10) 2
DPTR FM NORMAL -193
[CDD (BASE 65) ]
TOTAL THIS MO. 0
DPTR FM NORMAL 0 [PRESSURE DATA]
TOTAL FM JAN 1 0 HIGHEST SLP 30.74 ON 28
DPTR FM NORMAL 0 LOWEST SLP 29.57 ON 7
[REMARKS]
#FINAL-01-22#