000
CXUS56 KPQR 011710
CF6SLE
PRELIMINARY LOCAL CLIMATOLOGICAL DATA (WS FORM: F-6)
STATION: SALEM OR
MONTH: NOVEMBER
YEAR: 2020
LATITUDE: 44 55 N
LONGITUDE: 123 0 W
TEMPERATURE IN F: :PCPN: SNOW: WIND :SUNSHINE: SKY :PK WND
================================================================================
1 2 3 4 5 6A 6B 7 8 9 10 11 12 13 14 15 16 17 18
12Z AVG MX 2MIN
DY MAX MIN AVG DEP HDD CDD WTR SNW DPTH SPD SPD DIR MIN PSBL S-S WX SPD DR
================================================================================
1 64 32 48 -1 17 0 0.00 M M 1.0 8 140 M M 0 1 9 20
2 66 33 50 2 15 0 0.00 M M 0.7 8 100 M M 0 12 9 100
3 63 37 50 2 15 0 0.04 M M 8.5 18 190 M M 6 18 23 160
4 68 58 63 15 2 0 0.00 M M 11.2 20 190 M M 9 24 200
5 62 50 56 8 9 0 0.39 M M 6.0 18 200 M M 10 18 26 190
6 53 37 45 -3 20 0 0.09 M M 5.9 15 340 M M 7 18 16 340
7 49 32 41 -6 24 0 0.05 M M 6.7 20 290 M M 5 1 25 290
8 48 28 38 -9 27 0 T M M 3.5 13 20 M M 4 16 40
9 45 24 35 -12 30 0 0.02 M M 6.9 23 180 M M 5 1 30 180
10 50 39 45 -2 20 0 0.10 M M 8.7 20 180 M M 9 1 26 180
11 54 35 45 -1 20 0 T M M 3.4 9 150 M M 6 1 12 150
12 48 30 39 -7 26 0 0.29 M M 7.4 17 170 M M 7 12 25 180
13 55 40 48 2 17 0 1.21 M M 13.0 31 200 M M 8 1 43 180
14 50 41 46 0 19 0 0.77 M M 12.8 29 170 M M 9 1 40 170
15 56 46 51 5 14 0 0.10 M M 7.5 18 190 M M 7 18 22 200
16 60 46 53 8 12 0 0.24 M M 2.7 9 220 M M 8 128 14 210
17 58 42 50 5 15 0 0.38 M M 10.0 33 160 M M 7 12 44 190
18 52 43 48 3 17 0 0.87 M M 13.4 23 190 M M 8 1 38 200
19 51 36 44 -1 21 0 0.53 M M 8.6 22 180 M M 6 18 28 170
20 41 30 36 -8 29 0 0.00 M M 1.5 8 330 M M 8 128 10 320
21 41 35 38 -6 27 0 0.00 M M 3.1 8 60 M M 10 128 10 20
22 44 33 39 -5 26 0 0.08 M M 4.6 12 180 M M 9 1 16 190
23 51 39 45 1 20 0 0.07 M M 6.9 18 180 M M 9 1 26 190
24 50 37 44 0 21 0 0.43 M M 9.7 23 200 M M 9 18 30 200
25 50 41 46 3 19 0 0.01 M M 9.2 16 170 M M 8 19 190
26 51 35 43 0 22 0 0.01 M M 4.8 12 190 M M 7 1 14 190
27 39 30 35 -8 30 0 0.00 M M 3.5 9 170 M M 8 12 11 170
28 43 34 39 -4 26 0 T M M 4.3 14 150 M M 10 1 16 150
29 43 36 40 -2 25 0 0.00 M M 3.9 10 170 M M 10 1 14 160
30 54 32 43 1 22 0 0.21 M M 8.2 21 320 M M 5 1 27 190
================================================================================
SM 1559 1111 607 0 5.89 M 197.6 M 214
================================================================================
AV 52.0 37.0 6.6 FASTST M M 7 MAX(MPH)
MISC ----> 33 160 44 190
================================================================================
NOTES:
# LAST OF SEVERAL OCCURRENCES
COLUMN 17 PEAK WIND IN M.P.H.
PRELIMINARY LOCAL CLIMATOLOGICAL DATA (WS FORM: F-6) , PAGE 2
STATION: SALEM OR
MONTH: NOVEMBER
YEAR: 2020
LATITUDE: 44 55 N
LONGITUDE: 123 0 W
[TEMPERATURE DATA] [PRECIPITATION DATA] SYMBOLS USED IN COLUMN 16
AVERAGE MONTHLY: 44.5 TOTAL FOR MONTH: 5.89 1 = FOG OR MIST
DPTR FM NORMAL: -1.0 DPTR FM NORMAL: -0.61 2 = FOG REDUCING VISIBILITY
HIGHEST: 68 ON 4 GRTST 24HR 1.40 ON 12-13 TO 1/4 MILE OR LESS
LOWEST: 24 ON 9 3 = THUNDER
SNOW, ICE PELLETS, HAIL 4 = ICE PELLETS
TOTAL MONTH: M 5 = HAIL
GRTST 24HR M ON M 6 = FREEZING RAIN OR DRIZZLE
GRTST DEPTH: M ON M 7 = DUSTSTORM OR SANDSTORM:
VSBY 1/2 MILE OR LESS
8 = SMOKE OR HAZE
[NO. OF DAYS WITH] [WEATHER - DAYS WITH] 9 = BLOWING SNOW
X = TORNADO
MAX 32 OR BELOW: 0 0.01 INCH OR MORE: 20
MAX 90 OR ABOVE: 0 0.10 INCH OR MORE: 12
MIN 32 OR BELOW: 8 0.50 INCH OR MORE: 4
MIN 0 OR BELOW: 0 1.00 INCH OR MORE: 1
[HDD (BASE 65) ]
TOTAL THIS MO. 607 CLEAR (SCALE 0-3) 2
DPTR FM NORMAL 22 PTCLDY (SCALE 4-7) 14
TOTAL FM JUL 1 1039 CLOUDY (SCALE 8-10) 14
DPTR FM NORMAL -77
[CDD (BASE 65) ]
TOTAL THIS MO. 0
DPTR FM NORMAL 0 [PRESSURE DATA]
TOTAL FM JAN 1 409 HIGHEST SLP 30.54 ON 30
DPTR FM NORMAL 119 LOWEST SLP 29.38 ON 13
[REMARKS]
#FINAL-11-20#