927
CXUS54 KMAF 011110
CF6SNK
PRELIMINARY LOCAL CLIMATOLOGICAL DATA (WS FORM: F-6)
STATION: SNYDER WINSTON FIELD
MONTH: JUNE
YEAR: 2020
LATITUDE: 32 41 N
LONGITUDE: 100 57 W
TEMPERATURE IN F: :PCPN: SNOW: WIND :SUNSHINE: SKY :PK WND
================================================================================
1 2 3 4 5 6A 6B 7 8 9 10 11 12 13 14 15 16 17 18
12Z AVG MX 2MIN
DY MAX MIN AVG DEP HDD CDD WTR SNW DPTH SPD SPD DIR MIN PSBL S-S WX SPD DR
================================================================================
1 84 65 75 M 0 10 M M M 8.5 18 130 M M 2 25 130
2 87 64 76 M 0 11 M M M 8.9 15 150 M M 3 20 180
3 92 66 79 M 0 14 M M M 7.7 13 150 M M 1 17 200
4 98 69 84 M 0 19 0.13 M M 9.6 22 80 M M 1 26 80
5 96 66 81 M 0 16 M M M 9.6 18 240 M M 0 28 170
6 95 69 82 M 0 17 M M M 11.2 16 140 M M 0 23 130
7 95 70 83 M 0 18 M M M 10.8 17 150 M M 0 22 150
8 102 71 87 M 0 22 M M M 10.3 17 150 M M 0 23 140
9 87 67 77 M 0 12 M M M 15.6 26 360 M M 4 8 35 300
10 89 53 71 M 0 6 M M M 5.6 10 100 M M 0 8 M M
11 94 66 80 M 0 15 M M M 11.7 16 150 M M 0 25 150
12 94 63 79 M 0 14 M M M 9.9 16 140 M M 0 22 140
13 93 66 80 M 0 15 M M M 10.4 14 140 M M 0 23 150
14 91 67 79 M 0 14 M M M 9.7 16 140 M M 0 23 170
15 90 65 78 M 0 13 M M M 10.1 21 140 M M 2 25 130
16 92 69 81 M 0 16 M M M 13.2 22 140 M M 2 31 160
17 94 65 80 M 0 15 0.25 M M 14.8 25 290 M M 2 3 41 290
18 93 70 82 M 0 17 M M M 13.5 25 140 M M 0 32 140
19 95 66 81 M 0 16 0.23 M M 14.7 21 110 M M 3 38 43 270
20 91 63 77 M 0 12 M M M 9.7 18 160 M M 5 28 80
21 97 72 85 M 0 20 M M M 13.6 23 150 M M 0 31 150
22 96 73 85 M 0 20 M M M 12.8 20 100 M M 2 28 150
23 85 64 75 M 0 10 1.03 M M 10.4 28 330 M M 3 3 55 20
24 89 65 77 M 0 12 M M M 5.7 17 70 M M 0 21 70
25 93 66 80 M 0 15 M M M 7.6 14 120 M M 0 20 200
26 95 71 83 M 0 18 M M M 10.8 15 160 M M 1 22 160
27 94 71 83 M 0 18 M M M 13.2 21 160 M M 2 1 26 160
28 100 75 88 M 0 23 M M M 14.8 21 180 M M 0 8 26 180
29 103 77 90 M 0 25 M M M 15.9 22 150 M M 0 29 230
30 102 73 88 M 0 23 M M M 13.9 26 150 M M 0 33 150
================================================================================
SM 2806 2027 0 476 1.64 M 334.0 M 33
================================================================================
AV 93.5 67.6 11.1 FASTST M M 1 MAX(MPH)
MISC ----> 28 330 55 20
================================================================================
NOTES:
# LAST OF SEVERAL OCCURRENCES
COLUMN 17 PEAK WIND IN M.P.H.
PRELIMINARY LOCAL CLIMATOLOGICAL DATA (WS FORM: F-6) , PAGE 2
STATION: SNYDER WINSTON FIELD
MONTH: JUNE
YEAR: 2020
LATITUDE: 32 41 N
LONGITUDE: 100 57 W
[TEMPERATURE DATA] [PRECIPITATION DATA] SYMBOLS USED IN COLUMN 16
AVERAGE MONTHLY: 80.6 TOTAL FOR MONTH: 1.64 1 = FOG OR MIST
DPTR FM NORMAL: 0.0 DPTR FM NORMAL: M 2 = FOG REDUCING VISIBILITY
HIGHEST: 103 ON 29 GRTST 24HR 1.03 ON 23-23 TO 1/4 MILE OR LESS
LOWEST: 53 ON 10 3 = THUNDER
SNOW, ICE PELLETS, HAIL 4 = ICE PELLETS
TOTAL MONTH: M 5 = HAIL
GRTST 24HR M ON M 6 = FREEZING RAIN OR DRIZZLE
GRTST DEPTH: M ON M 7 = DUSTSTORM OR SANDSTORM:
VSBY 1/2 MILE OR LESS
8 = SMOKE OR HAZE
[NO. OF DAYS WITH] [WEATHER - DAYS WITH] 9 = BLOWING SNOW
X = TORNADO
MAX 32 OR BELOW: 0 0.01 INCH OR MORE: 4
MAX 90 OR ABOVE: 24 0.10 INCH OR MORE: 4
MIN 32 OR BELOW: 0 0.50 INCH OR MORE: 1
MIN 0 OR BELOW: 0 1.00 INCH OR MORE: 1
[HDD (BASE 65) ]
TOTAL THIS MO. 0 CLEAR (SCALE 0-3) 27
DPTR FM NORMAL M PTCLDY (SCALE 4-7) 3
TOTAL FM JUL 1 2742 CLOUDY (SCALE 8-10) 0
DPTR FM NORMAL M
[CDD (BASE 65) ]
TOTAL THIS MO. 476
DPTR FM NORMAL M [PRESSURE DATA]
TOTAL FM JAN 1 885 HIGHEST SLP M ON M
DPTR FM NORMAL M LOWEST SLP M ON M
[REMARKS]
#FINAL-06-20#