000
CXAK56 PAFC 011134
CF6SNP
PRELIMINARY LOCAL CLIMATOLOGICAL DATA (WS FORM: F-6)
STATION: SAINT PAUL ISLAND
MONTH: SEPTEMBER
YEAR: 2022
LATITUDE: 57 9 N
LONGITUDE: 170 13 W
TEMPERATURE IN F: :PCPN: SNOW: WIND :SUNSHINE: SKY :PK WND
================================================================================
1 2 3 4 5 6A 6B 7 8 9 10 11 12 13 14 15 16 17 18
12Z AVG MX 2MIN
DY MAX MIN AVG DEP HDD CDD WTR SNW DPTH SPD SPD DIR MIN PSBL S-S WX SPD DR
================================================================================
1 52 47 50 1 15 0 0.03 M M 19.8 28 290 M M 9 1 37 250
2 50 44 47 -2 18 0 0.01 M M 20.2 29 330 M M 10 1 37 330
3 54 40 47 -1 18 0 0.00 M M 9.8 16 240 M M 7 1 21 340
4 52 44 48 0 17 0 0.00 M M 11.6 22 270 M M 10 28 270
5 54 45 50 2 15 0 0.04 M M 17.3 23 230 M M 7 1 28 270
6 52 35 44 -4 21 0 0.04 M M 11.5 22 240 M M 7 1 27 250
7 52 33 43 -5 22 0 0.06 M M 8.8 17 350 M M 5 1 20 10
8 52 42 47 -1 18 0 0.05 M M 15.5 25 310 M M 5 18 31 310
9 55 45 50 2 15 0 0.05 M M 7.5 13 220 M M 10 128 16 220
10 52 47 50 3 15 0 0.35 M M 14.2 22 210 M M 9 12 26 210
11 51 47 49 2 16 0 0.21 M M 14.8 23 280 M M 10 1 28 270
12 53 45 49 2 16 0 0.02 M M 16.7 25 310 M M 9 18 33 290
13 53 44 49 2 16 0 0.09 M M 15.0 26 270 M M 9 1 32 270
14 52 47 50 4 15 0 0.15 M M 20.7 32 240 M M 10 18 41 230
15 51 46 49 3 16 0 0.17 M M 18.2 31 190 M M 8 12 38 190
16 53 48 51 5 14 0 T M M 40.3 58 210 M M 10 18 74 210
17 52 45 49 3 16 0 0.00 M M 22.9 38 230 M M 8 18 50 240
18 50 42 46 0 19 0 0.00 M M 7.1 15 360 M M 10 1 17 350
19 50 34 42 -3 23 0 0.00 M M 6.9 15 220 M M 5 19 220
20 48 39 44 -1 21 0 T M M 9.0 26 190 M M 10 1 31 200
21 47 44 46 1 19 0 0.06 M M 20.5 35 190 M M 10 12 43 190
22 50 44 47 2 18 0 0.03 M M 20.8 31 260 M M 9 18 40 240
23 48 40 44 0 21 0 0.18 M M 20.1 37 270 M M 8 18 45 270
24 47 40 44 0 21 0 0.08 M M 18.8 26 340 M M 10 1 33 340
25 46 30 38 -6 27 0 0.04 M M 13.5 24 340 M M 7 1 30 340
26 44 26 35 -9 30 0 T M M 9.8 25 70 M M 5 34 70
27 43 40 42 -1 23 0 0.11 M M 24.4 32 10 M M 10 1 39 20
28 48 39 44 1 21 0 T M M 25.7 36 310 M M 9 1 45 310
29 47 35 41 -2 24 0 0.03 M M 20.5 38 310 M M 8 1 46 300
30 49 38 44 1 21 0 0.26 M M 22.4 36 140 M M 10 1 46 140
================================================================================
SM 1507 1235 571 0 2.06 M 504.3 M 254
================================================================================
AV 50.2 41.2 16.8 FASTST M M 8 MAX(MPH)
MISC ----> 58 210 74 210
================================================================================
NOTES:
# LAST OF SEVERAL OCCURRENCES
COLUMN 17 PEAK WIND IN M.P.H.
PRELIMINARY LOCAL CLIMATOLOGICAL DATA (WS FORM: F-6) , PAGE 2
STATION: SAINT PAUL ISLAND
MONTH: SEPTEMBER
YEAR: 2022
LATITUDE: 57 9 N
LONGITUDE: 170 13 W
[TEMPERATURE DATA] [PRECIPITATION DATA] SYMBOLS USED IN COLUMN 16
AVERAGE MONTHLY: 45.7 TOTAL FOR MONTH: 2.06 1 = FOG OR MIST
DPTR FM NORMAL: -0.3 DPTR FM NORMAL: -0.94 2 = FOG REDUCING VISIBILITY
HIGHEST: 55 ON 9 GRTST 24HR 0.35 ON 10-10 TO 1/4 MILE OR LESS
LOWEST: 26 ON 26 3 = THUNDER
SNOW, ICE PELLETS, HAIL 4 = ICE PELLETS
TOTAL MONTH: M 5 = HAIL
GRTST 24HR M ON M 6 = FREEZING RAIN OR DRIZZLE
GRTST DEPTH: M ON M 7 = DUSTSTORM OR SANDSTORM:
VSBY 1/2 MILE OR LESS
8 = SMOKE OR HAZE
[NO. OF DAYS WITH] [WEATHER - DAYS WITH] 9 = BLOWING SNOW
X = TORNADO
MAX 32 OR BELOW: 0 0.01 INCH OR MORE: 21
MAX 90 OR ABOVE: 0 0.10 INCH OR MORE: 7
MIN 32 OR BELOW: 2 0.50 INCH OR MORE: 0
MIN 0 OR BELOW: 0 1.00 INCH OR MORE: 0
[HDD (BASE 65) ]
TOTAL THIS MO. 571 CLEAR (SCALE 0-3) 0
DPTR FM NORMAL 1 PTCLDY (SCALE 4-7) 9
TOTAL FM JUL 1 1639 CLOUDY (SCALE 8-10) 21
DPTR FM NORMAL 59
[CDD (BASE 65) ]
TOTAL THIS MO. 0
DPTR FM NORMAL 0 [PRESSURE DATA]
TOTAL FM JAN 1 0 HIGHEST SLP 30.13 ON 20
DPTR FM NORMAL 0 LOWEST SLP 29.14 ON 11
[REMARKS]
#FINAL-09-22#