000
CXAK56 PAFC 290635
CF6SNP
PRELIMINARY LOCAL CLIMATOLOGICAL DATA (WS FORM: F-6)
STATION: SAINT PAUL ISLAND
MONTH: MAY
YEAR: 2020
LATITUDE: 57 9 N
LONGITUDE: 170 13 W
TEMPERATURE IN F: :PCPN: SNOW: WIND :SUNSHINE: SKY :PK WND
================================================================================
1 2 3 4 5 6A 6B 7 8 9 10 11 12 13 14 15 16 17 18
12Z AVG MX 2MIN
DY MAX MIN AVG DEP HDD CDD WTR SNW DPTH SPD SPD DIR MIN PSBL S-S WX SPD DR
================================================================================
1 43 28 36 3 29 0 0.00 M M 8.9 15 110 M M 3 1 M M
2 39 32 36 3 29 0 0.00 M M 15.7 22 40 M M 9 28 40
3 39 30 35 1 30 0 0.00 M M 21.8 36 350 M M 8 40 350
4 35 30 33 -1 32 0 0.00 M M 14.2 21 350 M M 10 8 30 350
5 38 27 33 -1 32 0 0.00 M M 11.2 15 330 M M 10 18 M M
6 40 23 32 -2 33 0 0.00 M M 7.3 10 120 M M 7 1 M M
7 44 32 38 4 27 0 0.00 M M 9.0 12 130 M M 9 1 M M
8 46 30 38 3 27 0 0.00 M M 11.2 24 140 M M 7 12 32 140
9 44 38 41 6 24 0 0.00 M M 21.0 35 140 M M 9 18 48 150
10 44 29 37 2 28 0 0.00 M M 5.0 9 130 M M 6 128 M M
11 M M M M M M M M M M M M M M M 1 M M
12 M M M M M M 0.00 M M M M M M M 8 1 M M
13 49 37 43 7 22 0 0.00 M M 12.2 15 50 M M 10 12 M M
14 52 35 44 8 21 0 0.00 M M 9.9 15 60 M M 4 12 M M
15 49 34 42 6 23 0 0.00 M M 11.7 15 10 M M 2 M M
16 47 40 44 8 21 0 0.00 M M 9.5 14 90 M M 9 12 M M
17 44 38 41 5 24 0 0.00 M M 15.8 20 80 M M 10 12 29 80
18 49 40 45 8 20 0 0.00 M M 7.0 17 80 M M 10 12 21 80
19 48 40 44 7 21 0 0.00 M M 7.3 17 100 M M 10 12 25 100
20 45 41 43 6 22 0 0.00 M M 16.0 21 110 M M 10 12 32 110
21 45 40 43 6 22 0 0.00 M M 10.8 14 60 M M 8 1 22 120
22 47 40 44 7 21 0 0.00 M M 12.6 17 60 M M 7 12 M M
23 48 36 42 4 23 0 0.00 M M 14.9 22 110 M M 10 1 29 120
24 45 37 41 3 24 0 0.00 M M 8.2 14 360 M M 10 18 16 340
25 46 36 41 3 24 0 0.00 M M 5.8 9 90 M M 9 1 12 110
26 48 40 44 6 21 0 0.00 M M 11.9 17 240 M M 8 22 240
27 49 37 43 5 22 0 0.00 M M 12.8 18 160 M M 7 8 M M
28 48 42 45 7 20 0 0.00 M M 16.1 21 160 M M 6 1 M M
29 49 41 45 6 20 0 0.00 M M 15.5 21 90 M M 4 1 25 100
30 50 40 45 6 20 0 0.00 M M 16.9 23 80 M M 7 18 33 80
31 51 41 46 7 19 0 0.00 M M 19.8 27 60 M M 5 1 33 50
================================================================================
SM 1321 1034 701 0 0.00 M 360.0 M 232
================================================================================
AV 45.6 35.7 12.4 FASTST M M 8 MAX(MPH)
MISC ----> 36 350 48 150
================================================================================
NOTES:
# LAST OF SEVERAL OCCURRENCES
COLUMN 17 PEAK WIND IN M.P.H.
PRELIMINARY LOCAL CLIMATOLOGICAL DATA (WS FORM: F-6) , PAGE 2
STATION: SAINT PAUL ISLAND
MONTH: MAY
YEAR: 2020
LATITUDE: 57 9 N
LONGITUDE: 170 13 W
[TEMPERATURE DATA] [PRECIPITATION DATA] SYMBOLS USED IN COLUMN 16
AVERAGE MONTHLY: 40.6 TOTAL FOR MONTH: 0.00 1 = FOG OR MIST
DPTR FM NORMAL: 4.4 DPTR FM NORMAL: -1.13 2 = FOG REDUCING VISIBILITY
HIGHEST: 52 ON 14 GRTST 24HR 0.00 ON 2- 2 TO 1/4 MILE OR LESS
LOWEST: 23 ON 6 3 = THUNDER
SNOW, ICE PELLETS, HAIL 4 = ICE PELLETS
TOTAL MONTH: 0.0 INCH 5 = HAIL
GRTST 24HR M ON M 6 = FREEZING RAIN OR DRIZZLE
GRTST DEPTH: M ON M 7 = DUSTSTORM OR SANDSTORM:
VSBY 1/2 MILE OR LESS
8 = SMOKE OR HAZE
[NO. OF DAYS WITH] [WEATHER - DAYS WITH] 9 = BLOWING SNOW
X = TORNADO
MAX 32 OR BELOW: 0 0.01 INCH OR MORE: 0
MAX 90 OR ABOVE: 0 0.10 INCH OR MORE: 0
MIN 32 OR BELOW: 9 0.50 INCH OR MORE: 0
MIN 0 OR BELOW: 0 1.00 INCH OR MORE: 0
[HDD (BASE 65) ]
TOTAL THIS MO. 701 CLEAR (SCALE 0-3) 1
DPTR FM NORMAL -193 PTCLDY (SCALE 4-7) 15
TOTAL FM JUL 1 7824 CLOUDY (SCALE 8-10) 15
DPTR FM NORMAL -2305
[CDD (BASE 65) ]
TOTAL THIS MO. 0
DPTR FM NORMAL 0 [PRESSURE DATA]
TOTAL FM JAN 1 0 HIGHEST SLP M ON M
DPTR FM NORMAL 0 LOWEST SLP 29.17 ON 23
[REMARKS]
#FINAL-05-20#