000
CXUS56 KMTR 010900
CLMSNS
CLIMATE REPORT
NATIONAL WEATHER SERVICE SAN FRANCISCO BAY AREA
200 AM PDT SUN OCT 01 2023
...................................
...THE SALINAS AIRPORT CLIMATE SUMMARY FOR THE MONTH OF SEPTEMBER 2023...
CLIMATE NORMAL PERIOD: 1991 TO 2020
CLIMATE RECORD PERIOD: 1930 TO 2023
WEATHER OBSERVED NORMAL DEPART LAST YEAR`S
VALUE DATE(S) VALUE FROM VALUE DATE(S)
NORMAL
................................................................
TEMPERATURE (F)
RECORD
HIGH 109 09/02/2017
LOW 36 09/30/1950
09/26/1934
HIGHEST 77 09/08 103 09/05
09/26
LOWEST 51 09/11 54 09/22
09/22
09/25
09/24
09/30
AVG. MAXIMUM 71.9 74.4 -2.5 80.6
AVG. MINIMUM 56.4 54.0 2.4 59.7
MEAN 64.1 64.2 -0.1 70.2
DAYS MAX >= 90 0 5
DAYS MAX <= 32 0 0
DAYS MIN <= 32 0 0
DAYS MIN <= 0 0 0
PRECIPITATION (INCHES)
TOTALS 0.09 0.05 0.04 0.07
DAILY AVG. 0.00 0.00
DAYS >= .01 1 2
DAYS >= .10 0 0
DAYS >= .50 0 0
DAYS >= 1.00 0 0
GREATEST
24 HR. TOTAL 0.09 09/30 TO 09/30 0.07 09/18 TO 09/19
DEGREE DAYS
HEATING TOTAL 38 61 -23 1
SINCE 7/1 57 201 -144 MM
COOLING TOTAL 17 37 -20 161
SINCE 1/1 106 101 5 MM
................................................................
WIND (MPH)
AVERAGE WIND SPEED 7.1
RESULTANT WIND SPEED/DIRECTION 5/300
HIGHEST WIND SPEED/DIRECTION 21/280 DATE 09/26
HIGHEST GUST SPEED/DIRECTION 28/270 DATE 09/30
SKY COVER
POSSIBLE SUNSHINE (PERCENT) MM
AVERAGE SKY COVER 0.56
NUMBER OF DAYS FAIR 6
NUMBER OF DAYS PC 15
NUMBER OF DAYS CLOUDY 9
AVERAGE RH (PERCENT) 73
WEATHER CONDITIONS. NUMBER OF DAYS WITH
THUNDERSTORM 1 MIXED PRECIP 0
HEAVY RAIN 1 RAIN 0
LIGHT RAIN 2 FREEZING RAIN 0
LT FREEZING RAIN 0 HAIL 0
HEAVY SNOW 0 SNOW 0
LIGHT SNOW 0 SLEET 0
FOG 16 FOG W/VIS <= 1/4 MILE 3
HAZE 9
- INDICATES NEGATIVE NUMBERS.
R INDICATES RECORD WAS SET OR TIED.
MM INDICATES DATA IS MISSING.
T INDICATES TRACE AMOUNT.
$$