000
CXUS55 KCYS 020012 CCA
CF6SNY
PRELIMINARY LOCAL CLIMATOLOGICAL DATA (WS FORM: F-6)...CORRECTED
STATION: SIDNEY NEBRASKA AIRPORT
MONTH: OCTOBER
YEAR: 2022
LATITUDE: 41 5 N
LONGITUDE: 102 59 W
TEMPERATURE IN F: :PCPN: SNOW: WIND :SUNSHINE: SKY :PK WND
================================================================================
1 2 3 4 5 6A 6B 7 8 9 10 11 12 13 14 15 16 17 18
12Z AVG MX 2MIN
DY MAX MIN AVG DEP HDD CDD WTR SNW DPTH SPD SPD DIR MIN PSBL S-S WX SPD DR
================================================================================
1 76 43 60 5 5 0 0.06 M M 7.4 41 250 M M 2 13 53 260
2 67 45 56 1 9 0 T M M 5.8 21 300 M M 4 3 27 220
3 70 44 57 3 8 0 T M M 7.0 18 300 M M 3 25 280
4 67 41 54 0 11 0 0.00 M M 6.3 17 340 M M 2 18 23 10
5 71 39 55 2 10 0 0.00 M M 7.6 16 340 M M 1 22 330
6 73 38 56 3 9 0 0.00 M M 9.6 26 80 M M 2 34 60
7 52 36 44 -8 21 0 0.05 M M 7.5 14 180 M M 9 1 17 170
8 66 29 48 -4 17 0 0.00 M M 4.3 10 320 M M 0 18 19 290
9 74 31 53 2 12 0 0.00 M M 6.1 14 300 M M 0 18 16 300
10 78 33 56 5 9 0 0.00 M M 11.1 21 210 M M 0 29 200
11 81 38 60 10 5 0 T M M 18.6 37 300 M M 1 49 270
12 60 33 47 -3 18 0 0.00 M M 14.3 35 360 M M 0 42 350
13 63 37 50 1 15 0 0.00 M M 18.5 39 330 M M 0 50 310
14 75 39 57 8 8 0 0.00 M M 16.1 38 340 M M 0 53 340
15 67 38 53 5 12 0 0.00 M M 13.6 24 330 M M 2 31 320
16 60 26 43 -5 22 0 0.00 M M 12.9 25 350 M M 0 35 340
17 62 24 43 -4 22 0 0.00 M M 6.6 13 60 M M 0 17 20
18 67 23 45 -2 20 0 0.00 M M 4.3 12 10 M M 0 16 360
19 76 27 52 6 13 0 0.00 M M 14.6 31 340 M M 0 41 360
20 82 31 57 11 8 0 0.00 M M 11.4 21 250 M M 0 27 230
21 81 41 61 15 4 0 0.00 M M 15.5 32 290 M M 0 42 270
22 79 35 57 12 8 0 0.00 M M 11.2 24 180 M M 0 31 180
23 66 36 51 6 14 0 T M M 17.5 31 330 M M 3 43 340
24 49 27 38 -6 27 0 0.00 M M 15.7 38 320 M M 2 48 330
25 59 24 42 -2 23 0 0.00 M M 12.9 31 320 M M 2 39 320
26 58 23 41 -3 24 0 0.00 M M 9.1 28 160 M M 4 36 150
27 57 25 41 -2 24 0 0.00 M M 12.2 22 20 M M 2 30 10
28 62 17 40 -3 25 0 0.00 M M 11.4 18 210 M M 0 25 220
29 64 23 44 2 21 0 0.00 M M 8.7 22 340 M M 0 31 330
30 65 22 44 2 21 0 0.00 M M 7.5 14 240 M M 0 19 310
31 68 25 47 5 18 0 0.00 M M 11.0 24 300 M M 0 31 290
================================================================================
SM 2095 993 463 0 0.11 M 336.3 M 39
================================================================================
AV 67.6 32.0 10.8 FASTST M M 1 MAX(MPH)
MISC ----> 41 250 # 53 260
================================================================================
NOTES:
# LAST OF SEVERAL OCCURRENCES
COLUMN 17 PEAK WIND IN M.P.H.
PRELIMINARY LOCAL CLIMATOLOGICAL DATA (WS FORM: F-6) , PAGE 2
STATION: SIDNEY NEBRASKA AIRPORT
MONTH: OCTOBER
YEAR: 2022
LATITUDE: 41 5 N
LONGITUDE: 102 59 W
[TEMPERATURE DATA] [PRECIPITATION DATA] SYMBOLS USED IN COLUMN 16
AVERAGE MONTHLY: 49.8 TOTAL FOR MONTH: 0.11 1 = FOG OR MIST
DPTR FM NORMAL: 1.7 DPTR FM NORMAL: -0.90 2 = FOG REDUCING VISIBILITY
HIGHEST: 82 ON 20 GRTST 24HR 0.06 ON 1- 1 TO 1/4 MILE OR LESS
LOWEST: 17 ON 28 3 = THUNDER
SNOW, ICE PELLETS, HAIL 4 = ICE PELLETS
TOTAL MONTH: M 5 = HAIL
GRTST 24HR M ON M 6 = FREEZING RAIN OR DRIZZLE
GRTST DEPTH: M ON M 7 = DUSTSTORM OR SANDSTORM:
VSBY 1/2 MILE OR LESS
8 = SMOKE OR HAZE
[NO. OF DAYS WITH] [WEATHER - DAYS WITH] 9 = BLOWING SNOW
X = TORNADO
MAX 32 OR BELOW: 0 0.01 INCH OR MORE: 2
MAX 90 OR ABOVE: 0 0.10 INCH OR MORE: 0
MIN 32 OR BELOW: 15 0.50 INCH OR MORE: 0
MIN 0 OR BELOW: 0 1.00 INCH OR MORE: 0
[HDD (BASE 65) ]
TOTAL THIS MO. 463 CLEAR (SCALE 0-3) 27
DPTR FM NORMAL -63 PTCLDY (SCALE 4-7) 3
TOTAL FM JUL 1 541 CLOUDY (SCALE 8-10) 1
DPTR FM NORMAL -150
[CDD (BASE 65) ]
TOTAL THIS MO. 0
DPTR FM NORMAL -3 [PRESSURE DATA]
TOTAL FM JAN 1 1022 HIGHEST SLP 30.55 ON 7
DPTR FM NORMAL 330 LOWEST SLP 29.14 ON 23
[REMARKS]
OCTOBER 20...RECORD HIGH 82 DEGREES (PREVIOUS 81 DEGREES
IN 2012 AND 1950)
MONTHLY PRECIPITATION 0.11" TIED 2018 FOR 6TH DRIEST OCTOBER
#FINAL-10-22#