000
CXUS55 KCYS 011610
CF6SNY
PRELIMINARY LOCAL CLIMATOLOGICAL DATA (WS FORM: F-6)
STATION: SIDNEY NEBRASKA AIRPORT
MONTH: MARCH
YEAR: 2024
LATITUDE: 41 5 N
LONGITUDE: 102 59 W
TEMPERATURE IN F: :PCPN: SNOW: WIND :SUNSHINE: SKY :PK WND
================================================================================
1 2 3 4 5 6A 6B 7 8 9 10 11 12 13 14 15 16 17 18
12Z AVG MX 2MIN
DY MAX MIN AVG DEP HDD CDD WTR SNW DPTH SPD SPD DIR MIN PSBL S-S WX SPD DR
================================================================================
1 69 20 45 12 20 0 0.00 M M 8.9 17 210 M M 0 25 250
2 71 24 48 15 17 0 0.00 M M 10.4 24 320 M M 0 36 330
3 56 35 46 12 19 0 0.00 M M 18.1 37 310 M M 3 50 300
4 45 29 37 3 28 0 0.00 M M 9.1 29 320 M M 9 41 330
5 49 30 40 6 25 0 0.00 M M 13.4 23 320 M M 6 33 310
6 63 25 44 9 21 0 T M M 12.6 22 20 M M 3 29 10
7 37 23 30 -5 35 0 0.53 M M 11.6 18 60 M M 10 1268 22 50
8 34 13 24 -12 41 0 0.03 M M 8.3 15 30 M M 7 19 20
9 47 11 29 -7 36 0 0.00 M M 9.2 16 200 M M 0 21 200
10 65 19 42 6 23 0 0.00 M M 8.4 17 180 M M 0 23 300
11 65 24 45 8 20 0 0.00 M M 11.4 23 320 M M 0 30 320
12 65 33 49 12 16 0 0.00 M M 13.7 29 300 M M 4 39 300
13 52 39 46 8 19 0 0.06 M M 9.8 20 50 M M 10 1 25 50
14 47 28 38 0 27 0 0.00 M M 17.4 30 40 M M 9 40 50
15 49 22 36 -2 29 0 0.00 M M 8.6 17 180 M M 4 25 180
16 55 22 39 0 26 0 0.00 M M 12.0 22 350 M M 0 31 10
17 54 14 34 -5 31 0 0.00 M M 13.2 29 340 M M 2 38 360
18 63 13 38 -1 27 0 0.00 M M 7.9 15 260 M M 0 23 290
19 67 33 50 10 15 0 0.00 M M 8.7 21 270 M M 2 30 280
20 55 29 42 2 23 0 0.00 M M 12.9 24 30 M M 0 35 10
21 72 21 47 7 18 0 0.00 M M 11.5 31 10 M M 2 40 10
22 53 19 36 -5 29 0 0.00 M M 11.1 23 130 M M 2 30 130
23 50 23 37 -4 28 0 T M M 16.3 25 150 M M 5 138 32 140
24 M M M M M M M M M 18.1 38 360 M M 8 128 49 350
25 30 M M M M M T M M 24.9 38 350 M M 6 8 52 350
26 45 4 25 -17 40 0 0.00 M M 7.5 15 320 M M 3 21 320
27 57 16 37 -5 28 0 T M M 11.6 23 300 M M 2 31 290
28 67 21 44 2 21 0 0.00 M M 11.1 22 180 M M 1 29 180
29 57 33 45 3 20 0 T M M 10.9 26 350 M M 5 34 360
30 59 33 46 4 19 0 T M M 12.8 26 160 M M 6 3 38 140
31 62 36 49 6 16 0 0.03 M M 14.3 26 120 M M 7 138 34 130
================================================================================
SM 1660 692 717 0 0.65 M 375.7 M 116
================================================================================
AV 55.3 23.9 12.1 FASTST M M 4 MAX(MPH)
MISC ----> # 38 360 52 350
================================================================================
NOTES:
# LAST OF SEVERAL OCCURRENCES
COLUMN 17 PEAK WIND IN M.P.H.
PRELIMINARY LOCAL CLIMATOLOGICAL DATA (WS FORM: F-6) , PAGE 2
STATION: SIDNEY NEBRASKA AIRPORT
MONTH: MARCH
YEAR: 2024
LATITUDE: 41 5 N
LONGITUDE: 102 59 W
[TEMPERATURE DATA] [PRECIPITATION DATA] SYMBOLS USED IN COLUMN 16
AVERAGE MONTHLY: 39.6 TOTAL FOR MONTH: 0.65 1 = FOG OR MIST
DPTR FM NORMAL: 1.3 DPTR FM NORMAL: 0.07 2 = FOG REDUCING VISIBILITY
HIGHEST: 72 ON 21 GRTST 24HR 0.53 ON 7- 7 TO 1/4 MILE OR LESS
LOWEST: 4 ON 26 3 = THUNDER
SNOW, ICE PELLETS, HAIL 4 = ICE PELLETS
TOTAL MONTH: M 5 = HAIL
GRTST 24HR M ON M 6 = FREEZING RAIN OR DRIZZLE
GRTST DEPTH: M ON M 7 = DUSTSTORM OR SANDSTORM:
VSBY 1/2 MILE OR LESS
8 = SMOKE OR HAZE
[NO. OF DAYS WITH] [WEATHER - DAYS WITH] 9 = BLOWING SNOW
X = TORNADO
MAX 32 OR BELOW: 1 0.01 INCH OR MORE: 4
MAX 90 OR ABOVE: 0 0.10 INCH OR MORE: 1
MIN 32 OR BELOW: 22 0.50 INCH OR MORE: 1
MIN 0 OR BELOW: 0 1.00 INCH OR MORE: 0
[HDD (BASE 65) ]
TOTAL THIS MO. 717 CLEAR (SCALE 0-3) 16
DPTR FM NORMAL -109 PTCLDY (SCALE 4-7) 11
TOTAL FM JUL 1 5217 CLOUDY (SCALE 8-10) 4
DPTR FM NORMAL -483
[CDD (BASE 65) ]
TOTAL THIS MO. 0
DPTR FM NORMAL 0 [PRESSURE DATA]
TOTAL FM JAN 1 0 HIGHEST SLP 30.44 ON 15
DPTR FM NORMAL 0 LOWEST SLP 29.24 ON 2
[REMARKS]
#FINAL-03-24#