077
CXUS55 KCYS 040959
CF6SNY
PRELIMINARY LOCAL CLIMATOLOGICAL DATA (WS FORM: F-6) ...CORRECTED...
STATION: SIDNEY NEBRASKA AIRPORT
MONTH: MARCH
YEAR: 2020
LATITUDE: 41 5 N
LONGITUDE: 102 59 W
TEMPERATURE IN F: :PCPN: SNOW: WIND :SUNSHINE: SKY :PK WND
================================================================================
1 2 3 4 5 6A 6B 7 8 9 10 11 12 13 14 15 16 17 18
12Z AVG MX 2MIN
DY MAX MIN AVG DEP HDD CDD WTR SNW DPTH SPD SPD DIR MIN PSBL S-S WX SPD DR
================================================================================
1 48 24 36 1 29 0 T M M 12.5 23 350 M M 4 1 28 10
2 51 23 37 1 28 0 T M M 15.4 38 310 M M 2 1 51 310
3 58 18 38 2 27 0 0.00 M M 15.3 36 310 M M 0 50 330
4 68 19 44 8 21 0 0.00 M M 16.0 36 270 M M 0 49 270
5 51 19 35 -1 30 0 0.00 M M 9.3 23 350 M M 1 33 330
6 69 22 46 9 19 0 0.00 M M 10.2 20 210 M M 0 26 210
7 74 26 50 13 15 0 0.00 M M 9.6 20 310 M M 0 26 290
8 70 31 51 14 14 0 0.07 M M 13.5 24 10 M M 4 138 33 10
9 56 29 43 5 22 0 0.06 M M 7.7 17 10 M M 6 1 22 350
10 55 25 40 2 25 0 0.05 M M 8.2 35 300 M M 4 49 280
11 67 24 46 8 19 0 T M M 11.5 31 280 M M 1 42 290
12 49 30 40 2 25 0 0.00 M M 12.0 28 360 M M 7 36 350
13 34 26 30 -8 35 0 0.01 M M 17.1 30 140 M M 10 126 43 160
14 30 24 27 -12 38 0 T M M 17.0 28 140 M M 10 16 35 150
15 40 27 34 -5 31 0 0.00 M M 16.3 24 140 M M 10 1 33 150
16 41 31 36 -3 29 0 0.00 M M 9.3 16 360 M M 10 12 22 200
17 45 30 38 -1 27 0 0.00 M M 15.4 26 180 M M 9 1 35 190
18 57 29 43 3 22 0 T M M 9.2 21 130 M M 8 12 27 130
19 42 19 31 -9 34 0 0.05 M M 20.7 38 360 M M 10 128 50 10
20 23 3 13 -27 52 0 T M M 10.4 22 20 M M 8 18 27 180
21 42 11 27 -13 38 0 0.00 M M 7.9 16 230 M M 0 1 20 190
22 49 19 34 -6 31 0 0.00 M M 8.8 21 280 M M 1 28 290
23 62 22 42 1 23 0 0.00 M M 10.4 21 210 M M 2 28 180
24 67 27 47 6 18 0 0.00 M M 11.7 32 280 M M 3 41 270
25 63 26 45 4 20 0 0.00 M M 9.8 25 340 M M 1 36 340
26 50 22 36 -5 29 0 0.00 M M 7.3 14 110 M M 6 128 18 110
27 48 33 41 -1 24 0 0.03 M M 7.4 24 340 M M 10 1 32 330
28 46 28 37 -5 28 0 0.13 M M 18.4 36 330 M M 6 12 44 330
29 55 29 42 0 23 0 0.00 M M 9.5 17 290 M M 1 24 290
30 55 28 42 0 23 0 0.01 M M 7.1 13 240 M M 4 1 17 60
31 70 28 49 6 16 0 0.00 M M 11.5 24 240 M M 2 36 240
================================================================================
SM 1635 752 815 0 0.41 M 366.4 M 140
================================================================================
AV 52.7 24.3 11.8 FASTST M M 5 MAX(MPH)
MISC ----> # 38 310 # 51 310
================================================================================
NOTES:
# LAST OF SEVERAL OCCURRENCES
COLUMN 17 PEAK WIND IN M.P.H.
PRELIMINARY LOCAL CLIMATOLOGICAL DATA (WS FORM: F-6) , PAGE 2
STATION: SIDNEY NEBRASKA AIRPORT
MONTH: MARCH
YEAR: 2020
LATITUDE: 41 5 N
LONGITUDE: 102 59 W
[TEMPERATURE DATA] [PRECIPITATION DATA] SYMBOLS USED IN COLUMN 16
AVERAGE MONTHLY: 38.5 TOTAL FOR MONTH: 0.41 1 = FOG OR MIST
DPTR FM NORMAL: -0.6 DPTR FM NORMAL: -0.69 2 = FOG REDUCING VISIBILITY
HIGHEST: 74 ON 7 GRTST 24HR 0.13 ON 28-28 TO 1/4 MILE OR LESS
LOWEST: 3 ON 20 3 = THUNDER
SNOW, ICE PELLETS, HAIL 4 = ICE PELLETS
TOTAL MONTH: M 5 = HAIL
GRTST 24HR M ON M 6 = FREEZING RAIN OR DRIZZLE
GRTST DEPTH: M ON M 7 = DUSTSTORM OR SANDSTORM:
VSBY 1/2 MILE OR LESS
8 = SMOKE OR HAZE
[NO. OF DAYS WITH] [WEATHER - DAYS WITH] 9 = BLOWING SNOW
X = TORNADO
MAX 32 OR BELOW: 2 0.01 INCH OR MORE: 8
MAX 90 OR ABOVE: 0 0.10 INCH OR MORE: 1
MIN 32 OR BELOW: 30 0.50 INCH OR MORE: 0
MIN 0 OR BELOW: 0 1.00 INCH OR MORE: 0
[HDD (BASE 65) ]
TOTAL THIS MO. 815 CLEAR (SCALE 0-3) 14
DPTR FM NORMAL 12 PTCLDY (SCALE 4-7) 9
TOTAL FM JUL 1 5762 CLOUDY (SCALE 8-10) 8
DPTR FM NORMAL 377
[CDD (BASE 65) ]
TOTAL THIS MO. 0
DPTR FM NORMAL 0 [PRESSURE DATA]
TOTAL FM JAN 1 0 HIGHEST SLP 30.65 ON 20
DPTR FM NORMAL 0 LOWEST SLP 29.61 ON 27
[REMARKS]
MARCH 7TH...RECORD HIGH 74 DEGREES (PREVIOUS 69 DEGREES IN 2006).
#FINAL-03-20#