000
CXUS55 KPUB 011210
CF6SPD
PRELIMINARY LOCAL CLIMATOLOGICAL DATA (WS FORM: F-6)
STATION: SPRINGFIELD CO
MONTH: JULY
YEAR: 2021
LATITUDE: 37 16 N
LONGITUDE: 102 37 W
TEMPERATURE IN F: :PCPN: SNOW: WIND :SUNSHINE: SKY :PK WND
================================================================================
1 2 3 4 5 6A 6B 7 8 9 10 11 12 13 14 15 16 17 18
12Z AVG MX 2MIN
DY MAX MIN AVG DEP HDD CDD WTR SNW DPTH SPD SPD DIR MIN PSBL S-S WX SPD DR
================================================================================
1 84 62 73 -2 0 8 0.09 M M 10.4 23 110 M M 0 31 50
2 84 57 71 -4 0 6 0.00 M M 9.1 18 140 M M 0 23 150
3 91 65 78 3 0 13 0.00 M M 15.4 25 180 M M 0 35 40
4 97 65 81 6 0 16 0.36 M M 10.7 43 80 M M 0 56 110
5 88 61 75 0 0 10 0.00 M M 9.8 21 140 M M 0 24 140
6 88 62 75 0 0 10 0.12 M M 10.9 38 20 M M 0 51 20
7 85 59 72 -3 0 7 0.00 M M 8.3 14 90 M M 0 22 80
8 96 57 77 2 0 12 0.00 M M 13.6 24 170 M M 0 35 170
9 106 65 86 10 0 21 0.00 M M 11.6 26 200 M M 0 35 200
10 89 63 76 0 0 11 0.00 M M 11.2 26 30 M M 0 36 30
11 85 59 72 -4 0 7 0.00 M M 5.8 13 60 M M 0 19 140
12 95 54 75 -1 0 10 0.00 M M 9.5 15 140 M M 0 25 170
13 97 62 80 4 0 15 0.00 M M 15.0 28 190 M M 0 47 170
14 99 64 82 6 0 17 2.41 M M 14.9 39 220 M M 0 54 230
15 85 64 75 -1 0 10 0.00 M M 9.2 20 350 M M 0 26 350
16 91 63 77 1 0 12 0.00 M M 9.4 21 190 M M 0 30 220
17 92 63 78 2 0 13 0.00 M M 6.3 26 150 M M 0 32 150
18 90 61 76 0 0 11 0.05 M M 8.2 38 50 M M 0 56 50
19 85 59 72 -4 0 7 0.00 M M 5.1 13 110 M M 0 17 110
20 85 58 72 -4 0 7 0.00 M M 10.4 20 120 M M 0 33 130
21 88 61 75 -1 0 10 0.00 M M 17.7 26 190 M M 0 35 160
22 91 65 78 2 0 13 0.00 M M 17.9 28 180 M M 0 37 180
23 92 66 79 3 0 14 0.00 M M 15.7 25 190 M M 0 34 210
24 92 62 77 1 0 12 0.00 M M 5.8 17 310 M M 0 25 300
25 94 65 80 4 0 15 0.00 M M 10.5 24 60 M M 0 35 60
26 91 65 78 2 0 13 0.06 M M 12.6 26 140 M M 0 36 140
27 94 62 78 2 0 13 0.00 M M 8.5 18 160 M M 0 24 190
28 98 62 80 4 0 15 0.00 M M 14.0 24 170 M M 0 33 200
29 94 64 79 3 0 14 0.00 M M 12.9 24 180 M M 0 34 180
30 96 64 80 4 0 15 0.00 M M 15.0 26 200 M M 0 38 190
31 93 61 77 2 0 12 1.65 M M 14.1 46 120 M M 0 58 110
================================================================================
SM 2835 1920 0 369 4.74 M 349.5 M 0
================================================================================
AV 91.5 61.9 11.3 FASTST M M 0 MAX(MPH)
MISC ----> 46 120 58 110
================================================================================
NOTES:
# LAST OF SEVERAL OCCURRENCES
COLUMN 17 PEAK WIND IN M.P.H.
PRELIMINARY LOCAL CLIMATOLOGICAL DATA (WS FORM: F-6) , PAGE 2
STATION: SPRINGFIELD CO
MONTH: JULY
YEAR: 2021
LATITUDE: 37 16 N
LONGITUDE: 102 37 W
[TEMPERATURE DATA] [PRECIPITATION DATA] SYMBOLS USED IN COLUMN 16
AVERAGE MONTHLY: 76.7 TOTAL FOR MONTH: 4.74 1 = FOG OR MIST
DPTR FM NORMAL: 1.2 DPTR FM NORMAL: 1.93 2 = FOG REDUCING VISIBILITY
HIGHEST: 106 ON 9 GRTST 24HR 2.41 ON 14-14 TO 1/4 MILE OR LESS
LOWEST: 54 ON 12 3 = THUNDER
SNOW, ICE PELLETS, HAIL 4 = ICE PELLETS
TOTAL MONTH: M 5 = HAIL
GRTST 24HR M ON M 6 = FREEZING RAIN OR DRIZZLE
GRTST DEPTH: M ON M 7 = DUSTSTORM OR SANDSTORM:
VSBY 1/2 MILE OR LESS
8 = SMOKE OR HAZE
[NO. OF DAYS WITH] [WEATHER - DAYS WITH] 9 = BLOWING SNOW
X = TORNADO
MAX 32 OR BELOW: 0 0.01 INCH OR MORE: 7
MAX 90 OR ABOVE: 20 0.10 INCH OR MORE: 4
MIN 32 OR BELOW: 0 0.50 INCH OR MORE: 2
MIN 0 OR BELOW: 0 1.00 INCH OR MORE: 2
[HDD (BASE 65) ]
TOTAL THIS MO. 0 CLEAR (SCALE 0-3) 31
DPTR FM NORMAL -2 PTCLDY (SCALE 4-7) 0
TOTAL FM JUL 1 0 CLOUDY (SCALE 8-10) 0
DPTR FM NORMAL 0
[CDD (BASE 65) ]
TOTAL THIS MO. 369
DPTR FM NORMAL 40 [PRESSURE DATA]
TOTAL FM JAN 1 686 HIGHEST SLP 30.17 ON 19
DPTR FM NORMAL 99 LOWEST SLP 29.70 ON 14
[REMARKS]
#FINAL-07-21#