000
CXUS53 KILX 010900
CF6SPI
PRELIMINARY LOCAL CLIMATOLOGICAL DATA (WS FORM: F-6)
STATION: SPRINGFIELD IL
MONTH: MAY
YEAR: 2023
LATITUDE: 39 50 N
LONGITUDE: 89 41 W
TEMPERATURE IN F: :PCPN: SNOW: WIND :SUNSHINE: SKY :PK WND
================================================================================
1 2 3 4 5 6A 6B 7 8 9 10 11 12 13 14 15 16 17 18
12Z AVG MX 2MIN
DY MAX MIN AVG DEP HDD CDD WTR SNW DPTH SPD SPD DIR MIN PSBL S-S WX SPD DR
================================================================================
1 63 45 54 -6 11 0 0.00 0.0 0 18.4 35 280 M M 3 54 320
2 65 42 54 -6 11 0 0.00 0.0 0 14.3 33 290 M M 1 47 290
3 67 35 51 -10 14 0 0.00 0.0 0 5.4 15 360 M M 0 22 310
4 75 37 56 -5 9 0 0.00 0.0 0 5.6 16 170 M M 0 21 170
5 78 49 64 3 1 0 T 0.0 0 12.3 25 160 M M 2 36 160
6 75 59 67 5 0 2 0.12 0.0 0 14.4 43 150 M M 6 3 55 140
7 85 61 73 11 0 8 1.29 0.0 0 10.9 30 100 M M 7 13 45 110
8 76 57 67 5 0 2 0.30 0.0 0 9.5 28 300 M M 5 13 36 300
9 75 55 65 2 0 0 0.00 0.0 0 7.5 17 90 M M 4 1 26 100
10 79 55 67 4 0 2 0.00 0.0 0 9.4 17 120 M M 0 24 130
11 80 59 70 6 0 5 0.00 0.0 0 8.8 18 160 M M 3 24 150
12 81 67 74 10 0 9 T 0.0 0 7.0 14 200 M M 7 18 19 140
13 85 65 75 11 0 10 0.28 0.0 0 4.5 15 90 M M 3 1238 17 90
14 82 60 71 7 0 6 1.17 0.0 0 7.6 23 20 M M 7 1238 29 30
15 70 56 63 -2 2 0 T 0.0 0 7.3 15 60 M M 8 20 50
16 73 54 64 -1 1 0 0.31 0.0 0 6.5 13 270 M M 5 18 19 280
17 77 52 65 0 0 0 0.00 0.0 0 6.8 14 60 M M 0 19 50
18 80 53 67 1 0 2 0.00 0.0 0 7.6 14 140 M M 1 17 120
19 78 54 66 0 0 1 0.05 0.0 0 9.8 20 310 M M 6 18 24 310
20 72 47 60 -6 5 0 0.00 0.0 0 6.7 15 350 M M 0 18 22 330
21 78 47 63 -4 2 0 0.00 0.0 0 1.6 9 260 M M 0 1 13 230
22 81 50 66 -1 0 1 0.00 0.0 0 1.6 12 200 M M 0 8 16 150
23 84 52 68 1 0 3 0.00 0.0 0 4.9 18 170 M M 0 30 120
24 89 54 72 4 0 7 0.00 0.0 0 6.6 18 50 M M 1 1 26 40
25 76 53 65 -3 0 0 0.00 0.0 0 12.1 20 60 M M 1 27 50
26 78 43 61 -7 4 0 0.00 0.0 0 9.7 18 60 M M 0 32 70
27 81 48 65 -4 0 0 0.00 0.0 0 6.9 15 100 M M 0 22 130
28 82 50 66 -3 0 1 0.00 0.0 0 3.5 13 50 M M 0 19 90
29 86 54 70 1 0 5 0.00 0.0 0 0.8 12 50 M M 0 17 60
30 90 58 74 4 0 9 0.00 0.0 0 2.6 14 170 M M 1 18 160
31 90 62 76 6 0 11 0.00 0.0 0 3.3 14 160 M M 2 20 190
================================================================================
SM 2431 1633 60 84 3.52 0.0 233.9 M 73
================================================================================
AV 78.4 52.7 7.5 FASTST M M 2 MAX(MPH)
MISC ----> 43 150 55 140
================================================================================
NOTES:
# LAST OF SEVERAL OCCURRENCES
COLUMN 17 PEAK WIND IN M.P.H.
PRELIMINARY LOCAL CLIMATOLOGICAL DATA (WS FORM: F-6) , PAGE 2
STATION: SPRINGFIELD IL
MONTH: MAY
YEAR: 2023
LATITUDE: 39 50 N
LONGITUDE: 89 41 W
[TEMPERATURE DATA] [PRECIPITATION DATA] SYMBOLS USED IN COLUMN 16
AVERAGE MONTHLY: 65.5 TOTAL FOR MONTH: 3.52 1 = FOG OR MIST
DPTR FM NORMAL: 0.4 DPTR FM NORMAL: -1.00 2 = FOG REDUCING VISIBILITY
HIGHEST: 90 ON 31,30 GRTST 24HR 1.59 ON 7- 8 TO 1/4 MILE OR LESS
LOWEST: 35 ON 3 3 = THUNDER
SNOW, ICE PELLETS, HAIL 4 = ICE PELLETS
TOTAL MONTH: 0.0 INCH 5 = HAIL
GRTST 24HR 0.0 6 = FREEZING RAIN OR DRIZZLE
GRTST DEPTH: 0 7 = DUSTSTORM OR SANDSTORM:
VSBY 1/2 MILE OR LESS
8 = SMOKE OR HAZE
[NO. OF DAYS WITH] [WEATHER - DAYS WITH] 9 = BLOWING SNOW
X = TORNADO
MAX 32 OR BELOW: 0 0.01 INCH OR MORE: 7
MAX 90 OR ABOVE: 2 0.10 INCH OR MORE: 6
MIN 32 OR BELOW: 0 0.50 INCH OR MORE: 2
MIN 0 OR BELOW: 0 1.00 INCH OR MORE: 2
[HDD (BASE 65) ]
TOTAL THIS MO. 60 CLEAR (SCALE 0-3) 20
DPTR FM NORMAL -51 PTCLDY (SCALE 4-7) 10
TOTAL FM JUL 1 4884 CLOUDY (SCALE 8-10) 1
DPTR FM NORMAL -323
[CDD (BASE 65) ]
TOTAL THIS MO. 84
DPTR FM NORMAL -28 [PRESSURE DATA]
TOTAL FM JAN 1 102 HIGHEST SLP 30.31 ON 26
DPTR FM NORMAL -32 LOWEST SLP 29.57 ON 1
[REMARKS]
#FINAL-05-23#