000
CXUS52 KTBW 040230
CF6SRQ
PRELIMINARY LOCAL CLIMATOLOGICAL DATA (WS FORM: F-6)
STATION: SARASOTA BRADENTON
MONTH: FEBRUARY
YEAR: 2024
LATITUDE: 27 23 N
LONGITUDE: 82 33 W
TEMPERATURE IN F: :PCPN: SNOW: WIND :SUNSHINE: SKY :PK WND
================================================================================
1 2 3 4 5 6A 6B 7 8 9 10 11 12 13 14 15 16 17 18
12Z AVG MX 2MIN
DY MAX MIN AVG DEP HDD CDD WTR SNW DPTH SPD SPD DIR MIN PSBL S-S WX SPD DR
================================================================================
1 68 48 58 -5 7 0 0.00 0.0 0 7.2 15 280 M M 0 20 280
2 68 50 59 -4 6 0 0.00 0.0 0 5.2 13 270 M M 0 17 250
3 73 45 59 -4 6 0 0.00 0.0 0 3.7 14 240 M M 0 12 17 250
4 72 52 62 -1 3 0 0.39 0.0 0 12.7 29 170 M M 4 1 43 160
5 70 54 62 -2 3 0 0.83 0.0 0 9.0 20 130 M M 5 13 24 130
6 68 54 61 -3 4 0 0.00 0.0 0 12.8 22 330 M M 3 31 330
7 73 50 62 -2 3 0 0.00 0.0 0 8.8 15 310 M M 0 22 20
8 76 51 64 0 1 0 0.00 0.0 0 6.9 16 110 M M 0 22 110
9 76 54 65 1 0 0 0.00 0.0 0 6.0 16 160 M M 2 1 21 130
10 80 57 69 5 0 4 0.00 0.0 0 10.4 21 160 M M 3 27 160
11 81 65 73 9 0 8 0.00 0.0 0 11.8 22 190 M M 2 31 200
12 78 67 73 9 0 8 0.08 0.0 0 16.0 25 190 M M 5 1 37 190
13 70 55 63 -2 2 0 0.00 0.0 0 12.1 22 330 M M 3 31 320
14 75 51 63 -2 2 0 0.00 0.0 0 6.6 15 60 M M 0 20 50
15 77 56 67 2 0 2 0.00 0.0 0 6.5 16 100 M M 0 20 320
16 75 57 66 1 0 1 0.00 0.0 0 3.5 9 250 M M 5 17 240
17 76 60 68 3 0 3 0.75 0.0 0 8.7 21 40 M M 8 1 30 30
18 60 56 58 -7 7 0 1.06 0.0 0 11.3 18 40 M M 10 1 26 360
19 67 48 58 -7 7 0 0.09 0.0 0 9.3 17 350 M M 4 1 25 350
20 67 45 56 -10 9 0 0.00 0.0 0 6.7 17 290 M M 0 23 290
21 72 45 59 -7 6 0 0.00 0.0 0 6.1 16 310 M M 0 24 20
22 72 47 60 -6 5 0 0.00 0.0 0 6.0 13 270 M M 0 16 260
23 74 50 62 -4 3 0 0.06 0.0 0 12.4 23 200 M M 4 1 35 210
24 74 57 66 0 0 1 0.00 0.0 0 11.0 20 310 M M 1 26 300
25 73 51 62 -4 3 0 0.00 0.0 0 4.8 13 250 M M 0 22 250
26 75 50 63 -3 2 0 0.00 0.0 0 5.2 13 290 M M 0 19 290
27 77 53 65 -1 0 0 0.00 0.0 0 8.1 20 190 M M 0 26 180
28 80 58 69 3 0 4 0.00 0.0 0 10.3 25 180 M M 0 34 180
29 82 62 72 6 0 7 0.00 0.0 0 6.3 17 60 M M 4 1 24 60
================================================================================
SM 2129 1548 79 38 3.26 0.0 245.4 M 63
================================================================================
AV 73.4 53.4 8.5 FASTST M M 2 MAX(MPH)
MISC ----> 29 170 43 160
================================================================================
NOTES:
# LAST OF SEVERAL OCCURRENCES
COLUMN 17 PEAK WIND IN M.P.H.
PRELIMINARY LOCAL CLIMATOLOGICAL DATA (WS FORM: F-6) , PAGE 2
STATION: SARASOTA BRADENTON
MONTH: FEBRUARY
YEAR: 2024
LATITUDE: 27 23 N
LONGITUDE: 82 33 W
[TEMPERATURE DATA] [PRECIPITATION DATA] SYMBOLS USED IN COLUMN 16
AVERAGE MONTHLY: 63.4 TOTAL FOR MONTH: 3.26 1 = FOG OR MIST
DPTR FM NORMAL: -1.4 DPTR FM NORMAL: 1.34 2 = FOG REDUCING VISIBILITY
HIGHEST: 82 ON 29 GRTST 24HR 1.68 ON 17-18 TO 1/4 MILE OR LESS
LOWEST: 45 ON 21,20 3 = THUNDER
SNOW, ICE PELLETS, HAIL 4 = ICE PELLETS
TOTAL MONTH: 0.0 INCH 5 = HAIL
GRTST 24HR 0.0 6 = FREEZING RAIN OR DRIZZLE
GRTST DEPTH: 0 7 = DUSTSTORM OR SANDSTORM:
VSBY 1/2 MILE OR LESS
8 = SMOKE OR HAZE
[NO. OF DAYS WITH] [WEATHER - DAYS WITH] 9 = BLOWING SNOW
X = TORNADO
MAX 32 OR BELOW: 0 0.01 INCH OR MORE: 7
MAX 90 OR ABOVE: 0 0.10 INCH OR MORE: 4
MIN 32 OR BELOW: 0 0.50 INCH OR MORE: 3
MIN 0 OR BELOW: 0 1.00 INCH OR MORE: 1
[HDD (BASE 65) ]
TOTAL THIS MO. 79 CLEAR (SCALE 0-3) 19
DPTR FM NORMAL -3 PTCLDY (SCALE 4-7) 8
TOTAL FM JUL 1 267 CLOUDY (SCALE 8-10) 2
DPTR FM NORMAL -85
[CDD (BASE 65) ]
TOTAL THIS MO. 38
DPTR FM NORMAL -37 [PRESSURE DATA]
TOTAL FM JAN 1 101 HIGHEST SLP 30.30 ON 21
DPTR FM NORMAL -35 LOWEST SLP 29.49 ON 5
[REMARKS]
#FINAL-02-24#