000
CXUS54 KEPZ 221305
CF6SRR
PRELIMINARY LOCAL CLIMATOLOGICAL DATA (WS FORM: F-6)
STATION: RUIDOSO AWOS
MONTH: JANUARY
YEAR: 2023
LATITUDE: 33 28 N
LONGITUDE: 105 32 W
TEMPERATURE IN F: :PCPN: SNOW: WIND :SUNSHINE: SKY :PK WND
================================================================================
1 2 3 4 5 6A 6B 7 8 9 10 11 12 13 14 15 16 17 18
12Z AVG MX 2MIN
DY MAX MIN AVG DEP HDD CDD WTR SNW DPTH SPD SPD DIR MIN PSBL S-S WX SPD DR
================================================================================
1 55 36 46 M 19 0 0.00 M M 11.8 30 230 M M 0 37 230
2 45 28 37 M 28 0 0.04 M M 16.1 32 230 M M 0 51 230
3 39 28 34 M 31 0 0.00 M M 17.5 25 260 M M 0 37 270
4 45 25 35 M 30 0 0.00 M M 12.0 22 270 M M 0 30 270
5 55 27 41 M 24 0 0.00 M M 5.8 16 230 M M 0 18 230
6 57 37 47 M 18 0 0.00 M M 16.5 27 220 M M 0 33 230
7 50 32 41 M 24 0 0.00 M M 7.9 16 300 M M 0 25 300
8 55 28 42 M 23 0 0.00 M M 8.1 21 230 M M 0 25 230
9 57 32 45 M 20 0 0.00 M M 9.5 17 220 M M 0 23 200
10 59 37 48 M 17 0 0.00 M M 9.4 21 280 M M 0 31 280
11 48 36 42 M 23 0 0.00 M M 19.9 28 240 M M 0 46 260
12 48 27 38 M 27 0 0.00 M M 5.8 22 300 M M 0 31 300
13 55 28 42 M 23 0 0.00 M M 7.7 13 250 M M 0 M M
14 61 36 49 M 16 0 0.00 M M 9.4 20 240 M M 0 35 240
15 52 36 44 M 21 0 0.01 M M 25.3 50 230 M M 0 8 61 240
16 48 34 41 M 24 0 0.01 M M 16.3 25 240 M M 0 33 240
17 45 28 37 M 28 0 0.06 M M 18.0 24 230 M M 0 35 240
18 36 23 30 M 35 0 0.00 M M 19.9 36 260 M M 0 48 260
19 45 23 34 M 31 0 0.00 M M 7.7 16 310 M M 0 24 310
20 45 23 34 M 31 0 0.00 M M 13.5 30 230 M M 0 40 220
21 36 23 30 M 35 0 0.00 M M 12.7 20 310 M M 0 33 310
22 46 23 35 M 30 0 0.00 M M 7.9 17 290 M M 0 22 300
23 28 23 26 M 39 0 0.00 M M 8.1 15 90 M M 0 24 90
24 36 19 28 M 37 0 0.03 M M 10.0 21 300 M M 0 28 300
25 32 16 24 M 41 0 T M M 10.5 20 320 M M 0 27 320
26 34 10 22 M 43 0 0.00 M M 6.1 14 290 M M 0 1 27 190
27 45 19 32 M 33 0 0.00 M M 9.9 18 300 M M 0 28 300
28 50 23 37 M 28 0 0.00 M M 12.3 27 240 M M 0 36 250
29 50 32 41 M 24 0 0.00 M M 11.8 25 220 M M 0 33 220
30 52 18 35 M 30 0 0.00 M M 13.3 31 220 M M 0 12 45 230
31 46 19 33 M 32 0 0.00 M M 6.7 21 230 M M 0 12 24 150
================================================================================
SM 1455 829 865 0 0.15 M 367.2 M 0
================================================================================
AV 46.9 26.7 11.8 FASTST M M 0 MAX(MPH)
MISC ----> 50 230 61 240
================================================================================
NOTES:
# LAST OF SEVERAL OCCURRENCES
COLUMN 17 PEAK WIND IN M.P.H.
PRELIMINARY LOCAL CLIMATOLOGICAL DATA (WS FORM: F-6) , PAGE 2
STATION: RUIDOSO AWOS
MONTH: JANUARY
YEAR: 2023
LATITUDE: 33 28 N
LONGITUDE: 105 32 W
[TEMPERATURE DATA] [PRECIPITATION DATA] SYMBOLS USED IN COLUMN 16
AVERAGE MONTHLY: 36.8 TOTAL FOR MONTH: 0.15 1 = FOG OR MIST
DPTR FM NORMAL: 0.0 DPTR FM NORMAL: M 2 = FOG REDUCING VISIBILITY
HIGHEST: 61 ON 14 GRTST 24HR 0.48 ON 23-24 TO 1/4 MILE OR LESS
LOWEST: 10 ON 26 3 = THUNDER
SNOW, ICE PELLETS, HAIL 4 = ICE PELLETS
TOTAL MONTH: M 5 = HAIL
GRTST 24HR M ON M 6 = FREEZING RAIN OR DRIZZLE
GRTST DEPTH: M ON M 7 = DUSTSTORM OR SANDSTORM:
VSBY 1/2 MILE OR LESS
8 = SMOKE OR HAZE
[NO. OF DAYS WITH] [WEATHER - DAYS WITH] 9 = BLOWING SNOW
X = TORNADO
MAX 32 OR BELOW: 2 0.01 INCH OR MORE: 5
MAX 90 OR ABOVE: 0 0.10 INCH OR MORE: 0
MIN 32 OR BELOW: 24 0.50 INCH OR MORE: 0
MIN 0 OR BELOW: 0 1.00 INCH OR MORE: 0
[HDD (BASE 65) ]
TOTAL THIS MO. 865 CLEAR (SCALE 0-3) 31
DPTR FM NORMAL M PTCLDY (SCALE 4-7) 0
TOTAL FM JUL 1 2938 CLOUDY (SCALE 8-10) 0
DPTR FM NORMAL M
[CDD (BASE 65) ]
TOTAL THIS MO. 0
DPTR FM NORMAL M [PRESSURE DATA]
TOTAL FM JAN 1 0 HIGHEST SLP M ON M
DPTR FM NORMAL M LOWEST SLP M ON M
[REMARKS]
#FINAL-01-23#