000
CXUS54 KEWX 011110
CF6SSF
PRELIMINARY LOCAL CLIMATOLOGICAL DATA (WS FORM: F-6)
STATION: SAN ANTONIO STINSON FIELD
MONTH: DECEMBER
YEAR: 2021
LATITUDE: 29 19 N
LONGITUDE: 98 29 W
TEMPERATURE IN F: :PCPN: SNOW: WIND :SUNSHINE: SKY :PK WND
================================================================================
1 2 3 4 5 6A 6B 7 8 9 10 11 12 13 14 15 16 17 18
12Z AVG MX 2MIN
DY MAX MIN AVG DEP HDD CDD WTR SNW DPTH SPD SPD DIR MIN PSBL S-S WX SPD DR
================================================================================
1 80 51 66 8 0 1 0.00 M M 1.9 9 200 M M 0 1 16 190
2 79 55 67 9 0 2 0.00 M M 2.5 13 150 M M 4 128 15 140
3 84 66 75 18 0 10 0.02 M M 5.2 13 150 M M 6 18 17 170
4 82 66 74 17 0 9 0.00 M M 3.8 10 120 M M 7 18 14 70
5 82 71 77 20 0 12 T M M 7.3 14 170 M M 8 22 180
6 73 56 65 8 0 0 0.00 M M 8.0 20 10 M M 3 128 31 10
7 73 49 61 4 4 0 T M M 3.8 9 190 M M 2 15 170
8 83 45 64 8 1 0 0.00 M M 3.3 10 160 M M 0 18 15 140
9 83 64 74 18 0 9 T M M 2.8 12 200 M M 7 128 18 200
10 88 69 79 23 0 14 0.00 M M 6.1 17 190 M M 5 18 23 200
11 75 47 61 5 4 0 0.00 M M 11.0 26 10 M M 4 18 40 360
12 66 42 54 -2 11 0 0.00 M M 3.8 13 80 M M 2 17 90
13 72 45 59 4 6 0 0.00 M M 2.3 9 60 M M 9 12 70
14 82 63 73 18 0 8 0.00 M M 4.4 14 160 M M 8 128 20 150
15 86 72 79 24 0 14 T M M 11.6 21 180 M M 8 30 190
16 85 67 76 21 0 11 0.00 M M 9.6 17 140 M M 9 1 26 180
17 83 73 78 23 0 13 0.00 M M 11.1 20 150 M M 8 29 180
18 74 52 63 8 2 0 0.43 M M 9.9 24 330 M M 7 138 39 330
19 55 44 50 -4 15 0 0.16 M M 6.4 20 20 M M 10 28 360
20 63 43 53 -1 12 0 0.00 M M 2.3 7 90 M M 6 10 150
21 70 39 55 1 10 0 0.00 M M 2.7 13 260 M M 0 18 19 280
22 78 46 62 8 3 0 0.00 M M 3.2 13 180 M M 0 18 17 180
23 78 50 64 10 1 0 0.00 M M 4.1 14 160 M M 5 128 20 170
24 83 54 69 15 0 4 0.00 M M 4.4 16 160 M M 5 128 21 170
25 83 62 73 19 0 8 0.00 M M 2.4 12 190 M M 5 18 16 170
26 82 60 71 17 0 6 0.00 M M 3.8 10 140 M M 5 128 15 140
27 86 60 73 20 0 8 0.00 M M 8.0 15 200 M M 6 128 23 190
28 78 63 71 18 0 6 0.00 M M 5.3 13 170 M M 6 18 21 160
29 85 63 74 21 0 9 0.00 M M 2.6 9 230 M M 5 128 14 240
30 87 59 73 20 0 8 0.00 M M 2.7 12 120 M M 0 18 16 110
31 88 66 77 24 0 12 0.00 M M 7.6 18 160 M M 7 128 28 210
================================================================================
SM 2446 1762 69 164 0.61 M 163.9 M 157
================================================================================
AV 78.9 56.8 5.3 FASTST M M 5 MAX(MPH)
MISC ----> 26 10 40 360
================================================================================
NOTES:
# LAST OF SEVERAL OCCURRENCES
COLUMN 17 PEAK WIND IN M.P.H.
PRELIMINARY LOCAL CLIMATOLOGICAL DATA (WS FORM: F-6) , PAGE 2
STATION: SAN ANTONIO STINSON FIELD
MONTH: DECEMBER
YEAR: 2021
LATITUDE: 29 19 N
LONGITUDE: 98 29 W
[TEMPERATURE DATA] [PRECIPITATION DATA] SYMBOLS USED IN COLUMN 16
AVERAGE MONTHLY: 67.9 TOTAL FOR MONTH: 0.61 1 = FOG OR MIST
DPTR FM NORMAL: 12.8 DPTR FM NORMAL: -1.49 2 = FOG REDUCING VISIBILITY
HIGHEST: 88 ON 31,10 GRTST 24HR 0.52 ON 18-19 TO 1/4 MILE OR LESS
LOWEST: 39 ON 21 3 = THUNDER
SNOW, ICE PELLETS, HAIL 4 = ICE PELLETS
TOTAL MONTH: M 5 = HAIL
GRTST 24HR M ON M 6 = FREEZING RAIN OR DRIZZLE
GRTST DEPTH: M ON M 7 = DUSTSTORM OR SANDSTORM:
VSBY 1/2 MILE OR LESS
8 = SMOKE OR HAZE
[NO. OF DAYS WITH] [WEATHER - DAYS WITH] 9 = BLOWING SNOW
X = TORNADO
MAX 32 OR BELOW: 0 0.01 INCH OR MORE: 3
MAX 90 OR ABOVE: 0 0.10 INCH OR MORE: 2
MIN 32 OR BELOW: 0 0.50 INCH OR MORE: 0
MIN 0 OR BELOW: 0 1.00 INCH OR MORE: 0
[HDD (BASE 65) ]
TOTAL THIS MO. 69 CLEAR (SCALE 0-3) 7
DPTR FM NORMAL -257 PTCLDY (SCALE 4-7) 18
TOTAL FM JUL 1 150 CLOUDY (SCALE 8-10) 6
DPTR FM NORMAL -354
[CDD (BASE 65) ]
TOTAL THIS MO. 164
DPTR FM NORMAL 144 [PRESSURE DATA]
TOTAL FM JAN 1 3828 HIGHEST SLP 30.34 ON 19
DPTR FM NORMAL 353 LOWEST SLP 29.59 ON 31
[REMARKS]
#FINAL-12-21#