000
CXUS53 KLSX 011400
CF6STL
PRELIMINARY LOCAL CLIMATOLOGICAL DATA (WS FORM: F-6)
STATION: ST. LOUIS
MONTH: MARCH
YEAR: 2024
LATITUDE: 38 45 N
LONGITUDE: 90 23 W
TEMPERATURE IN F: :PCPN: SNOW: WIND :SUNSHINE: SKY :PK WND
================================================================================
1 2 3 4 5 6A 6B 7 8 9 10 11 12 13 14 15 16 17 18
12Z AVG MX 2MIN
DY MAX MIN AVG DEP HDD CDD WTR SNW DPTH SPD SPD DIR MIN PSBL S-S WX SPD DR
================================================================================
1 50 36 43 2 22 0 0.05 T 0 5.2 15 180 M M 8 48 22 190
2 66 34 50 8 15 0 0.00 0.0 0 9.9 21 140 M M 0 29 140
3 75 46 61 19 4 0 T 0.0 0 15.2 30 160 M M 4 40 150
4 77 63 70 28 0 5 0.00 0.0 0 13.2 26 200 M M 6 37 170
5 69 50 60 17 5 0 T 0.0 0 10.2 20 320 M M 10 1 28 210
6 61 42 52 9 13 0 0.00 0.0 0 7.6 16 60 M M 5 18 21 60
7 57 41 49 5 16 0 0.10 0.0 0 10.9 20 140 M M 9 18 26 130
8 61 46 54 10 11 0 0.26 0.0 0 9.9 18 310 M M 10 18 25 310
9 52 39 46 2 19 0 T 0.0 0 13.4 22 300 M M 6 1 31 310
10 56 30 43 -1 22 0 0.00 0.0 0 5.5 14 350 M M 0 8 21 350
11 72 40 56 11 9 0 0.00 0.0 0 9.3 21 220 M M 1 27 200
12 76 51 64 19 1 0 0.00 0.0 0 11.2 22 200 M M 5 28 210
13 80 53 67 21 0 2 T 0.0 0 9.3 21 140 M M 7 3 36 150
14 80 53 67 21 0 2 0.66 0.0 0 11.8 31 300 M M 8 138 52 300
15 63 47 55 9 10 0 0.00 0.0 0 10.3 20 350 M M 7 28 350
16 70 42 56 9 9 0 0.00 0.0 0 10.2 26 250 M M 4 34 280
17 54 32 43 -4 22 0 0.00 0.0 0 12.1 24 340 M M 5 33 320
18 43 27 35 -12 30 0 0.00 0.0 0 10.9 24 320 M M 1 33 330
19 72 30 51 3 14 0 0.00 0.0 0 11.7 25 240 M M 1 36 230
20 60 39 50 2 15 0 0.00 0.0 0 7.0 16 350 M M 2 23 360
21 54 36 45 -3 20 0 0.00 0.0 0 10.2 16 100 M M 5 24 100
22 68 38 53 4 12 0 T 0.0 0 9.7 28 360 M M 6 36 360
23 51 37 44 -5 21 0 0.00 0.0 0 10.7 18 10 M M 7 31 360
24 66 42 54 4 11 0 0.00 0.0 0 15.7 25 130 M M 8 33 140
25 67 52 60 10 5 0 1.05 0.0 0 15.8 33 170 M M 10 1 47 170
26 53 39 46 -4 19 0 0.04 0.0 0 16.6 31 240 M M 9 42 250
27 55 33 44 -7 21 0 0.00 0.0 0 6.7 16 300 M M 3 24 310
28 68 34 51 0 14 0 0.00 0.0 0 6.4 17 220 M M 2 26 210
29 78 47 63 12 2 0 0.00 0.0 0 11.4 23 170 M M 5 32 150
30 79 62 71 19 0 6 T 0.0 0 11.5 24 200 M M 7 34 200
31 82 57 70 18 0 5 T 0.0 0 10.3 25 210 M M 7 35 200
================================================================================
SM 2015 1318 362 20 2.16 T 329.8 M 168
================================================================================
AV 65.0 42.5 10.6 FASTST M M 5 MAX(MPH)
MISC ----> 33 170 52 300
================================================================================
NOTES:
# LAST OF SEVERAL OCCURRENCES
COLUMN 17 PEAK WIND IN M.P.H.
PRELIMINARY LOCAL CLIMATOLOGICAL DATA (WS FORM: F-6) , PAGE 2
STATION: ST. LOUIS
MONTH: MARCH
YEAR: 2024
LATITUDE: 38 45 N
LONGITUDE: 90 23 W
[TEMPERATURE DATA] [PRECIPITATION DATA] SYMBOLS USED IN COLUMN 16
AVERAGE MONTHLY: 53.8 TOTAL FOR MONTH: 2.16 1 = FOG OR MIST
DPTR FM NORMAL: 7.2 DPTR FM NORMAL: -1.34 2 = FOG REDUCING VISIBILITY
HIGHEST: 82 ON 31 GRTST 24HR 1.09 ON 25-26 TO 1/4 MILE OR LESS
LOWEST: 27 ON 18 3 = THUNDER
SNOW, ICE PELLETS, HAIL 4 = ICE PELLETS
TOTAL MONTH: T 5 = HAIL
GRTST 24HR T ON 1- 1 6 = FREEZING RAIN OR DRIZZLE
GRTST DEPTH: 0 7 = DUSTSTORM OR SANDSTORM:
VSBY 1/2 MILE OR LESS
8 = SMOKE OR HAZE
[NO. OF DAYS WITH] [WEATHER - DAYS WITH] 9 = BLOWING SNOW
X = TORNADO
MAX 32 OR BELOW: 0 0.01 INCH OR MORE: 6
MAX 90 OR ABOVE: 0 0.10 INCH OR MORE: 4
MIN 32 OR BELOW: 4 0.50 INCH OR MORE: 2
MIN 0 OR BELOW: 0 1.00 INCH OR MORE: 1
[HDD (BASE 65) ]
TOTAL THIS MO. 362 CLEAR (SCALE 0-3) 8
DPTR FM NORMAL -214 PTCLDY (SCALE 4-7) 18
TOTAL FM JUL 1 3168 CLOUDY (SCALE 8-10) 5
DPTR FM NORMAL -928
[CDD (BASE 65) ]
TOTAL THIS MO. 20
DPTR FM NORMAL 13 [PRESSURE DATA]
TOTAL FM JAN 1 20 HIGHEST SLP 30.34 ON 23
DPTR FM NORMAL 12 LOWEST SLP 29.42 ON 25
[REMARKS]
#FINAL-03-24#