000
CXUS53 KLSX 011549 CCA
CF6STL
PRELIMINARY LOCAL CLIMATOLOGICAL DATA (WS FORM: F-6)
STATION: ST. LOUIS
MONTH: AUGUST
YEAR: 2022
LATITUDE: 38 45 N
LONGITUDE: 90 23 W
TEMPERATURE IN F: :PCPN: SNOW: WIND :SUNSHINE: SKY :PK WND
================================================================================
1 2 3 4 5 6A 6B 7 8 9 10 11 12 13 14 15 16 17 18
12Z AVG MX 2MIN
DY MAX MIN AVG DEP HDD CDD WTR SNW DPTH SPD SPD DIR MIN PSBL S-S WX SPD DR
================================================================================
1 98 77 88 8 0 23 0.00 0.0 0 9.1 20 260 M M 3 25 240
2 89 81 85 5 0 20 0.00 0.0 0 11.6 28 110 M M 3 8 36 110
3 98 73 86 6 0 21 4.32 0.0 0 9.7 43 240 M M 5 13 52 240
4 89 74 82 2 0 17 0.44 0.0 0 6.1 14 120 M M 7 13 20 160
5 92 75 84 4 0 19 0.00 0.0 0 6.6 13 170 M M 3 18 120
6 96 78 87 7 0 22 0.00 0.0 0 8.4 15 190 M M 2 23 190
7 98 80 89 9 0 24 0.00 0.0 0 8.8 17 170 M M 7 27 180
8 97 79 88 8 0 23 0.00 0.0 0 8.1 14 240 M M 6 22 240
9 81 72 77 -3 0 12 0.09 0.0 0 6.6 23 280 M M 8 13 30 290
10 85 68 77 -3 0 12 0.00 0.0 0 5.2 14 340 M M 3 1 18 330
11 87 66 77 -3 0 12 0.00 0.0 0 5.5 14 60 M M 3 18 19 70
12 84 66 75 -5 0 10 0.00 0.0 0 8.1 15 70 M M 4 20 60
13 89 67 78 -2 0 13 0.00 0.0 0 7.8 16 180 M M 6 22 190
14 85 71 78 -1 0 13 0.00 0.0 0 8.9 16 230 M M 7 22 230
15 80 69 75 -4 0 10 0.00 0.0 0 6.3 14 90 M M 8 18 60
16 81 68 75 -4 0 10 0.41 0.0 0 2.8 13 10 M M 8 1 16 10
17 84 66 75 -4 0 10 0.00 0.0 0 6.4 15 20 M M 2 21 40
18 86 65 76 -3 0 11 0.00 0.0 0 2.5 9 320 M M 4 13 330
19 88 67 78 -1 0 13 0.00 0.0 0 7.5 14 220 M M 6 22 210
20 90 75 83 5 0 18 T 0.0 0 9.2 18 240 M M 7 27 240
21 81 67 74 -4 0 9 0.00 0.0 0 7.2 15 350 M M 4 21 330
22 87 66 77 -1 0 12 0.00 0.0 0 4.7 12 320 M M 3 15 320
23 86 67 77 -1 0 12 0.00 0.0 0 4.0 12 100 M M 2 14 70
24 87 66 77 -1 0 12 0.00 0.0 0 3.4 10 80 M M 3 15 40
25 91 68 80 2 0 15 0.20 0.0 0 5.6 28 280 M M 3 3 40 290
26 89 71 80 3 0 15 0.00 0.0 0 5.0 13 340 M M 2 19 350
27 91 70 81 4 0 16 0.00 0.0 0 7.1 15 130 M M 5 19 110
28 93 75 84 7 0 19 0.32 0.0 0 10.2 21 240 M M 7 13 27 150
29 94 73 84 7 0 19 T 0.0 0 9.5 18 250 M M 7 3 23 250
30 88 69 79 3 0 14 0.00 0.0 0 5.8 18 320 M M 3 24 330
31 85 63 74 -2 0 9 0.00 0.0 0 2.7 10 360 M M 1 15 320
================================================================================
SM 2749 2192 0 465 5.78 0.0 210.4 M 142
================================================================================
AV 88.7 70.7 6.8 FASTST M M 5 MAX(MPH)
MISC ----> 43 240 52 240
================================================================================
NOTES:
# LAST OF SEVERAL OCCURRENCES
COLUMN 17 PEAK WIND IN M.P.H.
PRELIMINARY LOCAL CLIMATOLOGICAL DATA (WS FORM: F-6) , PAGE 2
STATION: ST. LOUIS
MONTH: AUGUST
YEAR: 2022
LATITUDE: 38 45 N
LONGITUDE: 90 23 W
[TEMPERATURE DATA] [PRECIPITATION DATA] SYMBOLS USED IN COLUMN 16
AVERAGE MONTHLY: 79.7 TOTAL FOR MONTH: 5.78 1 = FOG OR MIST
DPTR FM NORMAL: 0.9 DPTR FM NORMAL: 2.40 2 = FOG REDUCING VISIBILITY
HIGHEST: 98 ON 7, 3 GRTST 24HR 4.76 ON 3-4 TO 1/4 MILE OR LESS
LOWEST: 63 ON 31 3 = THUNDER
SNOW, ICE PELLETS, HAIL 4 = ICE PELLETS
TOTAL MONTH: 0.0 INCH 5 = HAIL
GRTST 24HR 0.0 6 = FREEZING RAIN OR DRIZZLE
GRTST DEPTH: 0 7 = DUSTSTORM OR SANDSTORM:
VSBY 1/2 MILE OR LESS
8 = SMOKE OR HAZE
[NO. OF DAYS WITH] [WEATHER - DAYS WITH] 9 = BLOWING SNOW
X = TORNADO
MAX 32 OR BELOW: 0 0.01 INCH OR MORE: 6
MAX 90 OR ABOVE: 11 0.10 INCH OR MORE: 5
MIN 32 OR BELOW: 0 0.50 INCH OR MORE: 1
MIN 0 OR BELOW: 0 1.00 INCH OR MORE: 1
[HDD (BASE 65) ]
TOTAL THIS MO. 0 CLEAR (SCALE 0-3) 14
DPTR FM NORMAL -1 PTCLDY (SCALE 4-7) 14
TOTAL FM JUL 1 0 CLOUDY (SCALE 8-10) 3
DPTR FM NORMAL -1
[CDD (BASE 65) ]
TOTAL THIS MO. 465
DPTR FM NORMAL 37 [PRESSURE DATA]
TOTAL FM JAN 1 1694 HIGHEST SLP 30.19 ON 12
DPTR FM NORMAL 244 LOWEST SLP 29.77 ON 28
[REMARKS]
#FINAL-08-22#