000
CXUS56 KMTR 010900
CF6STS
PRELIMINARY LOCAL CLIMATOLOGICAL DATA (WS FORM: F-6)
STATION: SANTA ROSA AIRPORT
MONTH: AUGUST
YEAR: 2023
LATITUDE: 38 30 N
LONGITUDE: 122 49 W
TEMPERATURE IN F: :PCPN: SNOW: WIND :SUNSHINE: SKY :PK WND
================================================================================
1 2 3 4 5 6A 6B 7 8 9 10 11 12 13 14 15 16 17 18
12Z AVG MX 2MIN
DY MAX MIN AVG DEP HDD CDD WTR SNW DPTH SPD SPD DIR MIN PSBL S-S WX SPD DR
================================================================================
1 79 50 65 -3 0 0 0.00 M M 6.4 16 140 M M 3 18 20 140
2 82 56 69 1 0 4 0.00 M M 5.7 14 130 M M 5 20 190
3 81 52 67 -1 0 2 0.00 M M 5.9 16 140 M M 3 18 21 140
4 87 52 70 2 0 5 0.00 M M 4.6 16 160 M M 3 12 22 160
5 92 52 72 4 0 7 0.00 M M 4.8 16 180 M M 0 22 160
6 101 55 78 10 0 13 0.00 M M 4.3 14 170 M M 0 17 170
7 96 56 76 8 0 11 0.00 M M 5.6 18 180 M M 0 8 23 190
8 78 55 67 -1 0 2 0.00 M M 5.4 15 190 M M 5 1 22 190
9 80 56 68 0 0 3 0.00 M M 5.3 14 160 M M 5 18 19 160
10 83 56 70 2 0 5 0.00 M M 6.0 16 180 M M 5 21 150
11 82 58 70 2 0 5 0.00 M M 6.0 15 170 M M 5 1 19 160
12 87 56 72 4 0 7 0.00 M M 5.6 15 160 M M 4 1 19 160
13 91 56 74 6 0 9 0.00 M M 5.8 15 140 M M 1 1 21 150
14 87 59 73 5 0 8 T M M 5.0 15 170 M M 2 19 180
15 90 57 74 6 0 9 0.00 M M 6.7 15 170 M M 2 21 160
16 91 56 74 6 0 9 0.00 M M 5.5 16 190 M M 3 12 20 200
17 83 59 71 3 0 6 0.00 M M 7.2 15 160 M M 4 1 20 160
18 76 60 68 0 0 3 0.00 M M 5.5 14 220 M M 6 18 20 200
19 79 59 69 1 0 4 T M M 6.6 15 160 M M 6 18 20 190
20 88 59 74 6 0 9 T M M 2.7 8 330 M M 5 12 340
21 77 60 69 1 0 4 T M M 5.5 18 200 M M 9 18 25 200
22 83 62 73 5 0 8 0.00 M M 3.3 12 200 M M 5 18 180
23 95 56 76 8 0 11 0.00 M M 3.5 17 260 M M 0 24 250
24 83 60 72 4 0 7 0.00 M M 6.2 16 170 M M 1 23 190
25 81 57 69 1 0 4 0.00 M M 6.0 14 140 M M 4 8 20 150
26 82 55 69 1 0 4 0.00 M M 4.7 14 150 M M 5 128 19 180
27 88 54 71 3 0 6 0.00 M M 4.4 14 140 M M 4 1 19 130
28 93 49 71 3 0 6 0.00 M M 4.1 15 140 M M 0 1 19 140
29 98 47 73 5 0 8 0.00 M M 5.2 17 330 M M 0 1 27 200
30 98 55 77 9 0 12 0.00 M M 5.7 15 160 M M 0 8 19 250
31 87 53 70 2 0 5 0.00 M M 5.0 15 180 M M 0 18 19 170
================================================================================
SM 2678 1727 0 196 T M 164.2 M 95
================================================================================
AV 86.4 55.7 5.3 FASTST M M 3 MAX(MPH)
MISC ----> # 18 180 27 200
================================================================================
NOTES:
# LAST OF SEVERAL OCCURRENCES
COLUMN 17 PEAK WIND IN M.P.H.
PRELIMINARY LOCAL CLIMATOLOGICAL DATA (WS FORM: F-6) , PAGE 2
STATION: SANTA ROSA AIRPORT
MONTH: AUGUST
YEAR: 2023
LATITUDE: 38 30 N
LONGITUDE: 122 49 W
[TEMPERATURE DATA] [PRECIPITATION DATA] SYMBOLS USED IN COLUMN 16
AVERAGE MONTHLY: 71.0 TOTAL FOR MONTH: T 1 = FOG OR MIST
DPTR FM NORMAL: 3.0 DPTR FM NORMAL: -0.05 2 = FOG REDUCING VISIBILITY
HIGHEST: 101 ON 6 GRTST 24HR T ON 14-14 TO 1/4 MILE OR LESS
LOWEST: 47 ON 29 3 = THUNDER
SNOW, ICE PELLETS, HAIL 4 = ICE PELLETS
TOTAL MONTH: M 5 = HAIL
GRTST 24HR M ON M 6 = FREEZING RAIN OR DRIZZLE
GRTST DEPTH: M ON M 7 = DUSTSTORM OR SANDSTORM:
VSBY 1/2 MILE OR LESS
8 = SMOKE OR HAZE
[NO. OF DAYS WITH] [WEATHER - DAYS WITH] 9 = BLOWING SNOW
X = TORNADO
MAX 32 OR BELOW: 0 0.01 INCH OR MORE: 0
MAX 90 OR ABOVE: 10 0.10 INCH OR MORE: 0
MIN 32 OR BELOW: 0 0.50 INCH OR MORE: 0
MIN 0 OR BELOW: 0 1.00 INCH OR MORE: 0
[HDD (BASE 65) ]
TOTAL THIS MO. 0 CLEAR (SCALE 0-3) 16
DPTR FM NORMAL -12 PTCLDY (SCALE 4-7) 14
TOTAL FM JUL 1 10 CLOUDY (SCALE 8-10) 1
DPTR FM NORMAL -9
[CDD (BASE 65) ]
TOTAL THIS MO. 196
DPTR FM NORMAL 91 [PRESSURE DATA]
TOTAL FM JAN 1 387 HIGHEST SLP M ON M
DPTR FM NORMAL 85 LOWEST SLP 29.56 ON 20
[REMARKS]
#FINAL-08-23#