000
CXUS54 KEPZ 011030
CF6TCS
PRELIMINARY LOCAL CLIMATOLOGICAL DATA (WS FORM: F-6)
STATION: TRUTH OR CONSEQUENCES
MONTH: MAY
YEAR: 2021
LATITUDE: 33 13 N
LONGITUDE: 107 16 W
TEMPERATURE IN F: :PCPN: SNOW: WIND :SUNSHINE: SKY :PK WND
================================================================================
1 2 3 4 5 6A 6B 7 8 9 10 11 12 13 14 15 16 17 18
12Z AVG MX 2MIN
DY MAX MIN AVG DEP HDD CDD WTR SNW DPTH SPD SPD DIR MIN PSBL S-S WX SPD DR
================================================================================
1 84 47 66 1 0 1 0.00 M M 8.9 22 300 M M 0 31 300
2 87 63 75 10 0 10 0.00 M M 12.7 29 260 M M 0 40 260
3 76 54 65 -1 0 0 0.00 M M 9.5 30 330 M M 2 50 330
4 77 47 62 -4 3 0 0.00 M M 9.7 21 200 M M 0 29 20
5 87 53 70 4 0 5 0.00 M M 8.1 20 200 M M 0 27 210
6 89 58 74 7 0 9 0.00 M M 11.8 25 30 M M 1 8 37 20
7 92 61 77 10 0 12 T M M 11.5 31 210 M M 1 8 43 190
8 86 55 71 4 0 6 0.00 M M 9.8 26 260 M M 0 35 260
9 87 53 70 2 0 5 0.00 M M 10.4 29 240 M M 0 40 210
10 86 54 70 2 0 5 0.00 M M 10.8 25 200 M M 0 36 190
11 86 54 70 2 0 5 0.00 M M 9.6 23 260 M M 0 32 30
12 82 51 67 -2 0 2 0.00 M M 13.4 28 30 M M 0 42 20
13 85 54 70 1 0 5 T M M 8.4 25 180 M M 1 38 35 20
14 82 56 69 -1 0 4 T M M 8.9 32 210 M M 1 44 270
15 85 59 72 2 0 7 T M M 8.2 31 310 M M 1 39 310
16 88 55 72 2 0 7 0.00 M M 12.4 29 190 M M 0 40 200
17 81 56 69 -2 0 4 0.00 M M 11.5 29 220 M M 0 40 220
18 80 56 68 -3 0 3 0.00 M M 10.3 20 140 M M 4 29 310
19 88 57 73 2 0 8 0.08 M M 6.6 26 270 M M 4 3 42 280
20 93 53 73 1 0 8 0.00 M M 8.8 28 210 M M 0 43 190
21 81 59 70 -2 0 5 0.00 M M 11.5 26 220 M M 1 39 170
22 91 56 74 2 0 9 T M M 14.6 38 210 M M 1 8 55 220
23 87 60 74 1 0 9 0.00 M M 14.5 25 230 M M 0 37 200
24 90 53 72 -1 0 7 0.00 M M 11.0 23 220 M M 0 36 190
25 90 54 72 -2 0 7 0.00 M M 9.4 28 210 M M 0 36 200
26 90 59 75 1 0 10 0.00 M M 11.7 28 200 M M 0 36 210
27 93 68 81 7 0 16 0.00 M M 10.6 31 210 M M 1 46 210
28 93 63 78 3 0 13 0.00 M M 9.5 23 170 M M 0 33 190
29 94 58 76 1 0 11 0.00 M M 9.2 29 180 M M 0 38 170
30 92 59 76 1 0 11 0.00 M M 10.0 29 170 M M 0 38 180
31 87 63 75 -1 0 10 T M M 11.6 30 80 M M 1 3 50 80
================================================================================
SM 2689 1748 3 214 0.08 M 324.9 M 19
================================================================================
AV 86.7 56.4 10.5 FASTST M M 1 MAX(MPH)
MISC ----> 38 210 55 220
================================================================================
NOTES:
# LAST OF SEVERAL OCCURRENCES
COLUMN 17 PEAK WIND IN M.P.H.
PRELIMINARY LOCAL CLIMATOLOGICAL DATA (WS FORM: F-6) , PAGE 2
STATION: TRUTH OR CONSEQUENCES
MONTH: MAY
YEAR: 2021
LATITUDE: 33 13 N
LONGITUDE: 107 16 W
[TEMPERATURE DATA] [PRECIPITATION DATA] SYMBOLS USED IN COLUMN 16
AVERAGE MONTHLY: 71.6 TOTAL FOR MONTH: 0.08 1 = FOG OR MIST
DPTR FM NORMAL: 1.3 DPTR FM NORMAL: -0.47 2 = FOG REDUCING VISIBILITY
HIGHEST: 94 ON 29 GRTST 24HR 0.08 ON 19-19 TO 1/4 MILE OR LESS
LOWEST: 47 ON 4, 1 3 = THUNDER
SNOW, ICE PELLETS, HAIL 4 = ICE PELLETS
TOTAL MONTH: M 5 = HAIL
GRTST 24HR M ON M 6 = FREEZING RAIN OR DRIZZLE
GRTST DEPTH: M ON M 7 = DUSTSTORM OR SANDSTORM:
VSBY 1/2 MILE OR LESS
8 = SMOKE OR HAZE
[NO. OF DAYS WITH] [WEATHER - DAYS WITH] 9 = BLOWING SNOW
X = TORNADO
MAX 32 OR BELOW: 0 0.01 INCH OR MORE: 1
MAX 90 OR ABOVE: 10 0.10 INCH OR MORE: 0
MIN 32 OR BELOW: 0 0.50 INCH OR MORE: 0
MIN 0 OR BELOW: 0 1.00 INCH OR MORE: 0
[HDD (BASE 65) ]
TOTAL THIS MO. 3 CLEAR (SCALE 0-3) 29
DPTR FM NORMAL -24 PTCLDY (SCALE 4-7) 2
TOTAL FM JUL 1 2773 CLOUDY (SCALE 8-10) 0
DPTR FM NORMAL -263
[CDD (BASE 65) ]
TOTAL THIS MO. 214
DPTR FM NORMAL 23 [PRESSURE DATA]
TOTAL FM JAN 1 256 HIGHEST SLP 30.08 ON 13
DPTR FM NORMAL 29 LOWEST SLP 29.34 ON 2
[REMARKS]
#FINAL-05-21#