000
CXUS54 KFWD 010831
CF6TKI
PRELIMINARY LOCAL CLIMATOLOGICAL DATA (WS FORM: F-6)
STATION: MCKINNEY
MONTH: NOVEMBER
YEAR: 2021
LATITUDE: 33 10 N
LONGITUDE: 96 35 W
TEMPERATURE IN F: :PCPN: SNOW: WIND :SUNSHINE: SKY :PK WND
================================================================================
1 2 3 4 5 6A 6B 7 8 9 10 11 12 13 14 15 16 17 18
12Z AVG MX 2MIN
DY MAX MIN AVG DEP HDD CDD WTR SNW DPTH SPD SPD DIR MIN PSBL S-S WX SPD DR
================================================================================
1 78 49 64 4 1 0 0.00 M M 4.8 15 180 M M 1 20 160
2 58 48 53 -7 12 0 0.82 M M 8.9 16 30 M M 8 1 23 40
3 49 46 48 -11 17 0 0.65 M M 9.1 20 120 M M 10 13 28 110
4 60 41 51 -8 14 0 0.00 M M 3.5 10 60 M M 5 1 14 60
5 61 36 49 -9 16 0 0.00 M M 1.9 8 130 M M 2 12 120
6 66 35 51 -7 14 0 0.00 M M 2.2 9 130 M M 0 20 160
7 73 38 56 -2 9 0 0.00 M M 6.1 14 150 M M 0 1 19 140
8 72 46 59 1 6 0 0.00 M M 8.5 20 170 M M 0 1 24 160
9 76 55 66 9 0 1 0.00 M M 9.1 20 200 M M 0 1 26 200
10 75 60 68 11 0 3 0.79 M M 11.3 28 310 M M 8 13 36 290
11 67 44 56 0 9 0 0.00 M M 7.7 17 340 M M 0 27 340
12 69 39 54 -2 11 0 0.00 M M 8.3 24 340 M M 0 33 340
13 63 34 49 -7 16 0 0.00 M M 4.7 13 140 M M 0 15 210
14 71 40 56 1 9 0 0.00 M M 3.4 13 10 M M 0 16 360
15 79 41 60 5 5 0 0.00 M M 5.2 13 150 M M 0 17 180
16 79 59 69 14 0 4 0.00 M M 16.8 29 190 M M 2 39 180
17 81 54 68 14 0 3 0.00 M M 17.0 28 190 M M 6 37 180
18 62 41 52 -2 13 0 0.00 M M 12.9 24 10 M M 2 37 20
19 60 32 46 -8 19 0 0.00 M M 6.8 20 150 M M 0 25 150
20 71 44 58 5 7 0 0.00 M M 12.3 25 170 M M 0 32 200
21 70 50 60 7 5 0 0.00 M M 10.8 22 360 M M 5 31 10
22 66 39 53 0 12 0 0.00 M M 4.6 10 300 M M 0 15 280
23 70 38 54 2 11 0 0.00 M M 9.6 21 170 M M 0 27 190
24 77 53 65 13 0 0 0.00 M M 13.2 26 190 M M 3 37 190
25 66 34 50 -2 15 0 T M M 13.4 28 340 M M 2 36 330
26 58 28 43 -8 22 0 0.00 M M 5.3 12 180 M M 0 14 170
27 56 37 47 -4 18 0 0.36 M M 6.0 14 190 M M 7 1 17 190
28 66 42 54 3 11 0 T M M 5.9 16 350 M M 2 128 20 360
29 72 36 54 4 11 0 0.00 M M 6.2 15 180 M M 0 19 190
30 75 42 59 9 6 0 0.00 M M 8.3 15 170 M M 0 22 190
================================================================================
SM 2046 1281 289 11 2.62 M 243.8 M 63
================================================================================
AV 68.2 42.7 8.1 FASTST M M 2 MAX(MPH)
MISC ----> 29 190 39 180
================================================================================
NOTES:
# LAST OF SEVERAL OCCURRENCES
COLUMN 17 PEAK WIND IN M.P.H.
PRELIMINARY LOCAL CLIMATOLOGICAL DATA (WS FORM: F-6) , PAGE 2
STATION: MCKINNEY
MONTH: NOVEMBER
YEAR: 2021
LATITUDE: 33 10 N
LONGITUDE: 96 35 W
[TEMPERATURE DATA] [PRECIPITATION DATA] SYMBOLS USED IN COLUMN 16
AVERAGE MONTHLY: 55.5 TOTAL FOR MONTH: 2.62 1 = FOG OR MIST
DPTR FM NORMAL: 0.5 DPTR FM NORMAL: -0.57 2 = FOG REDUCING VISIBILITY
HIGHEST: 81 ON 17 GRTST 24HR 1.47 ON 2- 3 TO 1/4 MILE OR LESS
LOWEST: 28 ON 26 3 = THUNDER
SNOW, ICE PELLETS, HAIL 4 = ICE PELLETS
TOTAL MONTH: M 5 = HAIL
GRTST 24HR M ON M 6 = FREEZING RAIN OR DRIZZLE
GRTST DEPTH: M ON M 7 = DUSTSTORM OR SANDSTORM:
VSBY 1/2 MILE OR LESS
8 = SMOKE OR HAZE
[NO. OF DAYS WITH] [WEATHER - DAYS WITH] 9 = BLOWING SNOW
X = TORNADO
MAX 32 OR BELOW: 0 0.01 INCH OR MORE: 4
MAX 90 OR ABOVE: 0 0.10 INCH OR MORE: 4
MIN 32 OR BELOW: 2 0.50 INCH OR MORE: 3
MIN 0 OR BELOW: 0 1.00 INCH OR MORE: 0
[HDD (BASE 65) ]
TOTAL THIS MO. 289 CLEAR (SCALE 0-3) 22
DPTR FM NORMAL -32 PTCLDY (SCALE 4-7) 5
TOTAL FM JUL 1 320 CLOUDY (SCALE 8-10) 3
DPTR FM NORMAL -95
[CDD (BASE 65) ]
TOTAL THIS MO. 11
DPTR FM NORMAL -9 [PRESSURE DATA]
TOTAL FM JAN 1 2462 HIGHEST SLP 30.53 ON 18
DPTR FM NORMAL -66 LOWEST SLP 29.74 ON 10
[REMARKS]
#FINAL-11-21#