000
CXUS52 KTAE 011502
CLMTLH
CLIMATE REPORT
NATIONAL WEATHER SERVICE TALLAHASSEE FL
1002 AM EST FRI MAR 01 2024
...................................
...THE TALLAHASSEE CLIMATE SUMMARY FOR THE MONTH OF FEBRUARY 2024...
CLIMATE NORMAL PERIOD 1991 TO 2020
CLIMATE RECORD PERIOD 1896 TO 2024
WEATHER OBSERVED NORMAL DEPART LAST YEAR`S
VALUE DATE(S) VALUE FROM VALUE DATE(S)
NORMAL
................................................................
TEMPERATURE (F)
RECORD
HIGH 89 02/28/1948
LOW -2 02/13/1899
HIGHEST 80 02/23 79 1 88 02/28
02/28
LOWEST 29 02/20 26 3 33 02/13
AVG. MAXIMUM 70.7 67.8 2.9 76.1
AVG. MINIMUM 42.4 43.5 -1.1 51.5
MEAN 56.5 55.6 0.9 63.8
DAYS MAX >= 90 0 0.0 0.0 0
DAYS MAX <= 32 0 0.0 0.0 0
DAYS MIN <= 32 3 5.2 -2.2 0
DAYS MIN <= 0 0 0.0 0.0 0
PRECIPITATION (INCHES)
RECORD
MAXIMUM 12.36 2013
MINIMUM 0.45 1911
TOTALS 2.25 4.28 -2.03 3.89
SNOWFALL (INCHES)
RECORDS
TOTAL 2.8 1958
TOTALS 0.0 MM MM 0.0
SINCE 7/1 0.0 MM MM 0.0
DEGREE DAYS
HEATING TOTAL 250 275 -25 116
SINCE 7/1 1069 1268 -199 MM
COOLING TOTAL 11 14 -3 90
SINCE 1/1 32 22 10 MM
................................................................
WIND (MPH)
AVERAGE WIND SPEED 5.7
RESULTANT WIND SPEED/DIRECTION 1/190
HIGHEST WIND SPEED/DIRECTION 33/140 DATE 02/04
HIGHEST GUST SPEED/DIRECTION 46/160 DATE 02/04
SKY COVER
POSSIBLE SUNSHINE (PERCENT) MM
AVERAGE SKY COVER 0.39
NUMBER OF DAYS FAIR 14
NUMBER OF DAYS PC 11
NUMBER OF DAYS CLOUDY 4
AVERAGE RH (PERCENT) 67
WEATHER CONDITIONS. NUMBER OF DAYS WITH
THUNDERSTORM 2 MIXED PRECIP 0
HEAVY RAIN 2 RAIN 1
LIGHT RAIN 8 FREEZING RAIN 0
LT FREEZING RAIN 0 HAIL 0
HEAVY SNOW 0 SNOW 0
LIGHT SNOW 0 SLEET 0
FOG 10 FOG W/VIS <= 1/4 MILE 6
HAZE 2
- INDICATES NEGATIVE NUMBERS.
R INDICATES RECORD WAS SET OR TIED.
MM INDICATES DATA IS MISSING.
T INDICATES TRACE AMOUNT.
$$