000
CXUS51 KCLE 010900
CF6TOL
PRELIMINARY LOCAL CLIMATOLOGICAL DATA (WS FORM: F-6)
STATION: TOLEDO OH
MONTH: NOVEMBER
YEAR: 2022
LATITUDE: 41 35 N
LONGITUDE: 83 48 W
TEMPERATURE IN F: :PCPN: SNOW: WIND :SUNSHINE: SKY :PK WND
================================================================================
1 2 3 4 5 6A 6B 7 8 9 10 11 12 13 14 15 16 17 18
12Z AVG MX 2MIN
DY MAX MIN AVG DEP HDD CDD WTR SNW DPTH SPD SPD DIR MIN PSBL S-S WX SPD DR
================================================================================
1 69 47 58 10 7 0 0.00 0.0 0 5.9 14 250 M M 5 1 17 250
2 69 40 55 7 10 0 0.00 0.0 0 2.2 10 200 M M 0 1 13 200
3 72 41 57 9 8 0 0.00 0.0 0 4.1 13 190 M M 1 128 17 200
4 76 54 65 18 0 0 0.00 0.0 0 9.5 22 180 M M 0 32 190
5 76 56 66 19 0 1 T 0.0 0 14.5 39 210 M M 3 53 220
6 68 42 55 9 10 0 0.00 0.0 0 8.7 21 250 M M 1 27 240
7 61 44 53 7 12 0 0.00 0.0 0 8.5 17 310 M M 0 21 320
8 55 37 46 0 19 0 0.00 0.0 0 8.9 18 60 M M 1 24 50
9 71 33 52 7 13 0 0.00 0.0 0 3.9 12 160 M M 0 1 16 180
10 76 50 63 18 2 0 0.00 0.0 0 7.2 14 200 M M 0 19 170
11 65 41 53 9 12 0 0.00 0.0 0 5.8 23 310 M M 2 29 320
12 41 35 38 -6 27 0 0.16 T 0 10.0 17 270 M M 10 1 22 310
13 42 31 37 -7 28 0 T T 0 8.1 17 270 M M 9 22 270
14 40 32 36 -7 29 0 0.00 0.0 0 2.4 8 140 M M 10 11 200
15 43 31 37 -6 28 0 0.07 T 0 5.8 14 80 M M 10 1 20 100
16 37 33 35 -7 30 0 0.06 0.1 0 12.3 20 240 M M 10 18 23 250
17 35 30 33 -9 32 0 0.01 0.1 T 14.1 26 250 M M 8 18 33 250
18 33 25 29 -13 36 0 T T T 17.9 30 250 M M 10 36 250
19 32 19 26 -15 39 0 T T T 18.1 33 240 M M 6 8 45 220
20 30 18 24 -17 41 0 0.02 0.2 T 11.4 22 250 M M 4 1 28 270
21 49 23 36 -5 29 0 0.00 0.0 0 11.5 31 250 M M 0 39 250
22 54 22 38 -2 27 0 0.00 0.0 0 5.5 20 240 M M 0 24 240
23 59 25 42 2 23 0 0.00 0.0 0 4.1 15 230 M M 0 19 240
24 62 27 45 6 20 0 0.06 0.0 0 4.4 17 230 M M 3 18 24 220
25 53 36 45 6 20 0 T 0.0 0 11.1 21 290 M M 4 1 25 290
26 56 32 44 5 21 0 0.00 0.0 0 6.8 18 240 M M 0 1 24 230
27 48 39 44 6 21 0 1.67 0.0 0 6.3 20 340 M M 9 18 25 340
28 46 39 43 5 22 0 0.00 0.0 0 3.9 13 220 M M 10 17 310
29 57 41 49 11 16 0 T 0.0 0 7.1 17 180 M M 8 18 29 180
30 58 29 44 7 21 0 0.07 0.0 0 20.7 32 260 M M 10 42 250
================================================================================
SM 1633 1052 603 1 2.12 0.4 260.7 M 134
================================================================================
AV 54.4 35.1 8.7 FASTST M M 4 MAX(MPH)
MISC ----> 39 210 53 220
================================================================================
NOTES:
# LAST OF SEVERAL OCCURRENCES
COLUMN 17 PEAK WIND IN M.P.H.
PRELIMINARY LOCAL CLIMATOLOGICAL DATA (WS FORM: F-6) , PAGE 2
STATION: TOLEDO OH
MONTH: NOVEMBER
YEAR: 2022
LATITUDE: 41 35 N
LONGITUDE: 83 48 W
[TEMPERATURE DATA] [PRECIPITATION DATA] SYMBOLS USED IN COLUMN 16
AVERAGE MONTHLY: 44.8 TOTAL FOR MONTH: 2.12 1 = FOG OR MIST
DPTR FM NORMAL: 2.0 DPTR FM NORMAL: -0.53 2 = FOG REDUCING VISIBILITY
HIGHEST: 76 ON 10, 5 GRTST 24HR 1.67 ON 27-27 TO 1/4 MILE OR LESS
LOWEST: 18 ON 20 3 = THUNDER
SNOW, ICE PELLETS, HAIL 4 = ICE PELLETS
TOTAL MONTH: 0.4 INCH 5 = HAIL
GRTST 24HR 0.2 ON 20-20 6 = FREEZING RAIN OR DRIZZLE
GRTST DEPTH: T 7 = DUSTSTORM OR SANDSTORM:
VSBY 1/2 MILE OR LESS
8 = SMOKE OR HAZE
[NO. OF DAYS WITH] [WEATHER - DAYS WITH] 9 = BLOWING SNOW
X = TORNADO
MAX 32 OR BELOW: 2 0.01 INCH OR MORE: 8
MAX 90 OR ABOVE: 0 0.10 INCH OR MORE: 2
MIN 32 OR BELOW: 13 0.50 INCH OR MORE: 1
MIN 0 OR BELOW: 0 1.00 INCH OR MORE: 1
[HDD (BASE 65) ]
TOTAL THIS MO. 603 CLEAR (SCALE 0-3) 15
DPTR FM NORMAL -63 PTCLDY (SCALE 4-7) 5
TOTAL FM JUL 1 999 CLOUDY (SCALE 8-10) 10
DPTR FM NORMAL -83
[CDD (BASE 65) ]
TOTAL THIS MO. 1
DPTR FM NORMAL 0 [PRESSURE DATA]
TOTAL FM JAN 1 1216 HIGHEST SLP 30.71 ON 8
DPTR FM NORMAL 196 LOWEST SLP 29.30 ON 27
[REMARKS]
#FINAL-11-22#