000
CXUS55 KCYS 011011
CF6TOR
PRELIMINARY LOCAL CLIMATOLOGICAL DATA (WS FORM: F-6)
STATION: TORRINGTON WY AIRPORT
MONTH: JULY
YEAR: 2020
LATITUDE: 42 3 N
LONGITUDE: 104 9 W
TEMPERATURE IN F: :PCPN: SNOW: WIND :SUNSHINE: SKY :PK WND
================================================================================
1 2 3 4 5 6A 6B 7 8 9 10 11 12 13 14 15 16 17 18
12Z AVG MX 2MIN
DY MAX MIN AVG DEP HDD CDD WTR SNW DPTH SPD SPD DIR MIN PSBL S-S WX SPD DR
================================================================================
1 91 50 71 -1 0 6 0.00 M M 11.2 28 190 M M 0 37 180
2 99 65 82 10 0 17 0.00 M M 13.6 31 120 M M 2 41 120
3 97 62 80 8 0 15 0.07 M M 13.3 32 130 M M 0 3 44 130
4 95 63 79 7 0 14 0.31 M M 9.4 32 330 M M 1 38 53 330
5 96 58 77 4 0 12 T M M 8.5 40 190 M M 0 3 53 190
6 93 58 76 3 0 11 0.00 M M 8.7 28 180 M M 0 37 180
7 101 60 81 8 0 16 0.00 M M 12.3 33 210 M M 0 38 55 230
8 94 59 77 4 0 12 0.00 M M 7.9 21 210 M M 0 8 28 220
9 90 56 73 -1 0 8 0.00 M M 8.9 21 120 M M 0 8 29 110
10 104 62 83 9 0 18 0.00 M M 11.4 28 280 M M 1 38 290
11 92 58 75 1 0 10 0.00 M M 7.5 18 90 M M 0 27 100
12 99 61 80 6 0 15 0.00 M M 9.8 28 220 M M 0 39 220
13 91 62 77 3 0 12 T M M 8.8 30 150 M M 0 42 160
14 79 58 69 -5 0 4 T M M 12.1 25 40 M M 3 8 33 40
15 83 55 69 -5 0 4 0.02 M M 13.1 37 50 M M 3 48 40
16 93 57 75 1 0 10 0.00 M M 7.8 20 130 M M 0 1 25 140
17 101 61 81 7 0 16 0.00 M M 6.3 17 270 M M 0 26 280
18 92 60 76 1 0 11 0.00 M M 10.0 22 300 M M 1 31 40
19 92 60 76 1 0 11 0.00 M M 11.5 30 40 M M 1 38 41 30
20 89 56 73 -2 0 8 0.00 M M 9.1 26 50 M M 0 38 35 30
21 87 59 73 -2 0 8 T M M 7.6 25 140 M M 2 3 41 100
22 93 55 74 -1 0 9 0.00 M M 10.6 18 120 M M 0 8 26 120
23 100 68 84 9 0 19 0.00 M M 10.8 28 260 M M 1 40 270
24 90 68 79 4 0 14 T M M 9.0 25 300 M M 1 34 290
25 96 64 80 5 0 15 0.00 M M 4.7 20 280 M M 0 26 290
26 82 64 73 -2 0 8 0.00 M M 9.1 18 100 M M 2 8 27 30
27 92 59 76 1 0 11 0.00 M M 8.0 16 130 M M 0 12 21 130
28 92 61 77 2 0 12 T M M 9.6 28 260 M M 0 38 40 240
29 88 54 71 -3 0 6 1.12 M M 8.1 38 300 M M 2 138 65 290
30 77 62 70 -4 0 5 0.28 M M 4.9 14 50 M M 5 1 16 50
31 89 55 72 -2 0 7 0.00 M M 5.6 20 50 M M 0 28 40
================================================================================
SM 2857 1850 0 344 1.80 M 289.2 M 25
================================================================================
AV 92.2 59.7 9.3 FASTST M M 1 MAX(MPH)
MISC ----> # 40 190 # 65 290
================================================================================
NOTES:
# LAST OF SEVERAL OCCURRENCES
COLUMN 17 PEAK WIND IN M.P.H.
PRELIMINARY LOCAL CLIMATOLOGICAL DATA (WS FORM: F-6) , PAGE 2
STATION: TORRINGTON WY AIRPORT
MONTH: JULY
YEAR: 2020
LATITUDE: 42 3 N
LONGITUDE: 104 9 W
[TEMPERATURE DATA] [PRECIPITATION DATA] SYMBOLS USED IN COLUMN 16
AVERAGE MONTHLY: 75.9 TOTAL FOR MONTH: 1.80 1 = FOG OR MIST
DPTR FM NORMAL: 2.0 DPTR FM NORMAL: 0.00 2 = FOG REDUCING VISIBILITY
HIGHEST: 104 ON 10 GRTST 24HR 1.12 ON 29-29 TO 1/4 MILE OR LESS
LOWEST: 50 ON 1 3 = THUNDER
SNOW, ICE PELLETS, HAIL 4 = ICE PELLETS
TOTAL MONTH: M 5 = HAIL
GRTST 24HR M ON M 6 = FREEZING RAIN OR DRIZZLE
GRTST DEPTH: M ON M 7 = DUSTSTORM OR SANDSTORM:
VSBY 1/2 MILE OR LESS
8 = SMOKE OR HAZE
[NO. OF DAYS WITH] [WEATHER - DAYS WITH] 9 = BLOWING SNOW
X = TORNADO
MAX 32 OR BELOW: 0 0.01 INCH OR MORE: 5
MAX 90 OR ABOVE: 23 0.10 INCH OR MORE: 3
MIN 32 OR BELOW: 0 0.50 INCH OR MORE: 1
MIN 0 OR BELOW: 0 1.00 INCH OR MORE: 1
[HDD (BASE 65) ]
TOTAL THIS MO. 0 CLEAR (SCALE 0-3) 29
DPTR FM NORMAL -6 PTCLDY (SCALE 4-7) 2
TOTAL FM JUL 1 0 CLOUDY (SCALE 8-10) 0
DPTR FM NORMAL -6
[CDD (BASE 65) ]
TOTAL THIS MO. 344
DPTR FM NORMAL 62 [PRESSURE DATA]
TOTAL FM JAN 1 546 HIGHEST SLP 30.17 ON 30
DPTR FM NORMAL 130 LOWEST SLP 29.56 ON 7
[REMARKS]
#FINAL-07-20#