000
CXUS52 KTBW 021315
CLMTPA
CLIMATE REPORT
NATIONAL WEATHER SERVICE TAMPA BAY FL
915 AM EDT SUN APR 02 2023
...................................
...THE TAMPA CLIMATE SUMMARY FOR THE MONTH OF MARCH 2023...
CLIMATE NORMAL PERIOD: 1991 TO 2020
CLIMATE RECORD PERIOD: 1890 TO 2023
WEATHER OBSERVED NORMAL DEPART LAST YEAR`S
VALUE DATE(S) VALUE FROM VALUE DATE(S)
NORMAL
................................................................
TEMPERATURE (F)
ALL-TIME MARCH RECORD
HIGH 92 03/30/1907
03/25/1907
LOW 29 03/03/1980
MARCH 2023
HIGHEST 88 03/08 MM MM 89 03/06
03/04
LOWEST 47 03/20 MM MM 41 03/13
03/21
AVG. MAXIMUM 81.2 77.8 3.4 83.5
AVG. MINIMUM 63.5 59.3 4.2 64.4
MEAN 72.3 68.6 3.7 73.9
DAYS MAX >= 90 0 0.0 0.0 0
DAYS MAX <= 32 0 0.0 0.0 0
DAYS MIN <= 32 0 0.0 0.0 0
DAYS MIN <= 0 0 0.0 0.0 0
PRECIPITATION (INCHES)
ALL-TIME MARCH RECORD
MAXIMUM 12.64 1959
MINIMUM T 2020
MARCH 2023
TOTALS 0.35 2.52 -2.17 2.91
DAILY AVG. 0.01 0.08 -0.07 0.09
DAYS >= .01 5 5.9 -0.9 4
DAYS >= .10 1 3.4 -2.4 3
DAYS >= .50 0 1.6 -1.6 2
DAYS >= 1.00 0 0.7 -0.7 2
GREATEST
24 HR. TOTAL 0.19 03/10 TO 03/10
DEGREE DAYS
HEATING TOTAL 22 44 -22 10
SINCE 7/1 266 429 -163 MM
COOLING TOTAL 254 154 100 293
SINCE 1/1 512 296 216 MM
................................................................
WIND (MPH)
AVERAGE WIND SPEED 8.0
HIGHEST WIND SPEED/DIRECTION 28/180 DATE 03/03
HIGHEST GUST SPEED/DIRECTION 39/180 DATE 03/03
SKY COVER
POSSIBLE SUNSHINE (PERCENT) MM
AVERAGE SKY COVER 0.41
NUMBER OF DAYS FAIR 14
NUMBER OF DAYS PC 15
NUMBER OF DAYS CLOUDY 2
AVERAGE RH (PERCENT) 69
WEATHER CONDITIONS. NUMBER OF DAYS WITH
THUNDERSTORM 0 MIXED PRECIP 0
HEAVY RAIN 1 RAIN 1
LIGHT RAIN 5 FREEZING RAIN 0
LT FREEZING RAIN 0 HAIL 0
HEAVY SNOW 0 SNOW 0
LIGHT SNOW 0 SLEET 0
FOG 8 FOG W/VIS <= 1/4 MILE 0
HAZE 2
- INDICATES NEGATIVE NUMBERS.
R INDICATES RECORD WAS SET OR TIED.
MM INDICATES DATA IS MISSING.
T INDICATES TRACE AMOUNT.
$$