000
CXUS52 KTBW 012130
CLMTPA
CLIMATE REPORT
NATIONAL WEATHER SERVICE TAMPA BAY FL
430 PM EST FRI DEC 01 2023
...................................
...THE TAMPA CLIMATE SUMMARY FOR THE MONTH OF NOVEMBER 2023...
CLIMATE NORMAL PERIOD: 1991 TO 2020
CLIMATE RECORD PERIOD: 1890 TO 2023
WEATHER OBSERVED NORMAL DEPART LAST YEAR`S
VALUE DATE(S) VALUE FROM VALUE DATE(S)
NORMAL
................................................................
TEMPERATURE (F)
ALL-TIME NOVEMBER RECORD
HIGH 92 11/04/2015
LOW 23 11/25/1970
NOVEMBER 2023
HIGHEST 88 11/11 MM MM 90 11/02
11/12
LOWEST 44 11/29 MM MM 52 11/18
11/20
AVG. MAXIMUM 78.7 78.9 -0.2 80.1
AVG. MINIMUM 62.2 60.7 1.5 65.2
MEAN 70.4 69.8 0.6 72.6
DAYS MAX >= 90 0 0.1 -0.1 1
DAYS MAX <= 32 0 0.0 0.0 0
DAYS MIN <= 32 0 0.0 0.0 0
DAYS MIN <= 0 0 0.0 0.0 0
PRECIPITATION (INCHES)
ALL-TIME NOVEMBER RECORD
MAXIMUM 6.12 1963
MINIMUM T 1960
NOVEMBER 2023
TOTALS 1.85 1.40 0.45 5.18
DAILY AVG. 0.06 0.05 0.01 0.17
DAYS >= .01 6 4.6 1.4 12
DAYS >= .10 4 2.3 1.7 6
DAYS >= .50 1 0.7 0.3 3
DAYS >= 1.00 1 0.4 0.6 1
GREATEST
24 HR. TOTAL 1.05 11/26 TO 11/26
DEGREE DAYS
HEATING TOTAL 31 34 -3 17
SINCE 7/1 31 39 -8 MM
COOLING TOTAL 200 178 22 254
SINCE 1/1 4428 3826 602 MM
................................................................
WIND (MPH)
AVERAGE WIND SPEED 7.2
HIGHEST WIND SPEED/DIRECTION 22/330 DATE 11/27
HIGHEST GUST SPEED/DIRECTION 34/300 DATE 11/18
SKY COVER
POSSIBLE SUNSHINE (PERCENT) MM
AVERAGE SKY COVER 0.56
NUMBER OF DAYS FAIR 10
NUMBER OF DAYS PC 10
NUMBER OF DAYS CLOUDY 10
AVERAGE RH (PERCENT) 71
WEATHER CONDITIONS. NUMBER OF DAYS WITH
THUNDERSTORM 0 MIXED PRECIP 0
HEAVY RAIN 1 RAIN 3
LIGHT RAIN 10 FREEZING RAIN 0
LT FREEZING RAIN 0 HAIL 0
HEAVY SNOW 0 SNOW 0
LIGHT SNOW 0 SLEET 0
FOG 4 FOG W/VIS <= 1/4 MILE 1
HAZE 1
- INDICATES NEGATIVE NUMBERS.
R INDICATES RECORD WAS SET OR TIED.
MM INDICATES DATA IS MISSING.
T INDICATES TRACE AMOUNT.
$$