000
CXUS55 KLKN 031358
CLMTPH
CLIMATE REPORT
NATIONAL WEATHER SERVICE ELKO, NV
658 AM PDT MON APR 03 2023
...................................
...THE TONOPAH AIRPORT NV CLIMATE SUMMARY FOR THE MONTH OF MARCH 2023...
CLIMATE NORMAL PERIOD 1991 TO 2020
CLIMATE RECORD PERIOD 1954 TO 2023
WEATHER OBSERVED NORMAL DEPART LAST YEAR`S
VALUE DATE(S) VALUE FROM VALUE DATE(S)
NORMAL
................................................................
TEMPERATURE (F)
RECORD
HIGH 79 03/21/2004
03/20/2004
LOW 4 03/02/1971
HIGHEST 58 03/13 71 -13 79 03/25
LOWEST 15 03/02 18 -3 17 03/11
AVG. MAXIMUM 47.0 57.6 -10.6 59.5
AVG. MINIMUM 25.5 30.1 -4.6 30.5
MEAN 36.3 43.8 -7.5 45.0
DAYS MAX >= 90 0 0.0 0.0 0
DAYS MAX <= 32 0 0.1 -0.1 0
DAYS MIN <= 32 25 21.2 3.8 19
DAYS MIN <= 0 0 0.0 0.0 0
PRECIPITATION (INCHES)
RECORD
MAXIMUM 2.38 1978
MINIMUM 0.00 2003
TOTALS 0.82 0.52 0.30 0.23
DAILY AVG. 0.03 0.02 0.01 0.01
DAYS >= .01 8 4.1 3.9 2
DAYS >= .10 4 1.7 2.3 1
DAYS >= .50 0 0.1 -0.1 0
DAYS >= 1.00 0 0.0 0.0 0
GREATEST
24 HR. TOTAL 0.26 03/21 TO 03/22 0.23
DEGREE DAYS
HEATING TOTAL 884 656 228 611
SINCE 7/1 5014 4555 459 MM
COOLING TOTAL 0 0 0 0
SINCE 1/1 0 0 0 MM
................................................................
WIND (MPH)
AVERAGE WIND SPEED 10.4
HIGHEST WIND SPEED/DIRECTION 35/360 DATE 03/01
HIGHEST GUST SPEED/DIRECTION 46/340 DATE 03/01
AVERAGE RH (PERCENT) 60
WEATHER CONDITIONS. NUMBER OF DAYS WITH
THUNDERSTORM 1 MIXED PRECIP 0
HEAVY RAIN 0 RAIN 0
LIGHT RAIN 7 FREEZING RAIN 0
LT FREEZING RAIN 0 HAIL 0
HEAVY SNOW 4 SNOW 6
LIGHT SNOW 8 SLEET 0
FOG 11 FOG W/VIS <= 1/4 MILE 4
HAZE 0
- INDICATES NEGATIVE NUMBERS.
R INDICATES RECORD WAS SET OR TIED.
MM INDICATES DATA IS MISSING.
T INDICATES TRACE AMOUNT.
=====================================================================
...MARCH 2023 IN TONOPAH WAS COLDER AND WETTER THAN NORMAL...
...MARCH 2023 IN TONOPAH WAS THE 3RD COLDEST ON RECORD...
...A RECORD DAILY MAXIMUM RAINFALL OF 0.22 INCHES WAS SET ON
MARCH 29TH...
THE PERIOD OF RECORD FOR THE TONOPAH AIRPORT BEGAN IN 1954 AND THE
CLIMATOLOGICAL NORMAL IS FROM 1991-2020.
$$