000
CXUS56 KSGX 010949
CLMTRM
CLIMATE REPORT
NATIONAL WEATHER SERVICE SAN DIEGO, CA
249 AM PDT SAT JUL 01 2023
...................................
...THE THERMAL AIRPORT CA CLIMATE SUMMARY FOR THE MONTH OF JUNE 2023...
CLIMATE NORMAL PERIOD: 1991 TO 2020
CLIMATE RECORD PERIOD: 1950 TO 2023
WEATHER OBSERVED NORMAL DEPART LAST YEAR`S
VALUE DATE(S) VALUE FROM VALUE DATE(S)
NORMAL
................................................................
TEMPERATURE (F)
RECORD
HIGH 124 06/20/2017
LOW 50 06/05/2011
HIGHEST 111 06/30 104 7 114 06/12
LOWEST 63 06/03 69 -6 58 06/18
06/23
06/21
AVG. MAXIMUM 98.6 103.0 -4.4 106.1
AVG. MINIMUM 69.5 69.1 0.4 70.7
MEAN 84.1 86.1 -2.0 88.4
DAYS MAX >= 90 29 29.1 -0.1 30
DAYS MAX <= 32 0 0.0 0.0 0
DAYS MAX >= 45 30 30
DAYS MAX >= 120 0 0
DAYS MIN <= 32 0 0.0 0.0 0
PRECIPITATION (INCHES)
RECORD
MAXIMUM 0.41 1972
MINIMUM 0.00 2020
TOTALS 0.00R 0.01 -0.01 T
DAILY AVG. 0.00 0.00 -0.00 T
DAYS >= .01 0 0.1 -0.1 0
DAYS >= .10 0 0.0 0.0 0
DAYS >= .50 0 0.0 0.0 0
DAYS >= 1.00 0 0.0 0.0 0
DAYS >= %-5.2F 0 0
DAYS >= %-5.2F 0 0
GREATEST
24 HR. TOTAL 0.00 05/31 TO 05/31 T 06/22 TO 06/22
STORM TOTAL 0.00 0.00
(MM/DD(HH)) MM
DEGREE DAYS
HEATING TOTAL 0 0 0 0
SINCE 7/1 1519 1107 412 MM
COOLING TOTAL 579 632 -53 713
SINCE 1/1 1255 1350 -95 MM
FREEZE DATES
RECORD
EARLIEST 10/30/1971
LATEST 04/10/1999
EARLIEST 11/21 11/21
LATEST 03/04 03/12
................................................................
WIND (MPH)
AVERAGE WIND SPEED 10.7
RESULTANT WIND SPEED/DIRECTION 7/330
HIGHEST WIND SPEED/DIRECTION 29/330 DATE 06/11
HIGHEST GUST SPEED/DIRECTION 37/330 DATE 06/10
SKY COVER
POSSIBLE SUNSHINE (PERCENT) MM
AVERAGE SKY COVER 0.00
NUMBER OF DAYS FAIR 30
NUMBER OF DAYS PC 0
NUMBER OF DAYS CLOUDY 0
AVERAGE RH (PERCENT) 31
WEATHER CONDITIONS. NUMBER OF DAYS WITH
THUNDERSTORM 0 MIXED PRECIP 0
HEAVY RAIN 0 RAIN 0
LIGHT RAIN 0 FREEZING RAIN 0
LT FREEZING RAIN 0 HAIL 0
HEAVY SNOW 0 SNOW 0
LIGHT SNOW 0 SLEET 0
FOG 0 FOG W/VIS <= 1/4 MILE 0
HAZE 28
- INDICATES NEGATIVE NUMBERS.
R INDICATES RECORD WAS SET OR TIED.
MM INDICATES DATA IS MISSING.
T INDICATES TRACE AMOUNT.
$$