000
CXUS54 KTSA 011111
CF6TUL
PRELIMINARY LOCAL CLIMATOLOGICAL DATA (WS FORM: F-6)
STATION: TULSA OKLAHOMA
MONTH: MARCH
YEAR: 2023
LATITUDE: 36 12 N
LONGITUDE: 95 54 W
TEMPERATURE IN F: :PCPN: SNOW: WIND :SUNSHINE: SKY :PK WND
================================================================================
1 2 3 4 5 6A 6B 7 8 9 10 11 12 13 14 15 16 17 18
12Z AVG MX 2MIN
DY MAX MIN AVG DEP HDD CDD WTR SNW DPTH SPD SPD DIR MIN PSBL S-S WX SPD DR
================================================================================
1 65 41 53 6 12 0 0.00 0.0 0 9.4 17 360 M M 8 25 200
2 57 40 49 2 16 0 0.42 0.0 0 10.4 24 90 M M 9 13 39 90
3 59 36 48 0 17 0 0.21 0.0 0 10.5 21 360 M M 7 1 27 350
4 66 37 52 4 13 0 0.00 0.0 0 6.2 13 80 M M 3 22 120
5 77 45 61 13 4 0 0.00 0.0 0 17.1 31 190 M M 7 43 200
6 74 56 65 16 0 0 0.00 0.0 0 11.2 23 190 M M 9 33 190
7 63 45 54 5 11 0 0.36 0.0 0 10.5 20 330 M M 9 13 27 10
8 51 46 49 0 16 0 0.04 0.0 0 6.0 10 320 M M 10 1 14 310
9 55 41 48 -2 17 0 0.17 0.0 0 7.3 17 350 M M 10 123 23 350
10 53 33 43 -7 22 0 0.00 0.0 0 6.2 16 360 M M 7 21 10
11 61 43 52 2 13 0 T 0.0 0 12.7 24 140 M M 10 33 150
12 52 38 45 -6 20 0 0.00 0.0 0 11.0 21 350 M M 8 27 360
13 49 29 39 -12 26 0 0.00 0.0 0 8.4 16 360 M M 5 21 320
14 55 33 44 -7 21 0 0.00 0.0 0 7.1 15 140 M M 6 20 130
15 62 37 50 -2 15 0 0.00 0.0 0 16.1 30 170 M M 6 40 170
16 65 37 51 -1 14 0 0.33 0.0 0 20.0 31 170 M M 9 13 42 180
17 52 30 41 -11 24 0 0.00 0.0 0 10.5 25 340 M M 3 33 330
18 46 27 37 -16 28 0 0.00 0.0 0 13.9 26 330 M M 2 39 310
19 47 20 34 -19 31 0 0.00 0.0 0 5.8 13 150 M M 0 18 150
20 60 34 47 -6 18 0 T 0.0 0 18.2 32 180 M M 7 42 220
21 58 44 51 -3 14 0 0.37 0.0 0 13.6 24 170 M M 10 1 35 150
22 79 58 69 15 0 4 0.00 0.0 0 17.5 26 180 M M 10 37 190
23 73 46 60 6 5 0 1.17 0.0 0 13.5 30 190 M M 10 13 40 210
24 50 43 47 -8 18 0 0.25 0.0 0 9.4 17 40 M M 10 1 29 360
25 64 36 50 -5 15 0 0.00 0.0 0 5.5 23 310 M M 4 12 33 290
26 60 37 49 -6 16 0 0.00 0.0 0 10.2 21 360 M M 5 28 350
27 61 31 46 -10 19 0 0.00 0.0 0 7.8 14 40 M M 3 18 10
28 56 34 45 -11 20 0 0.00 0.0 0 8.2 21 350 M M 5 27 350
29 70 33 52 -4 13 0 0.00 0.0 0 8.8 20 150 M M 5 18 26 160
30 69 55 62 6 3 0 0.39 0.0 0 15.5 25 160 M M 9 13 36 160
31 80 61 71 14 0 6 0.00 0.0 0 19.9 48 240 M M 7 64 240
================================================================================
SM 1889 1226 461 10 3.71 0.0 348.4 M 213
================================================================================
AV 60.9 39.5 11.2 FASTST M M 7 MAX(MPH)
MISC ----> 48 240 64 240
================================================================================
NOTES:
# LAST OF SEVERAL OCCURRENCES
COLUMN 17 PEAK WIND IN M.P.H.
PRELIMINARY LOCAL CLIMATOLOGICAL DATA (WS FORM: F-6) , PAGE 2
STATION: TULSA OKLAHOMA
MONTH: MARCH
YEAR: 2023
LATITUDE: 36 12 N
LONGITUDE: 95 54 W
[TEMPERATURE DATA] [PRECIPITATION DATA] SYMBOLS USED IN COLUMN 16
AVERAGE MONTHLY: 50.2 TOTAL FOR MONTH: 3.71 1 = FOG OR MIST
DPTR FM NORMAL: -1.8 DPTR FM NORMAL: 0.61 2 = FOG REDUCING VISIBILITY
HIGHEST: 80 ON 31 GRTST 24HR 1.42 ON 23-24 TO 1/4 MILE OR LESS
LOWEST: 20 ON 19 3 = THUNDER
SNOW, ICE PELLETS, HAIL 4 = ICE PELLETS
TOTAL MONTH: 0.0 INCH 5 = HAIL
GRTST 24HR 0.0 6 = FREEZING RAIN OR DRIZZLE
GRTST DEPTH: 0 7 = DUSTSTORM OR SANDSTORM:
VSBY 1/2 MILE OR LESS
8 = SMOKE OR HAZE
[NO. OF DAYS WITH] [WEATHER - DAYS WITH] 9 = BLOWING SNOW
X = TORNADO
MAX 32 OR BELOW: 0 0.01 INCH OR MORE: 10
MAX 90 OR ABOVE: 0 0.10 INCH OR MORE: 9
MIN 32 OR BELOW: 5 0.50 INCH OR MORE: 1
MIN 0 OR BELOW: 0 1.00 INCH OR MORE: 1
[HDD (BASE 65) ]
TOTAL THIS MO. 461 CLEAR (SCALE 0-3) 3
DPTR FM NORMAL 43 PTCLDY (SCALE 4-7) 15
TOTAL FM JUL 1 3106 CLOUDY (SCALE 8-10) 13
DPTR FM NORMAL -124
[CDD (BASE 65) ]
TOTAL THIS MO. 10
DPTR FM NORMAL -5 [PRESSURE DATA]
TOTAL FM JAN 1 10 HIGHEST SLP 30.60 ON 19
DPTR FM NORMAL -7 LOWEST SLP 29.39 ON 3
[REMARKS]
#FINAL-03-23#