000
CXUS54 KTSA 011100
CLMTUL
CLIMATE REPORT
NATIONAL WEATHER SERVICE TULSA OK
600 AM CDT MON MAY 01 2023
...................................
...THE TULSA OKLAHOMA CLIMATE SUMMARY FOR THE MONTH OF APRIL 2023...
CLIMATE NORMAL PERIOD 1991 TO 2020
CLIMATE RECORD PERIOD 1882 TO 2023
WEATHER OBSERVED NORMAL DEPART LAST YEAR`S
VALUE DATE(S) VALUE FROM VALUE DATE(S)
NORMAL
................................................................
TEMPERATURE (F)
RECORD
HIGH 102 04/12/1972
LOW 22 04/13/1957
04/02/1936
04/05/1920
HIGHEST 89 04/03 72 17 83 04/12
04/22
LOWEST 33 04/07 49 -16 30 04/09
AVG. MAXIMUM 72.5 72.1 0.4 72.1
AVG. MINIMUM 47.3 49.5 -2.2 49.4
MEAN 59.9 60.8 -0.9 60.8
DAYS MAX >= 90 0 0.4 -0.4 0
DAYS MAX <= 32 0 0.0 0.0 0
DAYS MIN <= 32 0 1.1 -1.1 1
DAYS MIN <= 0 0 0.0 0.0 0
PRECIPITATION (INCHES)
RECORD
MAXIMUM 10.44 2017
MINIMUM 0.34 1989
TOTALS 2.67 4.37 -1.70 2.09
DAILY AVG. 0.09 0.15 -0.06 0.07
DAYS >= .01 5 9.1 -4.1 12
DAYS >= .10 2 6.2 -4.2 6
DAYS >= .50 1 3.1 -2.1 2
DAYS >= 1.00 0 1.4 -1.4 0
GREATEST
24 HR. TOTAL 2.13 04/26 TO 04/27
SNOWFALL (INCHES)
RECORDS
TOTAL 1.7 1957
TOTALS 0.0 0.0 0.0 0.0
SINCE 7/1 2.0 8.7 -6.7 MM
SNOWDEPTH AVG. 0 0
DAYS >= 1.0 0 0.0 0.0 0
GREATEST
SNOW DEPTH 0 0 MM
24 HR TOTAL MM
DEGREE DAYS
HEATING TOTAL 189 179 10 176
SINCE 7/1 3295 3409 -114 MM
COOLING TOTAL 44 53 -9 53
SINCE 1/1 54 70 -16 MM
................................................................
WIND (MPH)
AVERAGE WIND SPEED 10.7
HIGHEST WIND SPEED/DIRECTION 38/170 DATE 04/19
HIGHEST GUST SPEED/DIRECTION 57/180 DATE 04/19
SKY COVER
POSSIBLE SUNSHINE (PERCENT) MM
AVERAGE SKY COVER 0.53
NUMBER OF DAYS FAIR 11
NUMBER OF DAYS PC 11
NUMBER OF DAYS CLOUDY 8
AVERAGE RH (PERCENT) 60
WEATHER CONDITIONS. NUMBER OF DAYS WITH
THUNDERSTORM 4 MIXED PRECIP 0
HEAVY RAIN 1 RAIN 2
LIGHT RAIN 8 FREEZING RAIN 0
LT FREEZING RAIN 0 HAIL 0
HEAVY SNOW 0 SNOW 0
LIGHT SNOW 0 SLEET 0
FOG 5 FOG W/VIS <= 1/4 MILE 0
HAZE 1
- INDICATES NEGATIVE NUMBERS.
R INDICATES RECORD WAS SET OR TIED.
MM INDICATES DATA IS MISSING.
T INDICATES TRACE AMOUNT.
$$