000
CXUS55 KTWC 010855
CF6TUS
PRELIMINARY LOCAL CLIMATOLOGICAL DATA (WS FORM: F-6)
STATION: TUCSON AZ
MONTH: SEPTEMBER
YEAR: 2021
LATITUDE: 32 7 N
LONGITUDE: 110 56 W
TEMPERATURE IN F: :PCPN: SNOW: WIND :SUNSHINE: SKY :PK WND
================================================================================
1 2 3 4 5 6A 6B 7 8 9 10 11 12 13 14 15 16 17 18
12Z AVG MX 2MIN
DY MAX MIN AVG DEP HDD CDD WTR SNW DPTH SPD SPD DIR MIN PSBL S-S WX SPD DR
================================================================================
1 90 70 80 -6 0 15 T M M 5.7 12 270 M M 7 1 19 330
2 94 71 83 -3 0 18 0.00 M M 4.3 14 340 M M 2 20 340
3 97 71 84 -2 0 19 0.00 M M 5.3 15 300 M M 1 20 30
4 100 76 88 2 0 23 T M M 4.0 13 340 M M 2 17 170
5 101 73 87 1 0 22 0.33 M M 6.8 39 140 M M 1 3 49 150
6 98 70 84 -1 0 19 0.00 M M 4.5 14 140 M M 0 16 140
7 98 73 86 1 0 21 0.00 M M 5.0 13 350 M M 0 17 20
8 102 77 90 5 0 25 0.00 M M 5.9 15 140 M M 0 20 150
9 102 77 90 5 0 25 0.00 M M 10.6 18 120 M M 0 29 130
10 102 74 88 4 0 23 0.00 M M 5.4 15 150 M M 0 23 210
11 103 73 88 4 0 23 0.00 M M 4.1 9 140 M M 0 13 80
12 104 71 88 4 0 23 0.00 M M 5.6 13 150 M M 0 20 210
13 104 72 88 4 0 23 0.00 M M 5.0 13 140 M M 0 17 330
14 102 71 87 3 0 22 0.00 M M 6.0 14 330 M M 0 17 330
15 102 69 86 3 0 21 0.00 M M 6.6 14 340 M M 0 19 350
16 101 69 85 2 0 20 0.00 M M 7.5 18 200 M M 0 25 210
17 96 78 87 4 0 22 0.00 M M 3.8 14 160 M M 1 18 180
18 97 72 85 3 0 20 0.02 M M 5.8 22 290 M M 2 30 300
19 97 72 85 3 0 20 0.00 M M 4.8 21 320 M M 1 32 320
20 97 68 83 1 0 18 0.00 M M 5.0 13 290 M M M 23 290
21 98 65 82 1 0 17 0.00 M M 6.2 12 300 M M M 12 300
22 96 67 82 1 0 17 0.00 M M 13.2 24 120 M M M 31 130
23 85 68 77 -4 0 12 0.05 M M 9.6 28 170 M M M 3 38 180
24 90 64 77 -3 0 12 0.00 M M 7.0 17 340 M M M 24 340
25 92 68 80 0 0 15 0.03 M M 5.8 20 250 M M M 3 26 250
26 82 64 73 -7 0 8 0.27 M M 6.6 20 170 M M M 13 26 170
27 83 64 74 -5 0 9 0.00 M M 7.2 14 190 M M 3 18 170
28 89 68 79 0 0 14 0.00 M M 5.9 14 180 M M 3 20 170
29 88 64 76 -3 0 11 0.00 M M 6.8 17 190 M M 1 8 23 170
30 86 63 75 -3 0 10 0.01 M M 6.9 21 330 M M 3 3 27 330
================================================================================
SM 2876 2102 0 547 0.71 M 186.9 M 27
================================================================================
AV 95.9 70.1 6.2 FASTST M M 1 MAX(MPH)
MISC ----> 39 140 49 150
================================================================================
NOTES:
# LAST OF SEVERAL OCCURRENCES
COLUMN 17 PEAK WIND IN M.P.H.
PRELIMINARY LOCAL CLIMATOLOGICAL DATA (WS FORM: F-6) , PAGE 2
STATION: TUCSON AZ
MONTH: SEPTEMBER
YEAR: 2021
LATITUDE: 32 7 N
LONGITUDE: 110 56 W
[TEMPERATURE DATA] [PRECIPITATION DATA] SYMBOLS USED IN COLUMN 16
AVERAGE MONTHLY: 83.0 TOTAL FOR MONTH: 0.71 1 = FOG OR MIST
DPTR FM NORMAL: 0.2 DPTR FM NORMAL: -0.61 2 = FOG REDUCING VISIBILITY
HIGHEST: 104 ON 13,12 GRTST 24HR 0.33 ON 5- 5 TO 1/4 MILE OR LESS
LOWEST: 63 ON 30 3 = THUNDER
SNOW, ICE PELLETS, HAIL 4 = ICE PELLETS
TOTAL MONTH: M 5 = HAIL
GRTST 24HR M ON M 6 = FREEZING RAIN OR DRIZZLE
GRTST DEPTH: M ON M 7 = DUSTSTORM OR SANDSTORM:
VSBY 1/2 MILE OR LESS
8 = SMOKE OR HAZE
[NO. OF DAYS WITH] [WEATHER - DAYS WITH] 9 = BLOWING SNOW
X = TORNADO
MAX 32 OR BELOW: 0 0.01 INCH OR MORE: 6
MAX 90 OR ABOVE: 24 0.10 INCH OR MORE: 2
MIN 32 OR BELOW: 0 0.50 INCH OR MORE: 0
MIN 0 OR BELOW: 0 1.00 INCH OR MORE: 0
[HDD (BASE 65) ]
TOTAL THIS MO. 0 CLEAR (SCALE 0-3) 21
DPTR FM NORMAL 0 PTCLDY (SCALE 4-7) 2
TOTAL FM JUL 1 0 CLOUDY (SCALE 8-10) 7
DPTR FM NORMAL 0
[CDD (BASE 65) ]
TOTAL THIS MO. 547
DPTR FM NORMAL 15 [PRESSURE DATA]
TOTAL FM JAN 1 3293 HIGHEST SLP M ON M
DPTR FM NORMAL 172 LOWEST SLP 29.68 ON 16
[REMARKS]
#FINAL-09-21#