000
CXUS53 KAPX 010830
CF6TVC
PRELIMINARY LOCAL CLIMATOLOGICAL DATA (WS FORM: F-6)
STATION: TRAVERSE CITY MI
MONTH: FEBRUARY
YEAR: 2022
LATITUDE: 44 44 N
LONGITUDE: 85 34 W
TEMPERATURE IN F: :PCPN: SNOW: WIND :SUNSHINE: SKY :PK WND
================================================================================
1 2 3 4 5 6A 6B 7 8 9 10 11 12 13 14 15 16 17 18
12Z AVG MX 2MIN
DY MAX MIN AVG DEP HDD CDD WTR SNW DPTH SPD SPD DIR MIN PSBL S-S WX SPD DR
================================================================================
1 46 27 37 15 28 0 0.00 M M 12.5 21 250 M M 5 33 170
2 31 19 25 3 40 0 T M M 11.5 18 280 M M 8 25 350
3 19 5 12 -10 53 0 T M M 10.4 16 60 M M 8 24 30
4 17 -6 6 -16 59 0 T M M 2.3 9 130 M M 5 8 14 160
5 24 3 14 -8 51 0 T M M 7.3 21 170 M M 8 33 170
6 38 22 30 8 35 0 T M M 8.4 20 190 M M 10 30 180
7 33 20 27 5 38 0 T M M 8.1 15 300 M M 10 168 21 300
8 44 20 32 10 33 0 0.00 M M 6.9 15 180 M M 8 21 180
9 40 30 35 12 30 0 0.02 M M 8.8 20 230 M M 9 18 27 230
10 30 26 28 5 37 0 T M M 9.2 18 210 M M 10 8 27 200
11 41 20 31 8 34 0 0.05 M M 13.0 24 180 M M 10 18 35 170
12 20 7 14 -9 51 0 T M M 9.8 23 330 M M 10 89 34 350
13 15 -3 6 -17 59 0 T M M 3.9 12 10 M M 6 17 40
14 21 -2 10 -13 55 0 T M M 6.0 14 280 M M 8 18 270
15 29 17 23 -1 42 0 0.00 M M 6.5 16 170 M M 9 32 190
16 50 27 39 15 26 0 0.20 M M 10.6 20 210 M M 7 18 32 230
17 32 17 25 1 40 0 T M M 13.4 21 350 M M 10 89 33 350
18 30 15 23 -1 42 0 0.05 M M 13.6 40 280 M M 10 1289 52 280
19 20 12 16 -8 49 0 T M M 19.1 31 320 M M 9 89 46 330
20 47 20 34 9 31 0 T M M 15.2 32 230 M M 5 48 220
21 31 23 27 2 38 0 0.00 M M 11.9 17 90 M M 10 28 40
22 26 17 22 -3 43 0 0.27 M M 10.0 21 60 M M 10 14689 25 60
23 19 14 17 -8 48 0 T M M 10.3 20 10 M M 9 89 31 320
24 25 10 18 -8 47 0 T M M 9.3 18 90 M M 6 26 100
25 22 15 19 -7 46 0 0.03 M M 8.3 17 50 M M 8 9 25 40
26 31 20 26 0 39 0 T M M 12.9 25 230 M M 5 36 260
27 32 20 26 -1 39 0 T M M 11.4 18 320 M M 7 31 260
28 33 17 25 -2 40 0 0.00 M M 6.0 16 120 M M 10 25 170
================================================================================
SM 846 432 1173 0 0.62 M 276.6 M 230
================================================================================
AV 30.2 15.4 9.9 FASTST M M 8 MAX(MPH)
MISC ----> 40 280 52 280
================================================================================
NOTES:
# LAST OF SEVERAL OCCURRENCES
COLUMN 17 PEAK WIND IN M.P.H.
PRELIMINARY LOCAL CLIMATOLOGICAL DATA (WS FORM: F-6) , PAGE 2
STATION: TRAVERSE CITY MI
MONTH: FEBRUARY
YEAR: 2022
LATITUDE: 44 44 N
LONGITUDE: 85 34 W
[TEMPERATURE DATA] [PRECIPITATION DATA] SYMBOLS USED IN COLUMN 16
AVERAGE MONTHLY: 22.8 TOTAL FOR MONTH: 0.62 1 = FOG OR MIST
DPTR FM NORMAL: -1.0 DPTR FM NORMAL: -0.40 2 = FOG REDUCING VISIBILITY
HIGHEST: 50 ON 16 GRTST 24HR 0.27 ON 22-22 TO 1/4 MILE OR LESS
LOWEST: -6 ON 4 3 = THUNDER
SNOW, ICE PELLETS, HAIL 4 = ICE PELLETS
TOTAL MONTH: M 5 = HAIL
GRTST 24HR M ON M 6 = FREEZING RAIN OR DRIZZLE
GRTST DEPTH: M ON M 7 = DUSTSTORM OR SANDSTORM:
VSBY 1/2 MILE OR LESS
8 = SMOKE OR HAZE
[NO. OF DAYS WITH] [WEATHER - DAYS WITH] 9 = BLOWING SNOW
X = TORNADO
MAX 32 OR BELOW: 19 0.01 INCH OR MORE: 6
MAX 90 OR ABOVE: 0 0.10 INCH OR MORE: 2
MIN 32 OR BELOW: 28 0.50 INCH OR MORE: 0
MIN 0 OR BELOW: 3 1.00 INCH OR MORE: 0
[HDD (BASE 65) ]
TOTAL THIS MO. 1173 CLEAR (SCALE 0-3) 0
DPTR FM NORMAL 21 PTCLDY (SCALE 4-7) 13
TOTAL FM JUL 1 4712 CLOUDY (SCALE 8-10) 15
DPTR FM NORMAL -313
[CDD (BASE 65) ]
TOTAL THIS MO. 0
DPTR FM NORMAL 0 [PRESSURE DATA]
TOTAL FM JAN 1 0 HIGHEST SLP 30.60 ON 24
DPTR FM NORMAL 0 LOWEST SLP 29.29 ON 11
[REMARKS]
#FINAL-02-22#